{"id":3385,"date":"2024-06-04T14:35:36","date_gmt":"2024-06-04T12:35:36","guid":{"rendered":"https:\/\/www.ramatsdefoc.org\/projecte\/fireshepherds\/"},"modified":"2024-07-12T16:17:10","modified_gmt":"2024-07-12T14:17:10","slug":"fireshepherds","status":"publish","type":"projecte","link":"https:\/\/www.ramatsdefoc.org\/es\/projecte\/fireshepherds\/","title":{"rendered":"Formaci\u00f3n de ganaderos\/as para la gesti\u00f3n del riesgo de incendios"},"content":{"rendered":"\n<p>En el proyecto <a href=\"https:\/\/www.fireshepherds.eu\/\">FireShepherds<\/a>, a trav\u00e9s de la Fundaci\u00f3n Pau Costa, desarrollamos un m\u00f3dulo de estudio y una propuesta de an\u00e1lisis de competencias, con el objetivo de mejorar la formaci\u00f3n de pastoras\/as en el \u00e1mbito de la gesti\u00f3n del riesgo de incendios mediante la ganader\u00eda extensiva.<\/p>\n\n\n\n<figure class=\"wp-block-embed is-provider-youtube wp-block-embed-youtube\"><div class=\"wp-block-embed__wrapper\">\n<iframe title=\"Fire Shepherds\" width=\"1200\" height=\"675\" data-src=\"https:\/\/www.youtube.com\/embed\/O9tbBY06KQw?feature=oembed\" frameborder=\"0\" allow=\"accelerometer; autoplay; clipboard-write; encrypted-media; gyroscope; picture-in-picture; web-share\" referrerpolicy=\"strict-origin-when-cross-origin\" allowfullscreen src=\"data:image\/svg+xml;base64,PHN2ZyB3aWR0aD0iMSIgaGVpZ2h0PSIxIiB4bWxucz0iaHR0cDovL3d3dy53My5vcmcvMjAwMC9zdmciPjwvc3ZnPg==\" class=\"lazyload\" data-load-mode=\"1\"><\/iframe> \n<\/div><\/figure>\n","protected":false},"featured_media":3077,"template":"","class_list":["post-3385","projecte","type-projecte","status-publish","has-post-thumbnail","hentry","resize-featured-image"],"acf":[],"_links":{"self":[{"href":"https:\/\/www.ramatsdefoc.org\/es\/wp-json\/wp\/v2\/projecte\/3385","targetHints":{"allow":["GET"]}}],"collection":[{"href":"https:\/\/www.ramatsdefoc.org\/es\/wp-json\/wp\/v2\/projecte"}],"about":[{"href":"https:\/\/www.ramatsdefoc.org\/es\/wp-json\/wp\/v2\/types\/projecte"}],"wp:featuredmedia":[{"embeddable":true,"href":"https:\/\/www.ramatsdefoc.org\/es\/wp-json\/wp\/v2\/media\/3077"}],"wp:attachment":[{"href":"https:\/\/www.ramatsdefoc.org\/es\/wp-json\/wp\/v2\/media?parent=3385"}],"curies":[{"name":"wp","href":"https:\/\/api.w.org\/{rel}","templated":true}]}}

Formación de ganaderos/as para la gestión del riesgo de incendios

<p>En el proyecto <a href="https://www.fireshepherds.eu/">FireShepherds</a>, a través de la Fundación Pau Costa, desarrollamos un módulo de estudio y una propuesta de análisis de competencias, con el objetivo de mejorar la formación de pastoras/as en el ámbito de la gestión del riesgo de incendios mediante la ganadería extensiva.</p>



<figure class="wp-block-embed is-provider-youtube wp-block-embed-youtube"><div class="wp-block-embed__wrapper">
<iframe title="Fire Shepherds" width="1200" height="675" data-src="https://www.youtube.com/embed/O9tbBY06KQw?feature=oembed" frameborder="0" allow="accelerometer; autoplay; clipboard-write; encrypted-media; gyroscope; picture-in-picture; web-share" referrerpolicy="strict-origin-when-cross-origin" allowfullscreen src="data:image/svg+xml;base64,PHN2ZyB3aWR0aD0iMSIgaGVpZ2h0PSIxIiB4bWxucz0iaHR0cDovL3d3dy53My5vcmcvMjAwMC9zdmciPjwvc3ZnPg==" class="lazyload" data-load-mode="1"></iframe> 
</div></figure>
