{"id":3149,"date":"2024-05-29T11:15:17","date_gmt":"2024-05-29T09:15:17","guid":{"rendered":"https:\/\/www.ramatsdefoc.org\/ramats-de-foc\/"},"modified":"2025-05-26T15:09:45","modified_gmt":"2025-05-26T13:09:45","slug":"ramats-de-foc","status":"publish","type":"page","link":"https:\/\/www.ramatsdefoc.org\/es\/ramats-de-foc\/","title":{"rendered":"Ramats de Foc"},"content":{"rendered":"<div class=\"gb-container gb-container-f2b1b138\">\n<div class=\"gb-grid-wrapper gb-grid-wrapper-e7861213\">\n<div class=\"gb-grid-column gb-grid-column-7d002659\"><div class=\"gb-container gb-container-7d002659\">\n\n<div class=\"gb-headline gb-headline-fda7c7e9 gb-headline-text gbp-section__tagline\">EL PROyECTo<\/div>\n\n\n<h1 class=\"gb-headline gb-headline-32d3975f gb-headline-text\">Ramats de Foc<\/h1>\n\n\n<div class=\"gb-headline gb-headline-758fd936 gb-headline-text gbp-section__text\">La cuenca Mediterr\u00e1nea en las \u00faltimas d\u00e9cadas se caracteriza por bosques no gestionados, cada vez m\u00e1s vulnerables a los grandes incendios forestales. Estos incendios, agravados por los efectos del cambio clim\u00e1tico, habitualmente superan la capacidad respuesta de los servicios de emergencia y suponen un riesgo  para el conjunto de la sociedad. Los especialistas matizan que \u201cla extinci\u00f3n es la respuesta, pero no la soluci\u00f3n\u201d, y que \u00e9sta pasa por la gesti\u00f3n sostenible de los bosques y de los paisajes forestales. En este sentido, los reba\u00f1os son una herramienta de gesti\u00f3n forestal sostenible.<\/div>\n\n\n\n<div class=\"gb-headline gb-headline-1c9032fc gb-headline-text gbp-section__text\"><\/div>\n\n<\/div><\/div>\n\n<div class=\"gb-grid-column gb-grid-column-a464a15e\"><div class=\"gb-container gb-container-a464a15e\">\n\n<div class=\"gb-headline gb-headline-02ffcde7\"><span class=\"gb-icon\"><svg viewBox=\"0 0 92.8 119.2\" style=\"enable-background:new 0 0 92.8 119.2\" xml:space=\"preserve\"><path d=\"M64.7 118.8c-.6-.2 2.4-3.1 3.6-5.3.5-1 1.3-2.4 1.9-4.3.4-1.3 1.2-3.6 1.2-6.6 0-4.2-1.6-7.4-2.6-9.4s-2.4-4-4-5.7c-3.2-3.5-6.7-6.8-10-10.3-3.8-4.2-7.1-8.7-8.4-14.3-.4-1.5-.8-2.9-.7-4.4.1-.6.2-1.4-.6-1.7-.6-.2-1 .2-1.5.5-9 6.3-15.8 14.6-20.5 24.4-2.6 5.3-4.3 11-3.8 17 .5 5.9 2.1 11.6 6 16.3.4.4.8.8.9 1.4 0 .2 0 .6-.2.8-.3.3-.6.3-1 .1-8.9-5.2-16.4-11.6-20.9-21.2C1 89.4-.4 82.5.8 75.3c.7-4.4 2.4-8.6 4.5-12.6 2.9-5.5 7-10.2 10.9-14.9C21 42 25.6 35.9 28.9 29.1c3.3-6.7 5.1-13.8 5-21.4 0-1.7-.2-3.4-.8-5-.3-.7-.5-1.6.2-2.1.7-.4 1.5-.1 2.1.4 1.2.9 2.5 1.6 3.8 2.3 7.2 4.3 14.4 8.7 20.7 14.3 5 4.4 9.5 9.3 13.7 14.5 4.5 5.5 8.6 11.3 12 17.6 4.6 8.6 7.3 17.7 6.8 27.4-.4 7.5-2.1 14.3-5.2 20.5-2.3 4.5-6 12.1-14.4 17.4-3.1 2-7.5 3.9-8.1 3.8z\"><\/path><\/svg><\/span><\/div>\n\n\n\n<h3 class=\"gb-headline gb-headline-2e883477 gb-headline-text\">La extinci\u00f3n es la respuesta, pero no la soluci\u00f3n.<\/h3>\n\n\n\n<p><\/p>\n\n<\/div><\/div>\n<\/div>\n<\/div>\n\n<div class=\"gb-container gb-container-dc4ae61a alignfull\">\n<div class=\"gb-container gb-container-7b9b0103\">\n<div class=\"gb-grid-wrapper gb-grid-wrapper-36d57773\">\n<div class=\"gb-grid-column gb-grid-column-d8b8ae62\"><div class=\"gb-container gb-container-d8b8ae62\">\n\n<figure class=\"gb-block-image gb-block-image-e1573ee5\"><img decoding=\"async\" width=\"1000\" height=\"635\" class=\"gb-image gb-image-e1573ee5 lazyload\" data-src=\"https:\/\/www.ramatsdefoc.org\/wp-content\/uploads\/2024\/06\/ramat-interior.jpg\" alt=\"\" title=\"ramat-interior\" data-srcset=\"https:\/\/www.ramatsdefoc.org\/wp-content\/uploads\/2024\/06\/ramat-interior.jpg 1000w, https:\/\/www.ramatsdefoc.org\/wp-content\/uploads\/2024\/06\/ramat-interior-300x191.jpg 300w, https:\/\/www.ramatsdefoc.org\/wp-content\/uploads\/2024\/06\/ramat-interior-768x488.jpg 768w\" data-sizes=\"(max-width: 1000px) 100vw, 1000px\" src=\"data:image\/svg+xml;base64,PHN2ZyB3aWR0aD0iMSIgaGVpZ2h0PSIxIiB4bWxucz0iaHR0cDovL3d3dy53My5vcmcvMjAwMC9zdmciPjwvc3ZnPg==\" style=\"--smush-placeholder-width: 1000px; --smush-placeholder-aspect-ratio: 1000\/635;\" \/><\/figure>\n\n\n\n<figure class=\"gb-block-image gb-block-image-82d76f43\"><img decoding=\"async\" width=\"1600\" height=\"1066\" class=\"gb-image gb-image-82d76f43 lazyload\" data-src=\"https:\/\/www.ramatsdefoc.org\/wp-content\/uploads\/2024\/06\/carme-plana.jpg\" alt=\"\" title=\"carme-plana\" data-srcset=\"https:\/\/www.ramatsdefoc.org\/wp-content\/uploads\/2024\/06\/carme-plana.jpg 1600w, https:\/\/www.ramatsdefoc.org\/wp-content\/uploads\/2024\/06\/carme-plana-300x200.jpg 300w, https:\/\/www.ramatsdefoc.org\/wp-content\/uploads\/2024\/06\/carme-plana-1024x682.jpg 1024w, https:\/\/www.ramatsdefoc.org\/wp-content\/uploads\/2024\/06\/carme-plana-768x512.jpg 768w, https:\/\/www.ramatsdefoc.org\/wp-content\/uploads\/2024\/06\/carme-plana-1536x1023.jpg 1536w\" data-sizes=\"(max-width: 1600px) 100vw, 1600px\" src=\"data:image\/svg+xml;base64,PHN2ZyB3aWR0aD0iMSIgaGVpZ2h0PSIxIiB4bWxucz0iaHR0cDovL3d3dy53My5vcmcvMjAwMC9zdmciPjwvc3ZnPg==\" style=\"--smush-placeholder-width: 1600px; --smush-placeholder-aspect-ratio: 1600\/1066;\" \/><\/figure>\n\n<\/div><\/div>\n\n<div class=\"gb-grid-column gb-grid-column-024fb2dd\"><div class=\"gb-container gb-container-024fb2dd\">\n\n<h3 class=\"gb-headline gb-headline-4c482206 gb-headline-text\">La ganader\u00eda extensiva: un servicio a la sociedad<\/h3>\n\n\n\n<div class=\"gb-headline gb-headline-25cfc442 gb-headline-text gbp-section__text\">La ganader\u00eda extensiva es una pr\u00e1ctica tradicional que aporta importantes beneficios a la sociedad como la conservaci\u00f3n del paisaje y la biodiversidad, la gesti\u00f3n del riesgo de incendios, la producci\u00f3n de carne, l\u00e1cteos y lana, y la creaci\u00f3n de dinamismo econ\u00f3mico en el mundo rural. Sin embargo, la presencia de reba\u00f1os es cada vez m\u00e1s escasa. Este hecho, entre otros impactos, comporta la acumulaci\u00f3n de masa vegetal no gestionada, m\u00e1s propensa a los incendios y a su propagaci\u00f3n. Desde \u00abRamats de Foc\u00bb trabajamos para facilitar que los ganaderos y las ganaderas pastoreen en zonas forestales con unos objetivos de gesti\u00f3n del riesgo de incendios definidos, y para que los servicios ecosist\u00e9micos que aportan sean justamente remunerados. <\/div>\n\n<\/div><\/div>\n<\/div>\n<\/div>\n<\/div>\n\n<div class=\"gb-container gb-container-770ff65b alignfull\">\n<div class=\"gb-container gb-container-c5b0b574\">\n<div class=\"gb-grid-wrapper gb-grid-wrapper-03e604a1\">\n<div class=\"gb-grid-column gb-grid-column-96d08513\"><div class=\"gb-container gb-container-96d08513\">\n\n<h3 class=\"wp-block-heading\"><br>Pasto en zonas estrat\u00e9gicas de gesti\u00f3n<\/h3>\n\n\n\n<pre id=\"tw-target-text\" class=\"wp-block-preformatted\">Los ganaderos y ganaderas adheridas a \"Ramats de Foc\" llevan sus reba\u00f1os a pastar en zonas estrat\u00e9gicas definidas por el GRAF (Bomberos de la Generalidad de Catalu\u00f1a) entre otros agentes. Son zonas cartografiadas  donde se considera que es necesario realizar actuaciones de gesti\u00f3n forestal sostenible para cambiar la estructura de la vegetaci\u00f3n y ayudar a hacer frente a los incendios forestales. El mantenimiento de forma continuada y sostenible de estas zonas contribuye a reducir  el potencial de los incendios forestales y dotar de espacios de oportunidad donde los servicios de extinci\u00f3n puedan establecer maniobras de control.<\/pre>\n\n<\/div><\/div>\n\n<div class=\"gb-grid-column gb-grid-column-98db422c\"><div class=\"gb-container gb-container-98db422c\">\n\n<h3 class=\"gb-headline gb-headline-4eaf1e1a gb-headline-text\">Los ganaderos y ganaderas trabajan en zonas forestales con unos objetivos de gesti\u00f3n del riego de incendios definidos.<\/h3>\n\n<\/div><\/div>\n<\/div>\n<\/div>\n<\/div>\n\n<div class=\"gb-container gb-container-2f9c21a3 alignfull\">\n<div class=\"gb-container gb-container-2a86feb4\">\n<div class=\"gb-grid-wrapper gb-grid-wrapper-4a28a41f\">\n<div class=\"gb-grid-column gb-grid-column-ec5081bc\"><div class=\"gb-container gb-container-ec5081bc\">\n\n<h2 class=\"gb-headline gb-headline-eba0a81b gb-headline-text\">El sello \u00abRamats de Foc\u00bb<\/h2>\n\n\n\n<figure class=\"gb-block-image gb-block-image-eeca57b3\"><img decoding=\"async\" width=\"300\" height=\"263\" class=\"gb-image gb-image-eeca57b3 lazyload\" data-src=\"https:\/\/www.ramatsdefoc.org\/wp-content\/uploads\/2024\/05\/logo-ramats-360-300x263.png\" alt=\"\" title=\"logo-ramats-360\" data-srcset=\"https:\/\/www.ramatsdefoc.org\/wp-content\/uploads\/2024\/05\/logo-ramats-360-300x263.png 300w, https:\/\/www.ramatsdefoc.org\/wp-content\/uploads\/2024\/05\/logo-ramats-360.png 360w\" data-sizes=\"(max-width: 300px) 100vw, 300px\" src=\"data:image\/svg+xml;base64,PHN2ZyB3aWR0aD0iMSIgaGVpZ2h0PSIxIiB4bWxucz0iaHR0cDovL3d3dy53My5vcmcvMjAwMC9zdmciPjwvc3ZnPg==\" style=\"--smush-placeholder-width: 300px; --smush-placeholder-aspect-ratio: 300\/263;\" \/><\/figure>\n\n<\/div><\/div>\n\n<div class=\"gb-grid-column gb-grid-column-796bb702\"><div class=\"gb-container gb-container-796bb702\">\n\n<pre id=\"tw-target-text\" class=\"wp-block-preformatted has-base-3-color has-text-color has-link-color wp-elements-94b0d48947e7bc12b6748c267c0f7288\">Los ganaderos y las ganaderas que contribuyen con el pasto de su reba\u00f1o a mantener las zonas estrat\u00e9gicas para la gesti\u00f3n de incendios tienen el reconocimiento a trav\u00e9s del distintivo \"Ramats de Foc\" en sus productos. El objetivo del sello es visibilizar su tarea, valorar y diferenciar sus productos, y hacer part\u00edcipes a los consumidores finales, para que compensen su esfuerzo y valor a\u00f1adido que su tarea supone.  <\/pre>\n\n<\/div><\/div>\n<\/div>\n<\/div>\n<\/div>\n\n<div class=\"gb-container gb-container-acb25fe9 alignfull\">\n<div class=\"gb-container gb-container-7cef30dd\">\n<div class=\"gb-grid-wrapper gb-grid-wrapper-1adbfe50\">\n<div class=\"gb-grid-column gb-grid-column-3c757da1\"><div class=\"gb-container gb-container-3c757da1\">\n<div class=\"gb-container gb-container-85fd73d6\">\n\n<h2 class=\"gb-headline gb-headline-ececa233 gb-headline-text\">Un proyecto integral<\/h2>\n\n\n\n<p class=\"gb-headline gb-headline-02c9af16 gb-headline-text\">El proyecto tienen el objetivo de generar un paisaje m\u00e1s resilientes al fuego y favorecer la continuidad de la actividad ganadera en el territorio, por su doble labor en la producci\u00f3n de productos y de servicios ecosist\u00e9micos. Adem\u00e1s, el proyecto implica y fortalece el v\u00ednculo entre cuerpos de gesti\u00f3n de incendios, ganaderos\/as, propietarios\/as forestales, consumidores\/as y establecimientos locales .<br><\/p>\n\n<\/div>\n\n<div class=\"gb-container gb-container-05b02248\">\n<div class=\"gb-container gb-container-974d177a\">\n\n<p class=\"gb-headline gb-headline-f30bf239 gb-headline-text\"><\/p>\n\n<\/div>\n<\/div>\n<\/div><\/div>\n\n<div class=\"gb-grid-column gb-grid-column-61e91659\"><div class=\"gb-container gb-container-61e91659\">\n\n<figure class=\"wp-block-image size-full is-resized\"><img decoding=\"async\" width=\"1080\" height=\"1080\" data-src=\"https:\/\/www.ramatsdefoc.org\/wp-content\/uploads\/2024\/07\/RdF-infograf-CAST.jpg\" alt=\"\" class=\"wp-image-3733 lazyload\" style=\"--smush-placeholder-width: 1080px; --smush-placeholder-aspect-ratio: 1080\/1080;width:426px;height:auto\" data-srcset=\"https:\/\/www.ramatsdefoc.org\/wp-content\/uploads\/2024\/07\/RdF-infograf-CAST.jpg 1080w, https:\/\/www.ramatsdefoc.org\/wp-content\/uploads\/2024\/07\/RdF-infograf-CAST-300x300.jpg 300w, https:\/\/www.ramatsdefoc.org\/wp-content\/uploads\/2024\/07\/RdF-infograf-CAST-1024x1024.jpg 1024w, https:\/\/www.ramatsdefoc.org\/wp-content\/uploads\/2024\/07\/RdF-infograf-CAST-150x150.jpg 150w, https:\/\/www.ramatsdefoc.org\/wp-content\/uploads\/2024\/07\/RdF-infograf-CAST-768x768.jpg 768w\" data-sizes=\"(max-width: 1080px) 100vw, 1080px\" src=\"data:image\/svg+xml;base64,PHN2ZyB3aWR0aD0iMSIgaGVpZ2h0PSIxIiB4bWxucz0iaHR0cDovL3d3dy53My5vcmcvMjAwMC9zdmciPjwvc3ZnPg==\" \/><\/figure>\n\n<\/div><\/div>\n<\/div>\n<\/div>\n<\/div>\n\n<div class=\"gb-container gb-container-5b7769b3\">\n<div class=\"gb-container gb-container-6ea7de05\"><\/div>\n<\/div>","protected":false},"excerpt":{"rendered":"","protected":false},"author":4,"featured_media":0,"parent":0,"menu_order":0,"comment_status":"closed","ping_status":"closed","template":"","meta":{"_acf_changed":false,"footnotes":""},"class_list":["post-3149","page","type-page","status-publish"],"acf":[],"_links":{"self":[{"href":"https:\/\/www.ramatsdefoc.org\/es\/wp-json\/wp\/v2\/pages\/3149","targetHints":{"allow":["GET"]}}],"collection":[{"href":"https:\/\/www.ramatsdefoc.org\/es\/wp-json\/wp\/v2\/pages"}],"about":[{"href":"https:\/\/www.ramatsdefoc.org\/es\/wp-json\/wp\/v2\/types\/page"}],"author":[{"embeddable":true,"href":"https:\/\/www.ramatsdefoc.org\/es\/wp-json\/wp\/v2\/users\/4"}],"replies":[{"embeddable":true,"href":"https:\/\/www.ramatsdefoc.org\/es\/wp-json\/wp\/v2\/comments?post=3149"}],"version-history":[{"count":12,"href":"https:\/\/www.ramatsdefoc.org\/es\/wp-json\/wp\/v2\/pages\/3149\/revisions"}],"predecessor-version":[{"id":4623,"href":"https:\/\/www.ramatsdefoc.org\/es\/wp-json\/wp\/v2\/pages\/3149\/revisions\/4623"}],"wp:attachment":[{"href":"https:\/\/www.ramatsdefoc.org\/es\/wp-json\/wp\/v2\/media?parent=3149"}],"curies":[{"name":"wp","href":"https:\/\/api.w.org\/{rel}","templated":true}]}}

<div class="gb-container gb-container-f2b1b138">
<div class="gb-grid-wrapper gb-grid-wrapper-e7861213">
<div class="gb-grid-column gb-grid-column-7d002659"><div class="gb-container gb-container-7d002659">

<div class="gb-headline gb-headline-fda7c7e9 gb-headline-text gbp-section__tagline">EL PROyECTo</div>


<h1 class="gb-headline gb-headline-32d3975f gb-headline-text">Ramats de Foc</h1>


<div class="gb-headline gb-headline-758fd936 gb-headline-text gbp-section__text">La cuenca Mediterránea en las últimas décadas se caracteriza por bosques no gestionados, cada vez más vulnerables a los grandes incendios forestales. Estos incendios, agravados por los efectos del cambio climático, habitualmente superan la capacidad respuesta de los servicios de emergencia y suponen un riesgo  para el conjunto de la sociedad. Los especialistas matizan que “la extinción es la respuesta, pero no la solución”, y que ésta pasa por la gestión sostenible de los bosques y de los paisajes forestales. En este sentido, los rebaños son una herramienta de gestión forestal sostenible.</div>



<div class="gb-headline gb-headline-1c9032fc gb-headline-text gbp-section__text"></div>

</div></div>

<div class="gb-grid-column gb-grid-column-a464a15e"><div class="gb-container gb-container-a464a15e">

<div class="gb-headline gb-headline-02ffcde7"><span class="gb-icon"><svg viewBox="0 0 92.8 119.2" style="enable-background:new 0 0 92.8 119.2" xml:space="preserve"><path d="M64.7 118.8c-.6-.2 2.4-3.1 3.6-5.3.5-1 1.3-2.4 1.9-4.3.4-1.3 1.2-3.6 1.2-6.6 0-4.2-1.6-7.4-2.6-9.4s-2.4-4-4-5.7c-3.2-3.5-6.7-6.8-10-10.3-3.8-4.2-7.1-8.7-8.4-14.3-.4-1.5-.8-2.9-.7-4.4.1-.6.2-1.4-.6-1.7-.6-.2-1 .2-1.5.5-9 6.3-15.8 14.6-20.5 24.4-2.6 5.3-4.3 11-3.8 17 .5 5.9 2.1 11.6 6 16.3.4.4.8.8.9 1.4 0 .2 0 .6-.2.8-.3.3-.6.3-1 .1-8.9-5.2-16.4-11.6-20.9-21.2C1 89.4-.4 82.5.8 75.3c.7-4.4 2.4-8.6 4.5-12.6 2.9-5.5 7-10.2 10.9-14.9C21 42 25.6 35.9 28.9 29.1c3.3-6.7 5.1-13.8 5-21.4 0-1.7-.2-3.4-.8-5-.3-.7-.5-1.6.2-2.1.7-.4 1.5-.1 2.1.4 1.2.9 2.5 1.6 3.8 2.3 7.2 4.3 14.4 8.7 20.7 14.3 5 4.4 9.5 9.3 13.7 14.5 4.5 5.5 8.6 11.3 12 17.6 4.6 8.6 7.3 17.7 6.8 27.4-.4 7.5-2.1 14.3-5.2 20.5-2.3 4.5-6 12.1-14.4 17.4-3.1 2-7.5 3.9-8.1 3.8z"></path></svg></span></div>



<h3 class="gb-headline gb-headline-2e883477 gb-headline-text">La extinción es la respuesta, pero no la solución.</h3>



<p></p>

</div></div>
</div>
</div>

<div class="gb-container gb-container-dc4ae61a alignfull">
<div class="gb-container gb-container-7b9b0103">
<div class="gb-grid-wrapper gb-grid-wrapper-36d57773">
<div class="gb-grid-column gb-grid-column-d8b8ae62"><div class="gb-container gb-container-d8b8ae62">

<figure class="gb-block-image gb-block-image-e1573ee5"><img decoding="async" width="1000" height="635" class="gb-image gb-image-e1573ee5 lazyload" data-src="https://www.ramatsdefoc.org/wp-content/uploads/2024/06/ramat-interior.jpg" alt="" title="ramat-interior" data-srcset="https://www.ramatsdefoc.org/wp-content/uploads/2024/06/ramat-interior.jpg 1000w, https://www.ramatsdefoc.org/wp-content/uploads/2024/06/ramat-interior-300x191.jpg 300w, https://www.ramatsdefoc.org/wp-content/uploads/2024/06/ramat-interior-768x488.jpg 768w" data-sizes="(max-width: 1000px) 100vw, 1000px" src="data:image/svg+xml;base64,PHN2ZyB3aWR0aD0iMSIgaGVpZ2h0PSIxIiB4bWxucz0iaHR0cDovL3d3dy53My5vcmcvMjAwMC9zdmciPjwvc3ZnPg==" style="--smush-placeholder-width: 1000px; --smush-placeholder-aspect-ratio: 1000/635;" /></figure>



<figure class="gb-block-image gb-block-image-82d76f43"><img decoding="async" width="1600" height="1066" class="gb-image gb-image-82d76f43 lazyload" data-src="https://www.ramatsdefoc.org/wp-content/uploads/2024/06/carme-plana.jpg" alt="" title="carme-plana" data-srcset="https://www.ramatsdefoc.org/wp-content/uploads/2024/06/carme-plana.jpg 1600w, https://www.ramatsdefoc.org/wp-content/uploads/2024/06/carme-plana-300x200.jpg 300w, https://www.ramatsdefoc.org/wp-content/uploads/2024/06/carme-plana-1024x682.jpg 1024w, https://www.ramatsdefoc.org/wp-content/uploads/2024/06/carme-plana-768x512.jpg 768w, https://www.ramatsdefoc.org/wp-content/uploads/2024/06/carme-plana-1536x1023.jpg 1536w" data-sizes="(max-width: 1600px) 100vw, 1600px" src="data:image/svg+xml;base64,PHN2ZyB3aWR0aD0iMSIgaGVpZ2h0PSIxIiB4bWxucz0iaHR0cDovL3d3dy53My5vcmcvMjAwMC9zdmciPjwvc3ZnPg==" style="--smush-placeholder-width: 1600px; --smush-placeholder-aspect-ratio: 1600/1066;" /></figure>

</div></div>

<div class="gb-grid-column gb-grid-column-024fb2dd"><div class="gb-container gb-container-024fb2dd">

<h3 class="gb-headline gb-headline-4c482206 gb-headline-text">La ganadería extensiva: un servicio a la sociedad</h3>



<div class="gb-headline gb-headline-25cfc442 gb-headline-text gbp-section__text">La ganadería extensiva es una práctica tradicional que aporta importantes beneficios a la sociedad como la conservación del paisaje y la biodiversidad, la gestión del riesgo de incendios, la producción de carne, lácteos y lana, y la creación de dinamismo económico en el mundo rural. Sin embargo, la presencia de rebaños es cada vez más escasa. Este hecho, entre otros impactos, comporta la acumulación de masa vegetal no gestionada, más propensa a los incendios y a su propagación. Desde «Ramats de Foc» trabajamos para facilitar que los ganaderos y las ganaderas pastoreen en zonas forestales con unos objetivos de gestión del riesgo de incendios definidos, y para que los servicios ecosistémicos que aportan sean justamente remunerados. </div>

</div></div>
</div>
</div>
</div>

<div class="gb-container gb-container-770ff65b alignfull">
<div class="gb-container gb-container-c5b0b574">
<div class="gb-grid-wrapper gb-grid-wrapper-03e604a1">
<div class="gb-grid-column gb-grid-column-96d08513"><div class="gb-container gb-container-96d08513">

<h3 class="wp-block-heading"><br>Pasto en zonas estratégicas de gestión</h3>



<pre id="tw-target-text" class="wp-block-preformatted">Los ganaderos y ganaderas adheridas a "Ramats de Foc" llevan sus rebaños a pastar en zonas estratégicas definidas por el GRAF (Bomberos de la Generalidad de Cataluña) entre otros agentes. Son zonas cartografiadas  donde se considera que es necesario realizar actuaciones de gestión forestal sostenible para cambiar la estructura de la vegetación y ayudar a hacer frente a los incendios forestales. El mantenimiento de forma continuada y sostenible de estas zonas contribuye a reducir  el potencial de los incendios forestales y dotar de espacios de oportunidad donde los servicios de extinción puedan establecer maniobras de control.</pre>

</div></div>

<div class="gb-grid-column gb-grid-column-98db422c"><div class="gb-container gb-container-98db422c">

<h3 class="gb-headline gb-headline-4eaf1e1a gb-headline-text">Los ganaderos y ganaderas trabajan en zonas forestales con unos objetivos de gestión del riego de incendios definidos.</h3>

</div></div>
</div>
</div>
</div>

<div class="gb-container gb-container-2f9c21a3 alignfull">
<div class="gb-container gb-container-2a86feb4">
<div class="gb-grid-wrapper gb-grid-wrapper-4a28a41f">
<div class="gb-grid-column gb-grid-column-ec5081bc"><div class="gb-container gb-container-ec5081bc">

<h2 class="gb-headline gb-headline-eba0a81b gb-headline-text">El sello «Ramats de Foc»</h2>



<figure class="gb-block-image gb-block-image-eeca57b3"><img decoding="async" width="300" height="263" class="gb-image gb-image-eeca57b3 lazyload" data-src="https://www.ramatsdefoc.org/wp-content/uploads/2024/05/logo-ramats-360-300x263.png" alt="" title="logo-ramats-360" data-srcset="https://www.ramatsdefoc.org/wp-content/uploads/2024/05/logo-ramats-360-300x263.png 300w, https://www.ramatsdefoc.org/wp-content/uploads/2024/05/logo-ramats-360.png 360w" data-sizes="(max-width: 300px) 100vw, 300px" src="data:image/svg+xml;base64,PHN2ZyB3aWR0aD0iMSIgaGVpZ2h0PSIxIiB4bWxucz0iaHR0cDovL3d3dy53My5vcmcvMjAwMC9zdmciPjwvc3ZnPg==" style="--smush-placeholder-width: 300px; --smush-placeholder-aspect-ratio: 300/263;" /></figure>

</div></div>

<div class="gb-grid-column gb-grid-column-796bb702"><div class="gb-container gb-container-796bb702">

<pre id="tw-target-text" class="wp-block-preformatted has-base-3-color has-text-color has-link-color wp-elements-94b0d48947e7bc12b6748c267c0f7288">Los ganaderos y las ganaderas que contribuyen con el pasto de su rebaño a mantener las zonas estratégicas para la gestión de incendios tienen el reconocimiento a través del distintivo "Ramats de Foc" en sus productos. El objetivo del sello es visibilizar su tarea, valorar y diferenciar sus productos, y hacer partícipes a los consumidores finales, para que compensen su esfuerzo y valor añadido que su tarea supone.  </pre>

</div></div>
</div>
</div>
</div>

<div class="gb-container gb-container-acb25fe9 alignfull">
<div class="gb-container gb-container-7cef30dd">
<div class="gb-grid-wrapper gb-grid-wrapper-1adbfe50">
<div class="gb-grid-column gb-grid-column-3c757da1"><div class="gb-container gb-container-3c757da1">
<div class="gb-container gb-container-85fd73d6">

<h2 class="gb-headline gb-headline-ececa233 gb-headline-text">Un proyecto integral</h2>



<p class="gb-headline gb-headline-02c9af16 gb-headline-text">El proyecto tienen el objetivo de generar un paisaje más resilientes al fuego y favorecer la continuidad de la actividad ganadera en el territorio, por su doble labor en la producción de productos y de servicios ecosistémicos. Además, el proyecto implica y fortalece el vínculo entre cuerpos de gestión de incendios, ganaderos/as, propietarios/as forestales, consumidores/as y establecimientos locales .<br></p>

</div>

<div class="gb-container gb-container-05b02248">
<div class="gb-container gb-container-974d177a">

<p class="gb-headline gb-headline-f30bf239 gb-headline-text"></p>

</div>
</div>
</div></div>

<div class="gb-grid-column gb-grid-column-61e91659"><div class="gb-container gb-container-61e91659">

<figure class="wp-block-image size-full is-resized"><img decoding="async" width="1080" height="1080" data-src="https://www.ramatsdefoc.org/wp-content/uploads/2024/07/RdF-infograf-CAST.jpg" alt="" class="wp-image-3733 lazyload" style="--smush-placeholder-width: 1080px; --smush-placeholder-aspect-ratio: 1080/1080;width:426px;height:auto" data-srcset="https://www.ramatsdefoc.org/wp-content/uploads/2024/07/RdF-infograf-CAST.jpg 1080w, https://www.ramatsdefoc.org/wp-content/uploads/2024/07/RdF-infograf-CAST-300x300.jpg 300w, https://www.ramatsdefoc.org/wp-content/uploads/2024/07/RdF-infograf-CAST-1024x1024.jpg 1024w, https://www.ramatsdefoc.org/wp-content/uploads/2024/07/RdF-infograf-CAST-150x150.jpg 150w, https://www.ramatsdefoc.org/wp-content/uploads/2024/07/RdF-infograf-CAST-768x768.jpg 768w" data-sizes="(max-width: 1080px) 100vw, 1080px" src="data:image/svg+xml;base64,PHN2ZyB3aWR0aD0iMSIgaGVpZ2h0PSIxIiB4bWxucz0iaHR0cDovL3d3dy53My5vcmcvMjAwMC9zdmciPjwvc3ZnPg==" /></figure>

</div></div>
</div>
</div>
</div>

<div class="gb-container gb-container-5b7769b3">
<div class="gb-container gb-container-6ea7de05"></div>
</div>
