{"id":5406,"date":"2025-11-26T13:04:20","date_gmt":"2025-11-26T11:04:20","guid":{"rendered":"https:\/\/www.ramatsdefoc.org\/fitxa_cataleg\/jordi-i-gemma-pla-ovi\/"},"modified":"2026-04-01T08:11:24","modified_gmt":"2026-04-01T06:11:24","slug":"jordi-i-gemma-pla-ovi","status":"publish","type":"fitxa_cataleg","link":"https:\/\/www.ramatsdefoc.org\/es\/fitxa_cataleg\/jordi-i-gemma-pla-ovi\/","title":{"rendered":"Jordi y Gemma de Pla Ov\u00ed"},"content":{"rendered":"\n<p>Pla Ov\u00ed es una joven explotaci\u00f3n de ovino en extensivo de Algerri (La Noguera). Nace como complemento de la empresa agr\u00edcola familiar, aprovechando los excedentes de los cultivos y contribuyendo a cerrar el ciclo de la tierra. El reba\u00f1o pastorea diariamente por el t\u00e9rmino, incluyendo zonas ZEPA y el espacio natural de la Serra Llarga, aliment\u00e1ndose de restos de cultivo, leguminosas y vegetaci\u00f3n espont\u00e1nea.<\/p>\n\n\n\n<p>Apostamos por la venta directa y por una ganader\u00eda sostenible que cuida el territorio y aprovecha la diversidad de paisajes del municipio.<\/p>\n\n\n\n<div class=\"wp-block-columns is-layout-flex wp-container-core-columns-is-layout-9d6595d7 wp-block-columns-is-layout-flex\">\n<div class=\"wp-block-column is-layout-flow wp-block-column-is-layout-flow\">\n<figure class=\"wp-block-image size-large\"><img decoding=\"async\" width=\"1024\" height=\"575\" data-src=\"https:\/\/www.ramatsdefoc.org\/wp-content\/uploads\/2025\/11\/IMG_8865-1024x575.jpg\" alt=\"\" class=\"wp-image-5205 lazyload\" data-srcset=\"https:\/\/www.ramatsdefoc.org\/wp-content\/uploads\/2025\/11\/IMG_8865-1024x575.jpg 1024w, https:\/\/www.ramatsdefoc.org\/wp-content\/uploads\/2025\/11\/IMG_8865-300x168.jpg 300w, https:\/\/www.ramatsdefoc.org\/wp-content\/uploads\/2025\/11\/IMG_8865-768x431.jpg 768w, https:\/\/www.ramatsdefoc.org\/wp-content\/uploads\/2025\/11\/IMG_8865-1536x863.jpg 1536w, https:\/\/www.ramatsdefoc.org\/wp-content\/uploads\/2025\/11\/IMG_8865-scaled.jpg 2048w\" data-sizes=\"(max-width: 1024px) 100vw, 1024px\" src=\"data:image\/svg+xml;base64,PHN2ZyB3aWR0aD0iMSIgaGVpZ2h0PSIxIiB4bWxucz0iaHR0cDovL3d3dy53My5vcmcvMjAwMC9zdmciPjwvc3ZnPg==\" style=\"--smush-placeholder-width: 1024px; --smush-placeholder-aspect-ratio: 1024\/575;\" \/><\/figure>\n<\/div>\n\n\n\n<div class=\"wp-block-column is-layout-flow wp-block-column-is-layout-flow\">\n<figure class=\"wp-block-image size-large\"><img decoding=\"async\" width=\"1024\" height=\"575\" data-src=\"https:\/\/www.ramatsdefoc.org\/wp-content\/uploads\/2025\/11\/Copia-de-IMG_8843-1024x575.jpg\" alt=\"\" class=\"wp-image-5208 lazyload\" data-srcset=\"https:\/\/www.ramatsdefoc.org\/wp-content\/uploads\/2025\/11\/Copia-de-IMG_8843-1024x575.jpg 1024w, https:\/\/www.ramatsdefoc.org\/wp-content\/uploads\/2025\/11\/Copia-de-IMG_8843-300x168.jpg 300w, https:\/\/www.ramatsdefoc.org\/wp-content\/uploads\/2025\/11\/Copia-de-IMG_8843-768x431.jpg 768w, https:\/\/www.ramatsdefoc.org\/wp-content\/uploads\/2025\/11\/Copia-de-IMG_8843-1536x863.jpg 1536w, https:\/\/www.ramatsdefoc.org\/wp-content\/uploads\/2025\/11\/Copia-de-IMG_8843-scaled.jpg 2048w\" data-sizes=\"(max-width: 1024px) 100vw, 1024px\" src=\"data:image\/svg+xml;base64,PHN2ZyB3aWR0aD0iMSIgaGVpZ2h0PSIxIiB4bWxucz0iaHR0cDovL3d3dy53My5vcmcvMjAwMC9zdmciPjwvc3ZnPg==\" style=\"--smush-placeholder-width: 1024px; --smush-placeholder-aspect-ratio: 1024\/575;\" \/><\/figure>\n<\/div>\n<\/div>\n","protected":false},"featured_media":5213,"template":"","activitat":[179,177],"producte":[183],"class_list":["post-5406","fitxa_cataleg","type-fitxa_cataleg","status-publish","has-post-thumbnail","hentry","activitat-carniceria","activitat-ganadero-a","producte-cordero","resize-featured-image"],"acf":{"localitat":"Algerri ","comarca":"Noguera","certificacio_ecologica":"no","telefon":"687713788","email":"plaovialgerri@gmail.com","pagina_web":"https:\/\/www.plaovi.cat\/ca\/","ramat":"400 ovejas aragonesas","venta_directa":"","relacio_proveidors":null,"tipus_establiment":[],"productes":[]},"_links":{"self":[{"href":"https:\/\/www.ramatsdefoc.org\/es\/wp-json\/wp\/v2\/fitxa_cataleg\/5406","targetHints":{"allow":["GET"]}}],"collection":[{"href":"https:\/\/www.ramatsdefoc.org\/es\/wp-json\/wp\/v2\/fitxa_cataleg"}],"about":[{"href":"https:\/\/www.ramatsdefoc.org\/es\/wp-json\/wp\/v2\/types\/fitxa_cataleg"}],"wp:featuredmedia":[{"embeddable":true,"href":"https:\/\/www.ramatsdefoc.org\/es\/wp-json\/wp\/v2\/media\/5213"}],"wp:attachment":[{"href":"https:\/\/www.ramatsdefoc.org\/es\/wp-json\/wp\/v2\/media?parent=5406"}],"wp:term":[{"taxonomy":"activitat","embeddable":true,"href":"https:\/\/www.ramatsdefoc.org\/es\/wp-json\/wp\/v2\/activitat?post=5406"},{"taxonomy":"producte","embeddable":true,"href":"https:\/\/www.ramatsdefoc.org\/es\/wp-json\/wp\/v2\/producte?post=5406"}],"curies":[{"name":"wp","href":"https:\/\/api.w.org\/{rel}","templated":true}]}}

Jordi y Gemma de Pla Oví

<p>Pla Oví es una joven explotación de ovino en extensivo de Algerri (La Noguera). Nace como complemento de la empresa agrícola familiar, aprovechando los excedentes de los cultivos y contribuyendo a cerrar el ciclo de la tierra. El rebaño pastorea diariamente por el término, incluyendo zonas ZEPA y el espacio natural de la Serra Llarga, alimentándose de restos de cultivo, leguminosas y vegetación espontánea.</p>



<p>Apostamos por la venta directa y por una ganadería sostenible que cuida el territorio y aprovecha la diversidad de paisajes del municipio.</p>



<div class="wp-block-columns is-layout-flex wp-container-core-columns-is-layout-9d6595d7 wp-block-columns-is-layout-flex">
<div class="wp-block-column is-layout-flow wp-block-column-is-layout-flow">
<figure class="wp-block-image size-large"><img decoding="async" width="1024" height="575" data-src="https://www.ramatsdefoc.org/wp-content/uploads/2025/11/IMG_8865-1024x575.jpg" alt="" class="wp-image-5205 lazyload" data-srcset="https://www.ramatsdefoc.org/wp-content/uploads/2025/11/IMG_8865-1024x575.jpg 1024w, https://www.ramatsdefoc.org/wp-content/uploads/2025/11/IMG_8865-300x168.jpg 300w, https://www.ramatsdefoc.org/wp-content/uploads/2025/11/IMG_8865-768x431.jpg 768w, https://www.ramatsdefoc.org/wp-content/uploads/2025/11/IMG_8865-1536x863.jpg 1536w, https://www.ramatsdefoc.org/wp-content/uploads/2025/11/IMG_8865-scaled.jpg 2048w" data-sizes="(max-width: 1024px) 100vw, 1024px" src="data:image/svg+xml;base64,PHN2ZyB3aWR0aD0iMSIgaGVpZ2h0PSIxIiB4bWxucz0iaHR0cDovL3d3dy53My5vcmcvMjAwMC9zdmciPjwvc3ZnPg==" style="--smush-placeholder-width: 1024px; --smush-placeholder-aspect-ratio: 1024/575;" /></figure>
</div>



<div class="wp-block-column is-layout-flow wp-block-column-is-layout-flow">
<figure class="wp-block-image size-large"><img decoding="async" width="1024" height="575" data-src="https://www.ramatsdefoc.org/wp-content/uploads/2025/11/Copia-de-IMG_8843-1024x575.jpg" alt="" class="wp-image-5208 lazyload" data-srcset="https://www.ramatsdefoc.org/wp-content/uploads/2025/11/Copia-de-IMG_8843-1024x575.jpg 1024w, https://www.ramatsdefoc.org/wp-content/uploads/2025/11/Copia-de-IMG_8843-300x168.jpg 300w, https://www.ramatsdefoc.org/wp-content/uploads/2025/11/Copia-de-IMG_8843-768x431.jpg 768w, https://www.ramatsdefoc.org/wp-content/uploads/2025/11/Copia-de-IMG_8843-1536x863.jpg 1536w, https://www.ramatsdefoc.org/wp-content/uploads/2025/11/Copia-de-IMG_8843-scaled.jpg 2048w" data-sizes="(max-width: 1024px) 100vw, 1024px" src="data:image/svg+xml;base64,PHN2ZyB3aWR0aD0iMSIgaGVpZ2h0PSIxIiB4bWxucz0iaHR0cDovL3d3dy53My5vcmcvMjAwMC9zdmciPjwvc3ZnPg==" style="--smush-placeholder-width: 1024px; --smush-placeholder-aspect-ratio: 1024/575;" /></figure>
</div>
</div>
