{"id":5228,"date":"2025-11-28T19:53:35","date_gmt":"2025-11-28T17:53:35","guid":{"rendered":"https:\/\/www.ramatsdefoc.org\/fitxa_cataleg\/lluis-mont\/"},"modified":"2026-01-13T12:58:20","modified_gmt":"2026-01-13T10:58:20","slug":"lluis-mont","status":"publish","type":"fitxa_cataleg","link":"https:\/\/www.ramatsdefoc.org\/es\/fitxa_cataleg\/lluis-mont\/","title":{"rendered":"Llu\u00eds Mont"},"content":{"rendered":"\n<p>Llu\u00eds Mont tiene un reba\u00f1o de cabras que pasto por la zona de Portbou y l&#8217;Albera manteniendo de esta manera los bosques de la zona. Tambi\u00e9n gestiona las zonas m\u00e1s bajas con su reba\u00f1o de ovejas que pastan por los campos.<\/p>\n\n\n\n<figure class=\"wp-block-image size-large\"><img decoding=\"async\" width=\"1024\" height=\"575\" data-src=\"https:\/\/www.ramatsdefoc.org\/wp-content\/uploads\/2025\/11\/cabres-Mont-1024x575.jpg\" alt=\"\" class=\"wp-image-5223 lazyload\" data-srcset=\"https:\/\/www.ramatsdefoc.org\/wp-content\/uploads\/2025\/11\/cabres-Mont-1024x575.jpg 1024w, https:\/\/www.ramatsdefoc.org\/wp-content\/uploads\/2025\/11\/cabres-Mont-300x168.jpg 300w, https:\/\/www.ramatsdefoc.org\/wp-content\/uploads\/2025\/11\/cabres-Mont-768x431.jpg 768w, https:\/\/www.ramatsdefoc.org\/wp-content\/uploads\/2025\/11\/cabres-Mont-1536x863.jpg 1536w, https:\/\/www.ramatsdefoc.org\/wp-content\/uploads\/2025\/11\/cabres-Mont-scaled.jpg 2048w\" data-sizes=\"(max-width: 1024px) 100vw, 1024px\" src=\"data:image\/svg+xml;base64,PHN2ZyB3aWR0aD0iMSIgaGVpZ2h0PSIxIiB4bWxucz0iaHR0cDovL3d3dy53My5vcmcvMjAwMC9zdmciPjwvc3ZnPg==\" style=\"--smush-placeholder-width: 1024px; --smush-placeholder-aspect-ratio: 1024\/575;\" \/><\/figure>\n","protected":false},"featured_media":5222,"template":"","activitat":[177],"producte":[185],"class_list":["post-5228","fitxa_cataleg","type-fitxa_cataleg","status-publish","has-post-thumbnail","hentry","activitat-ganadero-a","producte-cabrito","resize-featured-image"],"acf":{"localitat":"Portbou","comarca":"Alt Empord\u00e0","certificacio_ecologica":"no","telefon":"620808443","email":"bufalapalau@gmail.com","pagina_web":"","ramat":"260 cabras de Rasquera y cruzadas","venta_directa":"no","relacio_proveidors":"","tipus_establiment":["ramader"],"productes":[]},"_links":{"self":[{"href":"https:\/\/www.ramatsdefoc.org\/es\/wp-json\/wp\/v2\/fitxa_cataleg\/5228","targetHints":{"allow":["GET"]}}],"collection":[{"href":"https:\/\/www.ramatsdefoc.org\/es\/wp-json\/wp\/v2\/fitxa_cataleg"}],"about":[{"href":"https:\/\/www.ramatsdefoc.org\/es\/wp-json\/wp\/v2\/types\/fitxa_cataleg"}],"wp:featuredmedia":[{"embeddable":true,"href":"https:\/\/www.ramatsdefoc.org\/es\/wp-json\/wp\/v2\/media\/5222"}],"wp:attachment":[{"href":"https:\/\/www.ramatsdefoc.org\/es\/wp-json\/wp\/v2\/media?parent=5228"}],"wp:term":[{"taxonomy":"activitat","embeddable":true,"href":"https:\/\/www.ramatsdefoc.org\/es\/wp-json\/wp\/v2\/activitat?post=5228"},{"taxonomy":"producte","embeddable":true,"href":"https:\/\/www.ramatsdefoc.org\/es\/wp-json\/wp\/v2\/producte?post=5228"}],"curies":[{"name":"wp","href":"https:\/\/api.w.org\/{rel}","templated":true}]}}

Lluís Mont

<p>Lluís Mont tiene un rebaño de cabras que pasto por la zona de Portbou y l&#8217;Albera manteniendo de esta manera los bosques de la zona. También gestiona las zonas más bajas con su rebaño de ovejas que pastan por los campos.</p>



<figure class="wp-block-image size-large"><img decoding="async" width="1024" height="575" data-src="https://www.ramatsdefoc.org/wp-content/uploads/2025/11/cabres-Mont-1024x575.jpg" alt="" class="wp-image-5223 lazyload" data-srcset="https://www.ramatsdefoc.org/wp-content/uploads/2025/11/cabres-Mont-1024x575.jpg 1024w, https://www.ramatsdefoc.org/wp-content/uploads/2025/11/cabres-Mont-300x168.jpg 300w, https://www.ramatsdefoc.org/wp-content/uploads/2025/11/cabres-Mont-768x431.jpg 768w, https://www.ramatsdefoc.org/wp-content/uploads/2025/11/cabres-Mont-1536x863.jpg 1536w, https://www.ramatsdefoc.org/wp-content/uploads/2025/11/cabres-Mont-scaled.jpg 2048w" data-sizes="(max-width: 1024px) 100vw, 1024px" src="data:image/svg+xml;base64,PHN2ZyB3aWR0aD0iMSIgaGVpZ2h0PSIxIiB4bWxucz0iaHR0cDovL3d3dy53My5vcmcvMjAwMC9zdmciPjwvc3ZnPg==" style="--smush-placeholder-width: 1024px; --smush-placeholder-aspect-ratio: 1024/575;" /></figure>

Alt Empordà
