{"id":5194,"date":"2025-11-05T14:12:39","date_gmt":"2025-11-05T12:12:39","guid":{"rendered":"https:\/\/www.ramatsdefoc.org\/fitxa_cataleg\/male-i-mateo-associacio-cabra-catalana\/"},"modified":"2025-11-12T13:36:24","modified_gmt":"2025-11-12T11:36:24","slug":"male-y-mateo-asociacion-cabra-catalana","status":"publish","type":"fitxa_cataleg","link":"https:\/\/www.ramatsdefoc.org\/es\/fitxa_cataleg\/male-y-mateo-asociacion-cabra-catalana\/","title":{"rendered":"Male y Mateo &#8211; Asociaci\u00f3n Cabra Catalana"},"content":{"rendered":"\n<p>Male y Mateo gestionan un reba\u00f1o de 200 cabras catalanas en las faldas del Montsec, donde trabajan para recuperar y conservar esta raza aut\u00f3ctona casi extinguida. El proyecto, nacido dentro de la iniciativa <em>Culturas Encuentradas <\/em>de Slow Food Terres de Lleida, combina la cr\u00eda en extensivo con la gesti\u00f3n del paisaje y la prevenci\u00f3n de incendios, demostrando el valor de una ganader\u00eda arraigada en el territorio que mantiene vivo el patrimonio gen\u00e9tico, cultural y ecol\u00f3gico de Ponent.<\/p>\n\n\n\n<div class=\"wp-block-columns is-layout-flex wp-container-core-columns-is-layout-9d6595d7 wp-block-columns-is-layout-flex\">\n<div class=\"wp-block-column is-layout-flow wp-block-column-is-layout-flow\">\n<figure class=\"wp-block-image size-large\"><img decoding=\"async\" width=\"1024\" height=\"575\" data-src=\"https:\/\/www.ramatsdefoc.org\/wp-content\/uploads\/2025\/11\/IMG_9927-1024x575.jpg\" alt=\"\" class=\"wp-image-5178 lazyload\" data-srcset=\"https:\/\/www.ramatsdefoc.org\/wp-content\/uploads\/2025\/11\/IMG_9927-1024x575.jpg 1024w, https:\/\/www.ramatsdefoc.org\/wp-content\/uploads\/2025\/11\/IMG_9927-300x168.jpg 300w, https:\/\/www.ramatsdefoc.org\/wp-content\/uploads\/2025\/11\/IMG_9927-768x431.jpg 768w, https:\/\/www.ramatsdefoc.org\/wp-content\/uploads\/2025\/11\/IMG_9927-1536x863.jpg 1536w, https:\/\/www.ramatsdefoc.org\/wp-content\/uploads\/2025\/11\/IMG_9927-scaled.jpg 2048w\" data-sizes=\"(max-width: 1024px) 100vw, 1024px\" src=\"data:image\/svg+xml;base64,PHN2ZyB3aWR0aD0iMSIgaGVpZ2h0PSIxIiB4bWxucz0iaHR0cDovL3d3dy53My5vcmcvMjAwMC9zdmciPjwvc3ZnPg==\" style=\"--smush-placeholder-width: 1024px; --smush-placeholder-aspect-ratio: 1024\/575;\" \/><\/figure>\n<\/div>\n\n\n\n<div class=\"wp-block-column is-layout-flow wp-block-column-is-layout-flow\">\n<figure class=\"wp-block-image size-large\"><img decoding=\"async\" width=\"1024\" height=\"575\" data-src=\"https:\/\/www.ramatsdefoc.org\/wp-content\/uploads\/2025\/11\/IMG_9923-1024x575.jpg\" alt=\"\" class=\"wp-image-5181 lazyload\" data-srcset=\"https:\/\/www.ramatsdefoc.org\/wp-content\/uploads\/2025\/11\/IMG_9923-1024x575.jpg 1024w, https:\/\/www.ramatsdefoc.org\/wp-content\/uploads\/2025\/11\/IMG_9923-300x168.jpg 300w, https:\/\/www.ramatsdefoc.org\/wp-content\/uploads\/2025\/11\/IMG_9923-768x431.jpg 768w, https:\/\/www.ramatsdefoc.org\/wp-content\/uploads\/2025\/11\/IMG_9923-1536x863.jpg 1536w, https:\/\/www.ramatsdefoc.org\/wp-content\/uploads\/2025\/11\/IMG_9923-scaled.jpg 2048w\" data-sizes=\"(max-width: 1024px) 100vw, 1024px\" src=\"data:image\/svg+xml;base64,PHN2ZyB3aWR0aD0iMSIgaGVpZ2h0PSIxIiB4bWxucz0iaHR0cDovL3d3dy53My5vcmcvMjAwMC9zdmciPjwvc3ZnPg==\" style=\"--smush-placeholder-width: 1024px; --smush-placeholder-aspect-ratio: 1024\/575;\" \/><\/figure>\n<\/div>\n<\/div>\n\n\n\n<p><br><br><\/p>\n","protected":false},"featured_media":5186,"template":"","activitat":[177],"producte":[185],"class_list":["post-5194","fitxa_cataleg","type-fitxa_cataleg","status-publish","has-post-thumbnail","hentry","activitat-ganadero-a","producte-cabrito","resize-featured-image"],"acf":{"localitat":"Vilanova de Mei\u00e0","comarca":"Noguera","certificacio_ecologica":"no","telefon":"","email":"","pagina_web":"https:\/\/www.culturestrobades.cat\/?page_id=1598","ramat":"200 cabres catalanes","venta_directa":"","relacio_proveidors":null,"tipus_establiment":[],"productes":[]},"_links":{"self":[{"href":"https:\/\/www.ramatsdefoc.org\/es\/wp-json\/wp\/v2\/fitxa_cataleg\/5194","targetHints":{"allow":["GET"]}}],"collection":[{"href":"https:\/\/www.ramatsdefoc.org\/es\/wp-json\/wp\/v2\/fitxa_cataleg"}],"about":[{"href":"https:\/\/www.ramatsdefoc.org\/es\/wp-json\/wp\/v2\/types\/fitxa_cataleg"}],"wp:featuredmedia":[{"embeddable":true,"href":"https:\/\/www.ramatsdefoc.org\/es\/wp-json\/wp\/v2\/media\/5186"}],"wp:attachment":[{"href":"https:\/\/www.ramatsdefoc.org\/es\/wp-json\/wp\/v2\/media?parent=5194"}],"wp:term":[{"taxonomy":"activitat","embeddable":true,"href":"https:\/\/www.ramatsdefoc.org\/es\/wp-json\/wp\/v2\/activitat?post=5194"},{"taxonomy":"producte","embeddable":true,"href":"https:\/\/www.ramatsdefoc.org\/es\/wp-json\/wp\/v2\/producte?post=5194"}],"curies":[{"name":"wp","href":"https:\/\/api.w.org\/{rel}","templated":true}]}}

Male y Mateo &#8211; Asociación Cabra Catalana

<p>Male y Mateo gestionan un rebaño de 200 cabras catalanas en las faldas del Montsec, donde trabajan para recuperar y conservar esta raza autóctona casi extinguida. El proyecto, nacido dentro de la iniciativa <em>Culturas Encuentradas </em>de Slow Food Terres de Lleida, combina la cría en extensivo con la gestión del paisaje y la prevención de incendios, demostrando el valor de una ganadería arraigada en el territorio que mantiene vivo el patrimonio genético, cultural y ecológico de Ponent.</p>



<div class="wp-block-columns is-layout-flex wp-container-core-columns-is-layout-9d6595d7 wp-block-columns-is-layout-flex">
<div class="wp-block-column is-layout-flow wp-block-column-is-layout-flow">
<figure class="wp-block-image size-large"><img decoding="async" width="1024" height="575" data-src="https://www.ramatsdefoc.org/wp-content/uploads/2025/11/IMG_9927-1024x575.jpg" alt="" class="wp-image-5178 lazyload" data-srcset="https://www.ramatsdefoc.org/wp-content/uploads/2025/11/IMG_9927-1024x575.jpg 1024w, https://www.ramatsdefoc.org/wp-content/uploads/2025/11/IMG_9927-300x168.jpg 300w, https://www.ramatsdefoc.org/wp-content/uploads/2025/11/IMG_9927-768x431.jpg 768w, https://www.ramatsdefoc.org/wp-content/uploads/2025/11/IMG_9927-1536x863.jpg 1536w, https://www.ramatsdefoc.org/wp-content/uploads/2025/11/IMG_9927-scaled.jpg 2048w" data-sizes="(max-width: 1024px) 100vw, 1024px" src="data:image/svg+xml;base64,PHN2ZyB3aWR0aD0iMSIgaGVpZ2h0PSIxIiB4bWxucz0iaHR0cDovL3d3dy53My5vcmcvMjAwMC9zdmciPjwvc3ZnPg==" style="--smush-placeholder-width: 1024px; --smush-placeholder-aspect-ratio: 1024/575;" /></figure>
</div>



<div class="wp-block-column is-layout-flow wp-block-column-is-layout-flow">
<figure class="wp-block-image size-large"><img decoding="async" width="1024" height="575" data-src="https://www.ramatsdefoc.org/wp-content/uploads/2025/11/IMG_9923-1024x575.jpg" alt="" class="wp-image-5181 lazyload" data-srcset="https://www.ramatsdefoc.org/wp-content/uploads/2025/11/IMG_9923-1024x575.jpg 1024w, https://www.ramatsdefoc.org/wp-content/uploads/2025/11/IMG_9923-300x168.jpg 300w, https://www.ramatsdefoc.org/wp-content/uploads/2025/11/IMG_9923-768x431.jpg 768w, https://www.ramatsdefoc.org/wp-content/uploads/2025/11/IMG_9923-1536x863.jpg 1536w, https://www.ramatsdefoc.org/wp-content/uploads/2025/11/IMG_9923-scaled.jpg 2048w" data-sizes="(max-width: 1024px) 100vw, 1024px" src="data:image/svg+xml;base64,PHN2ZyB3aWR0aD0iMSIgaGVpZ2h0PSIxIiB4bWxucz0iaHR0cDovL3d3dy53My5vcmcvMjAwMC9zdmciPjwvc3ZnPg==" style="--smush-placeholder-width: 1024px; --smush-placeholder-aspect-ratio: 1024/575;" /></figure>
</div>
</div>



<p><br><br></p>

Vilanova de Meià
