{"id":5060,"date":"2025-11-03T14:41:53","date_gmt":"2025-11-03T12:41:53","guid":{"rendered":"https:\/\/www.ramatsdefoc.org\/?post_type=fitxa_cataleg&#038;p=5060"},"modified":"2025-11-03T14:58:34","modified_gmt":"2025-11-03T12:58:34","slug":"veronica-gutierrez","status":"publish","type":"fitxa_cataleg","link":"https:\/\/www.ramatsdefoc.org\/es\/fitxa_cataleg\/veronica-gutierrez\/","title":{"rendered":"Ver\u00f2nica Guti\u00e9rrez"},"content":{"rendered":"\n<p>L\u2019any 2023, la Ver\u00f2nica i el seu company <a href=\"https:\/\/www.ramatsdefoc.org\/fitxa_cataleg\/david-arenas\/\">David<\/a> van comen\u00e7ar a participar en les proves pilot per a l\u2019avaluaci\u00f3 del pagament per serveis ecosist\u00e8mics mitjan\u00e7ant la pastura amb el seu ramat d&#8217;ovelles. Durant l\u2019experi\u00e8ncia, van constatar que, per les caracter\u00edstiques de la vegetaci\u00f3 i l\u2019estructura del combustible de la zona, la gesti\u00f3 amb bestiar bov\u00ed resultava m\u00e9s eficient i complementaria a la feina que ja estaven fent amb el ramat d&#8217;ov\u00ed.<br>Aix\u00ed \u00e9s com va n\u00e9ixer l\u2019actual ramat de vaca de l\u2019Albera, que avui pastura pels entorns de Rojals, contribuint al manteniment del mosaic agroforestal.<\/p>\n\n\n\n<figure class=\"wp-block-image size-large\"><img decoding=\"async\" width=\"1024\" height=\"575\" data-src=\"https:\/\/www.ramatsdefoc.org\/wp-content\/uploads\/2025\/11\/IMG_9479-1024x575.jpg\" alt=\"\" class=\"wp-image-5061 lazyload\" data-srcset=\"https:\/\/www.ramatsdefoc.org\/wp-content\/uploads\/2025\/11\/IMG_9479-1024x575.jpg 1024w, https:\/\/www.ramatsdefoc.org\/wp-content\/uploads\/2025\/11\/IMG_9479-300x168.jpg 300w, https:\/\/www.ramatsdefoc.org\/wp-content\/uploads\/2025\/11\/IMG_9479-768x431.jpg 768w, https:\/\/www.ramatsdefoc.org\/wp-content\/uploads\/2025\/11\/IMG_9479-1536x863.jpg 1536w, https:\/\/www.ramatsdefoc.org\/wp-content\/uploads\/2025\/11\/IMG_9479-scaled.jpg 2048w\" data-sizes=\"(max-width: 1024px) 100vw, 1024px\" src=\"data:image\/svg+xml;base64,PHN2ZyB3aWR0aD0iMSIgaGVpZ2h0PSIxIiB4bWxucz0iaHR0cDovL3d3dy53My5vcmcvMjAwMC9zdmciPjwvc3ZnPg==\" style=\"--smush-placeholder-width: 1024px; --smush-placeholder-aspect-ratio: 1024\/575;\" \/><\/figure>\n\n\n\n<p><\/p>\n","protected":false},"featured_media":5064,"template":"","activitat":[171],"producte":[163],"class_list":["post-5060","fitxa_cataleg","type-fitxa_cataleg","status-publish","has-post-thumbnail","hentry","activitat-ramader-a","producte-vedella","resize-featured-image"],"acf":{"localitat":"Rojals","comarca":"Conca de Barber\u00e0","certificacio_ecologica":"no","telefon":"","email":"","pagina_web":"","ramat":"45 vaques de l'Albera","venta_directa":"","relacio_proveidors":null,"tipus_establiment":[],"productes":[]},"_links":{"self":[{"href":"https:\/\/www.ramatsdefoc.org\/es\/wp-json\/wp\/v2\/fitxa_cataleg\/5060","targetHints":{"allow":["GET"]}}],"collection":[{"href":"https:\/\/www.ramatsdefoc.org\/es\/wp-json\/wp\/v2\/fitxa_cataleg"}],"about":[{"href":"https:\/\/www.ramatsdefoc.org\/es\/wp-json\/wp\/v2\/types\/fitxa_cataleg"}],"wp:featuredmedia":[{"embeddable":true,"href":"https:\/\/www.ramatsdefoc.org\/es\/wp-json\/wp\/v2\/media\/5064"}],"wp:attachment":[{"href":"https:\/\/www.ramatsdefoc.org\/es\/wp-json\/wp\/v2\/media?parent=5060"}],"wp:term":[{"taxonomy":"activitat","embeddable":true,"href":"https:\/\/www.ramatsdefoc.org\/es\/wp-json\/wp\/v2\/activitat?post=5060"},{"taxonomy":"producte","embeddable":true,"href":"https:\/\/www.ramatsdefoc.org\/es\/wp-json\/wp\/v2\/producte?post=5060"}],"curies":[{"name":"wp","href":"https:\/\/api.w.org\/{rel}","templated":true}]}}

Verònica Gutiérrez

<p>L’any 2023, la Verònica i el seu company <a href="https://www.ramatsdefoc.org/fitxa_cataleg/david-arenas/">David</a> van començar a participar en les proves pilot per a l’avaluació del pagament per serveis ecosistèmics mitjançant la pastura amb el seu ramat d&#8217;ovelles. Durant l’experiència, van constatar que, per les característiques de la vegetació i l’estructura del combustible de la zona, la gestió amb bestiar boví resultava més eficient i complementaria a la feina que ja estaven fent amb el ramat d&#8217;oví.<br>Així és com va néixer l’actual ramat de vaca de l’Albera, que avui pastura pels entorns de Rojals, contribuint al manteniment del mosaic agroforestal.</p>



<figure class="wp-block-image size-large"><img decoding="async" width="1024" height="575" data-src="https://www.ramatsdefoc.org/wp-content/uploads/2025/11/IMG_9479-1024x575.jpg" alt="" class="wp-image-5061 lazyload" data-srcset="https://www.ramatsdefoc.org/wp-content/uploads/2025/11/IMG_9479-1024x575.jpg 1024w, https://www.ramatsdefoc.org/wp-content/uploads/2025/11/IMG_9479-300x168.jpg 300w, https://www.ramatsdefoc.org/wp-content/uploads/2025/11/IMG_9479-768x431.jpg 768w, https://www.ramatsdefoc.org/wp-content/uploads/2025/11/IMG_9479-1536x863.jpg 1536w, https://www.ramatsdefoc.org/wp-content/uploads/2025/11/IMG_9479-scaled.jpg 2048w" data-sizes="(max-width: 1024px) 100vw, 1024px" src="data:image/svg+xml;base64,PHN2ZyB3aWR0aD0iMSIgaGVpZ2h0PSIxIiB4bWxucz0iaHR0cDovL3d3dy53My5vcmcvMjAwMC9zdmciPjwvc3ZnPg==" style="--smush-placeholder-width: 1024px; --smush-placeholder-aspect-ratio: 1024/575;" /></figure>



<p></p>

Conca de Barberà
