{"id":4946,"date":"2025-09-26T16:01:22","date_gmt":"2025-09-26T14:01:22","guid":{"rendered":"https:\/\/www.ramatsdefoc.org\/fitxa_cataleg\/jordi-navarra\/"},"modified":"2025-09-29T12:48:18","modified_gmt":"2025-09-29T10:48:18","slug":"jordi-navarra","status":"publish","type":"fitxa_cataleg","link":"https:\/\/www.ramatsdefoc.org\/es\/fitxa_cataleg\/jordi-navarra\/","title":{"rendered":"Jordi Navarra &#8211; Cal Xinco"},"content":{"rendered":"\n<p>Jordi Navarra es agricultor y ganadero de quinta generaci\u00f3n en el Pallars Juss\u00e0, miembro de la Asociaci\u00f3n Pallaresa de Ganaderos de Ovino y Caprino. Trabaja en r\u00e9gimen extensivo y defiende el pastoreo como herramienta de gesti\u00f3n del mosaico agroforestal y de prevenci\u00f3n de incendios en el Montsec.<\/p>\n\n\n\n<div class=\"wp-block-columns is-layout-flex wp-container-core-columns-is-layout-9d6595d7 wp-block-columns-is-layout-flex\">\n<div class=\"wp-block-column is-layout-flow wp-block-column-is-layout-flow\">\n<figure class=\"wp-block-image size-large\"><img decoding=\"async\" width=\"1024\" height=\"575\" data-src=\"https:\/\/www.ramatsdefoc.org\/wp-content\/uploads\/2025\/09\/IMG_8113-1024x575.jpg\" alt=\"\" class=\"wp-image-4886 lazyload\" data-srcset=\"https:\/\/www.ramatsdefoc.org\/wp-content\/uploads\/2025\/09\/IMG_8113-1024x575.jpg 1024w, https:\/\/www.ramatsdefoc.org\/wp-content\/uploads\/2025\/09\/IMG_8113-300x168.jpg 300w, https:\/\/www.ramatsdefoc.org\/wp-content\/uploads\/2025\/09\/IMG_8113-768x431.jpg 768w, https:\/\/www.ramatsdefoc.org\/wp-content\/uploads\/2025\/09\/IMG_8113-1536x863.jpg 1536w, https:\/\/www.ramatsdefoc.org\/wp-content\/uploads\/2025\/09\/IMG_8113-scaled.jpg 2048w\" data-sizes=\"(max-width: 1024px) 100vw, 1024px\" src=\"data:image\/svg+xml;base64,PHN2ZyB3aWR0aD0iMSIgaGVpZ2h0PSIxIiB4bWxucz0iaHR0cDovL3d3dy53My5vcmcvMjAwMC9zdmciPjwvc3ZnPg==\" style=\"--smush-placeholder-width: 1024px; --smush-placeholder-aspect-ratio: 1024\/575;\" \/><\/figure>\n<\/div>\n\n\n\n<div class=\"wp-block-column is-layout-flow wp-block-column-is-layout-flow\">\n<figure class=\"wp-block-image size-large\"><img decoding=\"async\" width=\"1024\" height=\"575\" data-src=\"https:\/\/www.ramatsdefoc.org\/wp-content\/uploads\/2025\/09\/IMG_8146-1024x575.jpg\" alt=\"\" class=\"wp-image-4883 lazyload\" data-srcset=\"https:\/\/www.ramatsdefoc.org\/wp-content\/uploads\/2025\/09\/IMG_8146-1024x575.jpg 1024w, https:\/\/www.ramatsdefoc.org\/wp-content\/uploads\/2025\/09\/IMG_8146-300x168.jpg 300w, https:\/\/www.ramatsdefoc.org\/wp-content\/uploads\/2025\/09\/IMG_8146-768x431.jpg 768w, https:\/\/www.ramatsdefoc.org\/wp-content\/uploads\/2025\/09\/IMG_8146-1536x863.jpg 1536w, https:\/\/www.ramatsdefoc.org\/wp-content\/uploads\/2025\/09\/IMG_8146-scaled.jpg 2048w\" data-sizes=\"(max-width: 1024px) 100vw, 1024px\" src=\"data:image\/svg+xml;base64,PHN2ZyB3aWR0aD0iMSIgaGVpZ2h0PSIxIiB4bWxucz0iaHR0cDovL3d3dy53My5vcmcvMjAwMC9zdmciPjwvc3ZnPg==\" style=\"--smush-placeholder-width: 1024px; --smush-placeholder-aspect-ratio: 1024\/575;\" \/><\/figure>\n<\/div>\n<\/div>\n","protected":false},"featured_media":4891,"template":"","activitat":[177],"producte":[183],"class_list":["post-4946","fitxa_cataleg","type-fitxa_cataleg","status-publish","has-post-thumbnail","hentry","activitat-ganadero-a","producte-cordero","resize-featured-image"],"acf":{"localitat":"Sant Esteve de la Sarga","comarca":"Pallars Juss\u00e0","certificacio_ecologica":"si","telefon":"","email":"xincose@gmail.com","pagina_web":"","ramat":"700 ovejas xisquetas - 40 cabras","venta_directa":"","relacio_proveidors":null,"tipus_establiment":[],"productes":[]},"_links":{"self":[{"href":"https:\/\/www.ramatsdefoc.org\/es\/wp-json\/wp\/v2\/fitxa_cataleg\/4946","targetHints":{"allow":["GET"]}}],"collection":[{"href":"https:\/\/www.ramatsdefoc.org\/es\/wp-json\/wp\/v2\/fitxa_cataleg"}],"about":[{"href":"https:\/\/www.ramatsdefoc.org\/es\/wp-json\/wp\/v2\/types\/fitxa_cataleg"}],"wp:featuredmedia":[{"embeddable":true,"href":"https:\/\/www.ramatsdefoc.org\/es\/wp-json\/wp\/v2\/media\/4891"}],"wp:attachment":[{"href":"https:\/\/www.ramatsdefoc.org\/es\/wp-json\/wp\/v2\/media?parent=4946"}],"wp:term":[{"taxonomy":"activitat","embeddable":true,"href":"https:\/\/www.ramatsdefoc.org\/es\/wp-json\/wp\/v2\/activitat?post=4946"},{"taxonomy":"producte","embeddable":true,"href":"https:\/\/www.ramatsdefoc.org\/es\/wp-json\/wp\/v2\/producte?post=4946"}],"curies":[{"name":"wp","href":"https:\/\/api.w.org\/{rel}","templated":true}]}}

<p>Jordi Navarra es agricultor y ganadero de quinta generación en el Pallars Jussà, miembro de la Asociación Pallaresa de Ganaderos de Ovino y Caprino. Trabaja en régimen extensivo y defiende el pastoreo como herramienta de gestión del mosaico agroforestal y de prevención de incendios en el Montsec.</p>



<div class="wp-block-columns is-layout-flex wp-container-core-columns-is-layout-9d6595d7 wp-block-columns-is-layout-flex">
<div class="wp-block-column is-layout-flow wp-block-column-is-layout-flow">
<figure class="wp-block-image size-large"><img decoding="async" width="1024" height="575" data-src="https://www.ramatsdefoc.org/wp-content/uploads/2025/09/IMG_8113-1024x575.jpg" alt="" class="wp-image-4886 lazyload" data-srcset="https://www.ramatsdefoc.org/wp-content/uploads/2025/09/IMG_8113-1024x575.jpg 1024w, https://www.ramatsdefoc.org/wp-content/uploads/2025/09/IMG_8113-300x168.jpg 300w, https://www.ramatsdefoc.org/wp-content/uploads/2025/09/IMG_8113-768x431.jpg 768w, https://www.ramatsdefoc.org/wp-content/uploads/2025/09/IMG_8113-1536x863.jpg 1536w, https://www.ramatsdefoc.org/wp-content/uploads/2025/09/IMG_8113-scaled.jpg 2048w" data-sizes="(max-width: 1024px) 100vw, 1024px" src="data:image/svg+xml;base64,PHN2ZyB3aWR0aD0iMSIgaGVpZ2h0PSIxIiB4bWxucz0iaHR0cDovL3d3dy53My5vcmcvMjAwMC9zdmciPjwvc3ZnPg==" style="--smush-placeholder-width: 1024px; --smush-placeholder-aspect-ratio: 1024/575;" /></figure>
</div>



<div class="wp-block-column is-layout-flow wp-block-column-is-layout-flow">
<figure class="wp-block-image size-large"><img decoding="async" width="1024" height="575" data-src="https://www.ramatsdefoc.org/wp-content/uploads/2025/09/IMG_8146-1024x575.jpg" alt="" class="wp-image-4883 lazyload" data-srcset="https://www.ramatsdefoc.org/wp-content/uploads/2025/09/IMG_8146-1024x575.jpg 1024w, https://www.ramatsdefoc.org/wp-content/uploads/2025/09/IMG_8146-300x168.jpg 300w, https://www.ramatsdefoc.org/wp-content/uploads/2025/09/IMG_8146-768x431.jpg 768w, https://www.ramatsdefoc.org/wp-content/uploads/2025/09/IMG_8146-1536x863.jpg 1536w, https://www.ramatsdefoc.org/wp-content/uploads/2025/09/IMG_8146-scaled.jpg 2048w" data-sizes="(max-width: 1024px) 100vw, 1024px" src="data:image/svg+xml;base64,PHN2ZyB3aWR0aD0iMSIgaGVpZ2h0PSIxIiB4bWxucz0iaHR0cDovL3d3dy53My5vcmcvMjAwMC9zdmciPjwvc3ZnPg==" style="--smush-placeholder-width: 1024px; --smush-placeholder-aspect-ratio: 1024/575;" /></figure>
</div>
</div>

Pallars Jussà
