{"id":4641,"date":"2025-05-27T09:49:30","date_gmt":"2025-05-27T07:49:30","guid":{"rendered":"https:\/\/www.ramatsdefoc.org\/fitxa_cataleg\/david-corcoy-de-mas-puigmoli\/"},"modified":"2025-05-27T09:55:44","modified_gmt":"2025-05-27T07:55:44","slug":"david-corcoy-de-mas-puigmoli","status":"publish","type":"fitxa_cataleg","link":"https:\/\/www.ramatsdefoc.org\/es\/fitxa_cataleg\/david-corcoy-de-mas-puigmoli\/","title":{"rendered":"David Corcoy de Mas Puigmol\u00ed"},"content":{"rendered":"\n<p>David pastorea con su reba\u00f1o de 90 cabras y unas 100 ovejas ripollesas por la zona de Santa Pau, contribuyendo a reducir el riesgo de incendios forestales. Tambi\u00e9n vende carne de cordero y cabrito, y est\u00e1 en tr\u00e1mites para obtener la certificaci\u00f3n ecol\u00f3gica.<\/p>\n\n\n\n<figure class=\"gb-block-image gb-block-image-6406af22\"><img decoding=\"async\" width=\"1600\" height=\"1200\" class=\"gb-image gb-image-6406af22 lazyload\" data-src=\"https:\/\/www.ramatsdefoc.org\/wp-content\/uploads\/2025\/05\/WhatsApp-Image-2025-05-26-at-16.24.53.jpeg\" alt=\"\" title=\"WhatsApp Image 2025-05-26 at 16.24.53\" data-srcset=\"https:\/\/www.ramatsdefoc.org\/wp-content\/uploads\/2025\/05\/WhatsApp-Image-2025-05-26-at-16.24.53.jpeg 1600w, https:\/\/www.ramatsdefoc.org\/wp-content\/uploads\/2025\/05\/WhatsApp-Image-2025-05-26-at-16.24.53-300x225.jpeg 300w, https:\/\/www.ramatsdefoc.org\/wp-content\/uploads\/2025\/05\/WhatsApp-Image-2025-05-26-at-16.24.53-1024x768.jpeg 1024w, https:\/\/www.ramatsdefoc.org\/wp-content\/uploads\/2025\/05\/WhatsApp-Image-2025-05-26-at-16.24.53-768x576.jpeg 768w, https:\/\/www.ramatsdefoc.org\/wp-content\/uploads\/2025\/05\/WhatsApp-Image-2025-05-26-at-16.24.53-1536x1152.jpeg 1536w\" data-sizes=\"(max-width: 1600px) 100vw, 1600px\" src=\"data:image\/svg+xml;base64,PHN2ZyB3aWR0aD0iMSIgaGVpZ2h0PSIxIiB4bWxucz0iaHR0cDovL3d3dy53My5vcmcvMjAwMC9zdmciPjwvc3ZnPg==\" style=\"--smush-placeholder-width: 1600px; --smush-placeholder-aspect-ratio: 1600\/1200;\" \/><\/figure>\n","protected":false},"featured_media":4639,"template":"","activitat":[177],"producte":[185,183],"class_list":["post-4641","fitxa_cataleg","type-fitxa_cataleg","status-publish","has-post-thumbnail","hentry","activitat-ganadero-a","producte-cabrito","producte-cordero","resize-featured-image"],"acf":{"localitat":"Santa Pau","comarca":"Garrotxa","certificacio_ecologica":"no","telefon":"659 72 26 34","email":"davidcorcoy@hotmail.com","pagina_web":"https:\/\/maspuigmoli.es\/","ramat":"90 cabres i 110 ovelles ripolleses","venta_directa":"","relacio_proveidors":null,"tipus_establiment":[],"productes":[]},"_links":{"self":[{"href":"https:\/\/www.ramatsdefoc.org\/es\/wp-json\/wp\/v2\/fitxa_cataleg\/4641","targetHints":{"allow":["GET"]}}],"collection":[{"href":"https:\/\/www.ramatsdefoc.org\/es\/wp-json\/wp\/v2\/fitxa_cataleg"}],"about":[{"href":"https:\/\/www.ramatsdefoc.org\/es\/wp-json\/wp\/v2\/types\/fitxa_cataleg"}],"wp:featuredmedia":[{"embeddable":true,"href":"https:\/\/www.ramatsdefoc.org\/es\/wp-json\/wp\/v2\/media\/4639"}],"wp:attachment":[{"href":"https:\/\/www.ramatsdefoc.org\/es\/wp-json\/wp\/v2\/media?parent=4641"}],"wp:term":[{"taxonomy":"activitat","embeddable":true,"href":"https:\/\/www.ramatsdefoc.org\/es\/wp-json\/wp\/v2\/activitat?post=4641"},{"taxonomy":"producte","embeddable":true,"href":"https:\/\/www.ramatsdefoc.org\/es\/wp-json\/wp\/v2\/producte?post=4641"}],"curies":[{"name":"wp","href":"https:\/\/api.w.org\/{rel}","templated":true}]}}

David Corcoy de Mas Puigmolí

<p>David pastorea con su rebaño de 90 cabras y unas 100 ovejas ripollesas por la zona de Santa Pau, contribuyendo a reducir el riesgo de incendios forestales. También vende carne de cordero y cabrito, y está en trámites para obtener la certificación ecológica.</p>



<figure class="gb-block-image gb-block-image-6406af22"><img decoding="async" width="1600" height="1200" class="gb-image gb-image-6406af22 lazyload" data-src="https://www.ramatsdefoc.org/wp-content/uploads/2025/05/WhatsApp-Image-2025-05-26-at-16.24.53.jpeg" alt="" title="WhatsApp Image 2025-05-26 at 16.24.53" data-srcset="https://www.ramatsdefoc.org/wp-content/uploads/2025/05/WhatsApp-Image-2025-05-26-at-16.24.53.jpeg 1600w, https://www.ramatsdefoc.org/wp-content/uploads/2025/05/WhatsApp-Image-2025-05-26-at-16.24.53-300x225.jpeg 300w, https://www.ramatsdefoc.org/wp-content/uploads/2025/05/WhatsApp-Image-2025-05-26-at-16.24.53-1024x768.jpeg 1024w, https://www.ramatsdefoc.org/wp-content/uploads/2025/05/WhatsApp-Image-2025-05-26-at-16.24.53-768x576.jpeg 768w, https://www.ramatsdefoc.org/wp-content/uploads/2025/05/WhatsApp-Image-2025-05-26-at-16.24.53-1536x1152.jpeg 1536w" data-sizes="(max-width: 1600px) 100vw, 1600px" src="data:image/svg+xml;base64,PHN2ZyB3aWR0aD0iMSIgaGVpZ2h0PSIxIiB4bWxucz0iaHR0cDovL3d3dy53My5vcmcvMjAwMC9zdmciPjwvc3ZnPg==" style="--smush-placeholder-width: 1600px; --smush-placeholder-aspect-ratio: 1600/1200;" /></figure>
