{"id":4566,"date":"2025-05-23T14:06:03","date_gmt":"2025-05-23T12:06:03","guid":{"rendered":"https:\/\/www.ramatsdefoc.org\/fitxa_cataleg\/les-cols\/"},"modified":"2025-05-23T14:08:42","modified_gmt":"2025-05-23T12:08:42","slug":"les-cols","status":"publish","type":"fitxa_cataleg","link":"https:\/\/www.ramatsdefoc.org\/es\/fitxa_cataleg\/les-cols\/","title":{"rendered":"Les Cols"},"content":{"rendered":"\n<p>El restaurante Les Cols de Olot colabora con el ganadero Manel Marc\u00e8 de Mas Marc\u00e8, utilizando sus  productos en la elaboracions de algunos de los platos. Manel est\u00e1 especializado en carne de cordero lechal y  l\u00e1cteos ecol\u00f3gicos de oveja ripollesa, elaborados de forma artesanal y con un fuerte compromiso con la sostenibilidad y la tradici\u00f3n del territorio.<\/p>\n","protected":false},"featured_media":4565,"template":"","activitat":[181],"producte":[183],"class_list":["post-4566","fitxa_cataleg","type-fitxa_cataleg","status-publish","has-post-thumbnail","hentry","activitat-restauracion","producte-cordero","resize-featured-image"],"acf":{"localitat":"Olot","comarca":"Garrotxa","certificacio_ecologica":"si","telefon":"+34 972 269 209","email":"LESCOLS@LESCOLS.COM","pagina_web":"https:\/\/www.lescols.com\/restaurant\/","ramat":"","venta_directa":"","relacio_proveidors":null,"tipus_establiment":[],"productes":[]},"_links":{"self":[{"href":"https:\/\/www.ramatsdefoc.org\/es\/wp-json\/wp\/v2\/fitxa_cataleg\/4566","targetHints":{"allow":["GET"]}}],"collection":[{"href":"https:\/\/www.ramatsdefoc.org\/es\/wp-json\/wp\/v2\/fitxa_cataleg"}],"about":[{"href":"https:\/\/www.ramatsdefoc.org\/es\/wp-json\/wp\/v2\/types\/fitxa_cataleg"}],"wp:featuredmedia":[{"embeddable":true,"href":"https:\/\/www.ramatsdefoc.org\/es\/wp-json\/wp\/v2\/media\/4565"}],"wp:attachment":[{"href":"https:\/\/www.ramatsdefoc.org\/es\/wp-json\/wp\/v2\/media?parent=4566"}],"wp:term":[{"taxonomy":"activitat","embeddable":true,"href":"https:\/\/www.ramatsdefoc.org\/es\/wp-json\/wp\/v2\/activitat?post=4566"},{"taxonomy":"producte","embeddable":true,"href":"https:\/\/www.ramatsdefoc.org\/es\/wp-json\/wp\/v2\/producte?post=4566"}],"curies":[{"name":"wp","href":"https:\/\/api.w.org\/{rel}","templated":true}]}}

<p>El restaurante Les Cols de Olot colabora con el ganadero Manel Marcè de Mas Marcè, utilizando sus  productos en la elaboracions de algunos de los platos. Manel está especializado en carne de cordero lechal y  lácteos ecológicos de oveja ripollesa, elaborados de forma artesanal y con un fuerte compromiso con la sostenibilidad y la tradición del territorio.</p>
