{"id":4551,"date":"2025-05-23T11:31:12","date_gmt":"2025-05-23T09:31:12","guid":{"rendered":"https:\/\/www.ramatsdefoc.org\/?post_type=fitxa_cataleg&#038;p=4551"},"modified":"2025-06-03T11:14:21","modified_gmt":"2025-06-03T09:14:21","slug":"santuari-de-la-mare-de-deu-del-mont","status":"publish","type":"fitxa_cataleg","link":"https:\/\/www.ramatsdefoc.org\/es\/fitxa_cataleg\/santuari-de-la-mare-de-deu-del-mont\/","title":{"rendered":"Santuari de La Mare de D\u00e9u del Mont"},"content":{"rendered":"\n<p>Al santuari, situat al bell mig de La Garrotxa i de l\u2019Alt Empord\u00e0, hi fan una cuina volc\u00e0nica de mercat i tradicional. Els seus plats s\u00f3n casolans, fortament marcats per la creativitat i elaborats de manera curosa, sempre amb productes de la terra, com els de Ramats de Foc.<\/p>\n","protected":false},"featured_media":4552,"template":"","activitat":[173],"producte":[],"class_list":["post-4551","fitxa_cataleg","type-fitxa_cataleg","status-publish","has-post-thumbnail","hentry","activitat-restauracio","resize-featured-image"],"acf":{"localitat":"Albany\u00e0","comarca":"Alt Empord\u00e0","certificacio_ecologica":"no","telefon":"+34 972193074","email":"elsantuaribarrestauranthotel@gmail.com","pagina_web":"https:\/\/santuaridelmont.com\/","ramat":"","venta_directa":"","relacio_proveidors":null,"tipus_establiment":["restauracio"],"productes":[]},"_links":{"self":[{"href":"https:\/\/www.ramatsdefoc.org\/es\/wp-json\/wp\/v2\/fitxa_cataleg\/4551","targetHints":{"allow":["GET"]}}],"collection":[{"href":"https:\/\/www.ramatsdefoc.org\/es\/wp-json\/wp\/v2\/fitxa_cataleg"}],"about":[{"href":"https:\/\/www.ramatsdefoc.org\/es\/wp-json\/wp\/v2\/types\/fitxa_cataleg"}],"wp:featuredmedia":[{"embeddable":true,"href":"https:\/\/www.ramatsdefoc.org\/es\/wp-json\/wp\/v2\/media\/4552"}],"wp:attachment":[{"href":"https:\/\/www.ramatsdefoc.org\/es\/wp-json\/wp\/v2\/media?parent=4551"}],"wp:term":[{"taxonomy":"activitat","embeddable":true,"href":"https:\/\/www.ramatsdefoc.org\/es\/wp-json\/wp\/v2\/activitat?post=4551"},{"taxonomy":"producte","embeddable":true,"href":"https:\/\/www.ramatsdefoc.org\/es\/wp-json\/wp\/v2\/producte?post=4551"}],"curies":[{"name":"wp","href":"https:\/\/api.w.org\/{rel}","templated":true}]}}

Santuari de La Mare de Déu del Mont

<p>Al santuari, situat al bell mig de La Garrotxa i de l’Alt Empordà, hi fan una cuina volcànica de mercat i tradicional. Els seus plats són casolans, fortament marcats per la creativitat i elaborats de manera curosa, sempre amb productes de la terra, com els de Ramats de Foc.</p>

Albanyà

Alt Empordà
