{"id":4113,"date":"2025-02-27T13:21:41","date_gmt":"2025-02-27T11:21:41","guid":{"rendered":"https:\/\/www.ramatsdefoc.org\/fitxa_cataleg\/josep-maria-ferro\/"},"modified":"2025-09-02T15:09:11","modified_gmt":"2025-09-02T13:09:11","slug":"josep-maria-ferro","status":"publish","type":"fitxa_cataleg","link":"https:\/\/www.ramatsdefoc.org\/es\/fitxa_cataleg\/josep-maria-ferro\/","title":{"rendered":"To\u00f1et del Llarc de Josep Maria Ferro"},"content":{"rendered":"\n<p>Josep Maria gestiona un reba\u00f1o de 1000 ovejas \u00abxisqueta\u00bb en un sistema de pastura ecol\u00f3gica en la zona del Pont de Montanyana (Baixa Ribargor\u00e7a). Su proyecto ganadero llamado To\u00f1et del Llarc, de car\u00e1cter familiar, se fundamenta en un modelo de pasto extensivo que aprovecha los recursos naturales para criar a los animales de forma sostenible. Adem\u00e1s de garantizar una carne de alta calidad, su labor contribuye activamente a la conservaci\u00f3n del paisaje y la prevenci\u00f3n de incendios forestales. Con un firme compromiso con la comercializaci\u00f3n de proximidad, Josep Maria busca favorecer el consumo local, aportando valor a su producto mediante su venta directa en la tienda del municipio.<\/p>\n\n\n\n<div class=\"wp-block-columns is-layout-flex wp-container-core-columns-is-layout-9d6595d7 wp-block-columns-is-layout-flex\">\n<div class=\"wp-block-column is-layout-flow wp-block-column-is-layout-flow\">\n<figure class=\"gb-block-image gb-block-image-46c36522\"><img decoding=\"async\" width=\"2048\" height=\"1150\" class=\"gb-image gb-image-46c36522 lazyload\" data-src=\"https:\/\/www.ramatsdefoc.org\/wp-content\/uploads\/2025\/02\/IMG_8004-1-scaled.jpg\" alt=\"\" title=\"IMG_8004\" data-srcset=\"https:\/\/www.ramatsdefoc.org\/wp-content\/uploads\/2025\/02\/IMG_8004-1-scaled.jpg 2048w, https:\/\/www.ramatsdefoc.org\/wp-content\/uploads\/2025\/02\/IMG_8004-1-300x168.jpg 300w, https:\/\/www.ramatsdefoc.org\/wp-content\/uploads\/2025\/02\/IMG_8004-1-1024x575.jpg 1024w, https:\/\/www.ramatsdefoc.org\/wp-content\/uploads\/2025\/02\/IMG_8004-1-768x431.jpg 768w, https:\/\/www.ramatsdefoc.org\/wp-content\/uploads\/2025\/02\/IMG_8004-1-1536x863.jpg 1536w\" data-sizes=\"(max-width: 2048px) 100vw, 2048px\" src=\"data:image\/svg+xml;base64,PHN2ZyB3aWR0aD0iMSIgaGVpZ2h0PSIxIiB4bWxucz0iaHR0cDovL3d3dy53My5vcmcvMjAwMC9zdmciPjwvc3ZnPg==\" style=\"--smush-placeholder-width: 2048px; --smush-placeholder-aspect-ratio: 2048\/1150;\" \/><\/figure>\n<\/div>\n\n\n\n<div class=\"wp-block-column is-layout-flow wp-block-column-is-layout-flow\">\n<figure class=\"gb-block-image gb-block-image-8f1be38e\"><img decoding=\"async\" width=\"2048\" height=\"1150\" class=\"gb-image gb-image-8f1be38e lazyload\" data-src=\"https:\/\/www.ramatsdefoc.org\/wp-content\/uploads\/2025\/02\/IMG_7965-scaled.jpg\" alt=\"\" title=\"IMG_7965\" data-srcset=\"https:\/\/www.ramatsdefoc.org\/wp-content\/uploads\/2025\/02\/IMG_7965-scaled.jpg 2048w, https:\/\/www.ramatsdefoc.org\/wp-content\/uploads\/2025\/02\/IMG_7965-300x168.jpg 300w, https:\/\/www.ramatsdefoc.org\/wp-content\/uploads\/2025\/02\/IMG_7965-1024x575.jpg 1024w, https:\/\/www.ramatsdefoc.org\/wp-content\/uploads\/2025\/02\/IMG_7965-768x431.jpg 768w, https:\/\/www.ramatsdefoc.org\/wp-content\/uploads\/2025\/02\/IMG_7965-1536x863.jpg 1536w\" data-sizes=\"(max-width: 2048px) 100vw, 2048px\" src=\"data:image\/svg+xml;base64,PHN2ZyB3aWR0aD0iMSIgaGVpZ2h0PSIxIiB4bWxucz0iaHR0cDovL3d3dy53My5vcmcvMjAwMC9zdmciPjwvc3ZnPg==\" style=\"--smush-placeholder-width: 2048px; --smush-placeholder-aspect-ratio: 2048\/1150;\" \/><\/figure>\n<\/div>\n<\/div>\n\n\n\n<div class=\"wp-block-columns is-layout-flex wp-container-core-columns-is-layout-9d6595d7 wp-block-columns-is-layout-flex\">\n<div class=\"wp-block-column is-layout-flow wp-block-column-is-layout-flow\"><\/div>\n<\/div>\n","protected":false},"featured_media":4833,"template":"","activitat":[177],"producte":[183],"class_list":["post-4113","fitxa_cataleg","type-fitxa_cataleg","status-publish","has-post-thumbnail","hentry","activitat-ganadero-a","producte-cordero","resize-featured-image"],"acf":{"localitat":"Pont de Montanyana","comarca":"Pallars Juss\u00e0","certificacio_ecologica":"si","telefon":"","email":"","pagina_web":"","ramat":"1000 ovejas xisqueta","venta_directa":"si","relacio_proveidors":"","tipus_establiment":["ramader"],"productes":["xai"]},"_links":{"self":[{"href":"https:\/\/www.ramatsdefoc.org\/es\/wp-json\/wp\/v2\/fitxa_cataleg\/4113","targetHints":{"allow":["GET"]}}],"collection":[{"href":"https:\/\/www.ramatsdefoc.org\/es\/wp-json\/wp\/v2\/fitxa_cataleg"}],"about":[{"href":"https:\/\/www.ramatsdefoc.org\/es\/wp-json\/wp\/v2\/types\/fitxa_cataleg"}],"wp:featuredmedia":[{"embeddable":true,"href":"https:\/\/www.ramatsdefoc.org\/es\/wp-json\/wp\/v2\/media\/4833"}],"wp:attachment":[{"href":"https:\/\/www.ramatsdefoc.org\/es\/wp-json\/wp\/v2\/media?parent=4113"}],"wp:term":[{"taxonomy":"activitat","embeddable":true,"href":"https:\/\/www.ramatsdefoc.org\/es\/wp-json\/wp\/v2\/activitat?post=4113"},{"taxonomy":"producte","embeddable":true,"href":"https:\/\/www.ramatsdefoc.org\/es\/wp-json\/wp\/v2\/producte?post=4113"}],"curies":[{"name":"wp","href":"https:\/\/api.w.org\/{rel}","templated":true}]}}

Toñet del Llarc de Josep Maria Ferro

<p>Josep Maria gestiona un rebaño de 1000 ovejas «xisqueta» en un sistema de pastura ecológica en la zona del Pont de Montanyana (Baixa Ribargorça). Su proyecto ganadero llamado Toñet del Llarc, de carácter familiar, se fundamenta en un modelo de pasto extensivo que aprovecha los recursos naturales para criar a los animales de forma sostenible. Además de garantizar una carne de alta calidad, su labor contribuye activamente a la conservación del paisaje y la prevención de incendios forestales. Con un firme compromiso con la comercialización de proximidad, Josep Maria busca favorecer el consumo local, aportando valor a su producto mediante su venta directa en la tienda del municipio.</p>



<div class="wp-block-columns is-layout-flex wp-container-core-columns-is-layout-9d6595d7 wp-block-columns-is-layout-flex">
<div class="wp-block-column is-layout-flow wp-block-column-is-layout-flow">
<figure class="gb-block-image gb-block-image-46c36522"><img decoding="async" width="2048" height="1150" class="gb-image gb-image-46c36522 lazyload" data-src="https://www.ramatsdefoc.org/wp-content/uploads/2025/02/IMG_8004-1-scaled.jpg" alt="" title="IMG_8004" data-srcset="https://www.ramatsdefoc.org/wp-content/uploads/2025/02/IMG_8004-1-scaled.jpg 2048w, https://www.ramatsdefoc.org/wp-content/uploads/2025/02/IMG_8004-1-300x168.jpg 300w, https://www.ramatsdefoc.org/wp-content/uploads/2025/02/IMG_8004-1-1024x575.jpg 1024w, https://www.ramatsdefoc.org/wp-content/uploads/2025/02/IMG_8004-1-768x431.jpg 768w, https://www.ramatsdefoc.org/wp-content/uploads/2025/02/IMG_8004-1-1536x863.jpg 1536w" data-sizes="(max-width: 2048px) 100vw, 2048px" src="data:image/svg+xml;base64,PHN2ZyB3aWR0aD0iMSIgaGVpZ2h0PSIxIiB4bWxucz0iaHR0cDovL3d3dy53My5vcmcvMjAwMC9zdmciPjwvc3ZnPg==" style="--smush-placeholder-width: 2048px; --smush-placeholder-aspect-ratio: 2048/1150;" /></figure>
</div>



<div class="wp-block-column is-layout-flow wp-block-column-is-layout-flow">
<figure class="gb-block-image gb-block-image-8f1be38e"><img decoding="async" width="2048" height="1150" class="gb-image gb-image-8f1be38e lazyload" data-src="https://www.ramatsdefoc.org/wp-content/uploads/2025/02/IMG_7965-scaled.jpg" alt="" title="IMG_7965" data-srcset="https://www.ramatsdefoc.org/wp-content/uploads/2025/02/IMG_7965-scaled.jpg 2048w, https://www.ramatsdefoc.org/wp-content/uploads/2025/02/IMG_7965-300x168.jpg 300w, https://www.ramatsdefoc.org/wp-content/uploads/2025/02/IMG_7965-1024x575.jpg 1024w, https://www.ramatsdefoc.org/wp-content/uploads/2025/02/IMG_7965-768x431.jpg 768w, https://www.ramatsdefoc.org/wp-content/uploads/2025/02/IMG_7965-1536x863.jpg 1536w" data-sizes="(max-width: 2048px) 100vw, 2048px" src="data:image/svg+xml;base64,PHN2ZyB3aWR0aD0iMSIgaGVpZ2h0PSIxIiB4bWxucz0iaHR0cDovL3d3dy53My5vcmcvMjAwMC9zdmciPjwvc3ZnPg==" style="--smush-placeholder-width: 2048px; --smush-placeholder-aspect-ratio: 2048/1150;" /></figure>
</div>
</div>



<div class="wp-block-columns is-layout-flex wp-container-core-columns-is-layout-9d6595d7 wp-block-columns-is-layout-flex">
<div class="wp-block-column is-layout-flow wp-block-column-is-layout-flow"></div>
</div>

Pallars Jussà
