{"id":3821,"date":"2024-07-22T10:55:02","date_gmt":"2024-07-22T08:55:02","guid":{"rendered":"https:\/\/www.ramatsdefoc.org\/fitxa_cataleg\/3807\/"},"modified":"2024-08-06T13:53:44","modified_gmt":"2024-08-06T11:53:44","slug":"3807","status":"publish","type":"fitxa_cataleg","link":"https:\/\/www.ramatsdefoc.org\/es\/fitxa_cataleg\/3807\/","title":{"rendered":"Paco Royo y Rosa Pereira"},"content":{"rendered":"\n<p>Paco Royo, junto con Rosa Pereira, tienen un reba\u00f1o de oveja de carne de la raza Churra de unas 110 cabezas. Pastan en el espacio protegido del Montnegre Corredor, concretamente en el t\u00e9rmino municipal de Sant Celoni. Con su pastoreo contribuyen a la gesti\u00f3n de los incendios forestales en el Parque del Montnegre Corredor. La carne procedente de su reba\u00f1o se comercializa mediante venta directa o bien a trav\u00e9s de algunos restaurantes de la zona.<\/p>\n\n\n\n<figure class=\"wp-block-image size-full\"><img decoding=\"async\" width=\"1280\" height=\"720\" data-src=\"https:\/\/www.ramatsdefoc.org\/wp-content\/uploads\/2024\/07\/DISSEN1.jpg\" alt=\"\" class=\"wp-image-3817 lazyload\" data-srcset=\"https:\/\/www.ramatsdefoc.org\/wp-content\/uploads\/2024\/07\/DISSEN1.jpg 1280w, https:\/\/www.ramatsdefoc.org\/wp-content\/uploads\/2024\/07\/DISSEN1-300x169.jpg 300w, https:\/\/www.ramatsdefoc.org\/wp-content\/uploads\/2024\/07\/DISSEN1-1024x576.jpg 1024w, https:\/\/www.ramatsdefoc.org\/wp-content\/uploads\/2024\/07\/DISSEN1-768x432.jpg 768w\" data-sizes=\"(max-width: 1280px) 100vw, 1280px\" src=\"data:image\/svg+xml;base64,PHN2ZyB3aWR0aD0iMSIgaGVpZ2h0PSIxIiB4bWxucz0iaHR0cDovL3d3dy53My5vcmcvMjAwMC9zdmciPjwvc3ZnPg==\" style=\"--smush-placeholder-width: 1280px; --smush-placeholder-aspect-ratio: 1280\/720;\" \/><\/figure>\n","protected":false},"featured_media":3813,"template":"","activitat":[177],"producte":[183],"class_list":["post-3821","fitxa_cataleg","type-fitxa_cataleg","status-publish","has-post-thumbnail","hentry","activitat-ganadero-a","producte-cordero","resize-featured-image"],"acf":{"localitat":"Sant Celoni","comarca":"Vall\u00e8s Oriental","certificacio_ecologica":"no","telefon":"","email":"","pagina_web":"","ramat":"110 ovelles de carn de ra\u00e7a xurra","venta_directa":"","relacio_proveidors":null,"tipus_establiment":[],"productes":[]},"_links":{"self":[{"href":"https:\/\/www.ramatsdefoc.org\/es\/wp-json\/wp\/v2\/fitxa_cataleg\/3821","targetHints":{"allow":["GET"]}}],"collection":[{"href":"https:\/\/www.ramatsdefoc.org\/es\/wp-json\/wp\/v2\/fitxa_cataleg"}],"about":[{"href":"https:\/\/www.ramatsdefoc.org\/es\/wp-json\/wp\/v2\/types\/fitxa_cataleg"}],"wp:featuredmedia":[{"embeddable":true,"href":"https:\/\/www.ramatsdefoc.org\/es\/wp-json\/wp\/v2\/media\/3813"}],"wp:attachment":[{"href":"https:\/\/www.ramatsdefoc.org\/es\/wp-json\/wp\/v2\/media?parent=3821"}],"wp:term":[{"taxonomy":"activitat","embeddable":true,"href":"https:\/\/www.ramatsdefoc.org\/es\/wp-json\/wp\/v2\/activitat?post=3821"},{"taxonomy":"producte","embeddable":true,"href":"https:\/\/www.ramatsdefoc.org\/es\/wp-json\/wp\/v2\/producte?post=3821"}],"curies":[{"name":"wp","href":"https:\/\/api.w.org\/{rel}","templated":true}]}}

<p>Paco Royo, junto con Rosa Pereira, tienen un rebaño de oveja de carne de la raza Churra de unas 110 cabezas. Pastan en el espacio protegido del Montnegre Corredor, concretamente en el término municipal de Sant Celoni. Con su pastoreo contribuyen a la gestión de los incendios forestales en el Parque del Montnegre Corredor. La carne procedente de su rebaño se comercializa mediante venta directa o bien a través de algunos restaurantes de la zona.</p>



<figure class="wp-block-image size-full"><img decoding="async" width="1280" height="720" data-src="https://www.ramatsdefoc.org/wp-content/uploads/2024/07/DISSEN1.jpg" alt="" class="wp-image-3817 lazyload" data-srcset="https://www.ramatsdefoc.org/wp-content/uploads/2024/07/DISSEN1.jpg 1280w, https://www.ramatsdefoc.org/wp-content/uploads/2024/07/DISSEN1-300x169.jpg 300w, https://www.ramatsdefoc.org/wp-content/uploads/2024/07/DISSEN1-1024x576.jpg 1024w, https://www.ramatsdefoc.org/wp-content/uploads/2024/07/DISSEN1-768x432.jpg 768w" data-sizes="(max-width: 1280px) 100vw, 1280px" src="data:image/svg+xml;base64,PHN2ZyB3aWR0aD0iMSIgaGVpZ2h0PSIxIiB4bWxucz0iaHR0cDovL3d3dy53My5vcmcvMjAwMC9zdmciPjwvc3ZnPg==" style="--smush-placeholder-width: 1280px; --smush-placeholder-aspect-ratio: 1280/720;" /></figure>

Vallès Oriental

110 ovelles de carn de raça xurra
