{"id":3805,"date":"2024-07-17T11:48:50","date_gmt":"2024-07-17T09:48:50","guid":{"rendered":"https:\/\/www.ramatsdefoc.org\/?post_type=fitxa_cataleg&#038;p=3805"},"modified":"2024-08-06T13:51:31","modified_gmt":"2024-08-06T11:51:31","slug":"raquel-servitja","status":"publish","type":"fitxa_cataleg","link":"https:\/\/www.ramatsdefoc.org\/es\/fitxa_cataleg\/raquel-servitja\/","title":{"rendered":"Raquel Servitja"},"content":{"rendered":"\n<p>Raquel est\u00e1 al cargo desde el 2016 de la \u00abPetita Granja de Claret\u00bb, una granja de cabras de leche raza Florida y vacas Menorquinas donde los animales pastan el sotobosque en la Sierra de Castelltallat. Con la leche se producen l\u00e1cteos ecol\u00f3gicos que ofrece en venta directa. Otro de los objetivos de la granja es la formaci\u00f3n y la investigaci\u00f3n en tratamientos de fitoterapia y aceites esenciales.<\/p>\n\n\n\n<figure class=\"wp-block-image size-large\"><img decoding=\"async\" width=\"1024\" height=\"737\" data-src=\"https:\/\/www.ramatsdefoc.org\/wp-content\/uploads\/2024\/07\/Granja-Claret-1024x737.jpeg\" alt=\"\" class=\"wp-image-3786 lazyload\" data-srcset=\"https:\/\/www.ramatsdefoc.org\/wp-content\/uploads\/2024\/07\/Granja-Claret-1024x737.jpeg 1024w, https:\/\/www.ramatsdefoc.org\/wp-content\/uploads\/2024\/07\/Granja-Claret-300x216.jpeg 300w, https:\/\/www.ramatsdefoc.org\/wp-content\/uploads\/2024\/07\/Granja-Claret-768x553.jpeg 768w, https:\/\/www.ramatsdefoc.org\/wp-content\/uploads\/2024\/07\/Granja-Claret.jpeg 1343w\" data-sizes=\"(max-width: 1024px) 100vw, 1024px\" src=\"data:image\/svg+xml;base64,PHN2ZyB3aWR0aD0iMSIgaGVpZ2h0PSIxIiB4bWxucz0iaHR0cDovL3d3dy53My5vcmcvMjAwMC9zdmciPjwvc3ZnPg==\" style=\"--smush-placeholder-width: 1024px; --smush-placeholder-aspect-ratio: 1024\/737;\" \/><\/figure>\n","protected":false},"featured_media":3783,"template":"","activitat":[177],"producte":[165],"class_list":["post-3805","fitxa_cataleg","type-fitxa_cataleg","status-publish","has-post-thumbnail","hentry","activitat-ganadero-a","producte-quesos-de-cabra","resize-featured-image"],"acf":{"localitat":"Claret de Cavallers","comarca":"Bages","certificacio_ecologica":"si","telefon":"","email":"","pagina_web":"https:\/\/www.instagram.com\/lapetitagranjadeclaret\/","ramat":"30 cabres Florida i 7 vaques Menorquines","venta_directa":"","relacio_proveidors":null,"tipus_establiment":["ramader"],"productes":["formatge_cabra","iogurt_cabra","llet_cabra"]},"_links":{"self":[{"href":"https:\/\/www.ramatsdefoc.org\/es\/wp-json\/wp\/v2\/fitxa_cataleg\/3805","targetHints":{"allow":["GET"]}}],"collection":[{"href":"https:\/\/www.ramatsdefoc.org\/es\/wp-json\/wp\/v2\/fitxa_cataleg"}],"about":[{"href":"https:\/\/www.ramatsdefoc.org\/es\/wp-json\/wp\/v2\/types\/fitxa_cataleg"}],"wp:featuredmedia":[{"embeddable":true,"href":"https:\/\/www.ramatsdefoc.org\/es\/wp-json\/wp\/v2\/media\/3783"}],"wp:attachment":[{"href":"https:\/\/www.ramatsdefoc.org\/es\/wp-json\/wp\/v2\/media?parent=3805"}],"wp:term":[{"taxonomy":"activitat","embeddable":true,"href":"https:\/\/www.ramatsdefoc.org\/es\/wp-json\/wp\/v2\/activitat?post=3805"},{"taxonomy":"producte","embeddable":true,"href":"https:\/\/www.ramatsdefoc.org\/es\/wp-json\/wp\/v2\/producte?post=3805"}],"curies":[{"name":"wp","href":"https:\/\/api.w.org\/{rel}","templated":true}]}}

<p>Raquel está al cargo desde el 2016 de la «Petita Granja de Claret», una granja de cabras de leche raza Florida y vacas Menorquinas donde los animales pastan el sotobosque en la Sierra de Castelltallat. Con la leche se producen lácteos ecológicos que ofrece en venta directa. Otro de los objetivos de la granja es la formación y la investigación en tratamientos de fitoterapia y aceites esenciales.</p>



<figure class="wp-block-image size-large"><img decoding="async" width="1024" height="737" data-src="https://www.ramatsdefoc.org/wp-content/uploads/2024/07/Granja-Claret-1024x737.jpeg" alt="" class="wp-image-3786 lazyload" data-srcset="https://www.ramatsdefoc.org/wp-content/uploads/2024/07/Granja-Claret-1024x737.jpeg 1024w, https://www.ramatsdefoc.org/wp-content/uploads/2024/07/Granja-Claret-300x216.jpeg 300w, https://www.ramatsdefoc.org/wp-content/uploads/2024/07/Granja-Claret-768x553.jpeg 768w, https://www.ramatsdefoc.org/wp-content/uploads/2024/07/Granja-Claret.jpeg 1343w" data-sizes="(max-width: 1024px) 100vw, 1024px" src="data:image/svg+xml;base64,PHN2ZyB3aWR0aD0iMSIgaGVpZ2h0PSIxIiB4bWxucz0iaHR0cDovL3d3dy53My5vcmcvMjAwMC9zdmciPjwvc3ZnPg==" style="--smush-placeholder-width: 1024px; --smush-placeholder-aspect-ratio: 1024/737;" /></figure>
