{"id":2347,"date":"2024-01-24T14:52:16","date_gmt":"2024-01-24T12:52:16","guid":{"rendered":"https:\/\/www.ramatsdefoc.org\/?post_type=fitxa_cataleg&#038;p=2347"},"modified":"2024-08-20T09:11:58","modified_gmt":"2024-08-20T07:11:58","slug":"francesc-teixido-sansa","status":"publish","type":"fitxa_cataleg","link":"https:\/\/www.ramatsdefoc.org\/es\/fitxa_cataleg\/francesc-teixido-sansa\/","title":{"rendered":"Francesc Teixid\u00f3 Sansa"},"content":{"rendered":"\n<p>Francesc est\u00e1 al frente del proyecto Badacabres, cuidando un reba\u00f1o trasterminante que utiliza las t\u00e9cnicas de pasto regenerativo con un recorrido de 12 a\u00f1os. Sus cabras producen leche y contribuyen a la gesti\u00f3n del riesgo de incendios forestales. <\/p>\n\n\n\n<figure class=\"wp-block-image size-full\"><img decoding=\"async\" width=\"663\" height=\"663\" data-src=\"https:\/\/www.ramatsdefoc.org\/wp-content\/uploads\/2024\/01\/cabres-francesc-teixidor.jpg\" alt=\"\" class=\"wp-image-2332 lazyload\" data-srcset=\"https:\/\/www.ramatsdefoc.org\/wp-content\/uploads\/2024\/01\/cabres-francesc-teixidor.jpg 663w, https:\/\/www.ramatsdefoc.org\/wp-content\/uploads\/2024\/01\/cabres-francesc-teixidor-300x300.jpg 300w, https:\/\/www.ramatsdefoc.org\/wp-content\/uploads\/2024\/01\/cabres-francesc-teixidor-150x150.jpg 150w\" data-sizes=\"(max-width: 663px) 100vw, 663px\" src=\"data:image\/svg+xml;base64,PHN2ZyB3aWR0aD0iMSIgaGVpZ2h0PSIxIiB4bWxucz0iaHR0cDovL3d3dy53My5vcmcvMjAwMC9zdmciPjwvc3ZnPg==\" style=\"--smush-placeholder-width: 663px; --smush-placeholder-aspect-ratio: 663\/663;\" \/><\/figure>\n","protected":false},"featured_media":2345,"template":"","activitat":[177],"producte":[198],"class_list":["post-2347","fitxa_cataleg","type-fitxa_cataleg","status-publish","has-post-thumbnail","hentry","activitat-ganadero-a","producte-leche-de-cabra","resize-featured-image"],"acf":{"localitat":"Sant Cebri\u00e0 de Vallalta","comarca":"Maresme","certificacio_ecologica":"no","telefon":"","email":"Teixi_bdn@hotmail.com ","pagina_web":"","ramat":"250 goats","venta_directa":"","relacio_proveidors":null,"tipus_establiment":["ramader"],"productes":["llet_cabra"]},"_links":{"self":[{"href":"https:\/\/www.ramatsdefoc.org\/es\/wp-json\/wp\/v2\/fitxa_cataleg\/2347","targetHints":{"allow":["GET"]}}],"collection":[{"href":"https:\/\/www.ramatsdefoc.org\/es\/wp-json\/wp\/v2\/fitxa_cataleg"}],"about":[{"href":"https:\/\/www.ramatsdefoc.org\/es\/wp-json\/wp\/v2\/types\/fitxa_cataleg"}],"wp:featuredmedia":[{"embeddable":true,"href":"https:\/\/www.ramatsdefoc.org\/es\/wp-json\/wp\/v2\/media\/2345"}],"wp:attachment":[{"href":"https:\/\/www.ramatsdefoc.org\/es\/wp-json\/wp\/v2\/media?parent=2347"}],"wp:term":[{"taxonomy":"activitat","embeddable":true,"href":"https:\/\/www.ramatsdefoc.org\/es\/wp-json\/wp\/v2\/activitat?post=2347"},{"taxonomy":"producte","embeddable":true,"href":"https:\/\/www.ramatsdefoc.org\/es\/wp-json\/wp\/v2\/producte?post=2347"}],"curies":[{"name":"wp","href":"https:\/\/api.w.org\/{rel}","templated":true}]}}

Francesc Teixidó Sansa

<p>Francesc está al frente del proyecto Badacabres, cuidando un rebaño trasterminante que utiliza las técnicas de pasto regenerativo con un recorrido de 12 años. Sus cabras producen leche y contribuyen a la gestión del riesgo de incendios forestales. </p>



<figure class="wp-block-image size-full"><img decoding="async" width="663" height="663" data-src="https://www.ramatsdefoc.org/wp-content/uploads/2024/01/cabres-francesc-teixidor.jpg" alt="" class="wp-image-2332 lazyload" data-srcset="https://www.ramatsdefoc.org/wp-content/uploads/2024/01/cabres-francesc-teixidor.jpg 663w, https://www.ramatsdefoc.org/wp-content/uploads/2024/01/cabres-francesc-teixidor-300x300.jpg 300w, https://www.ramatsdefoc.org/wp-content/uploads/2024/01/cabres-francesc-teixidor-150x150.jpg 150w" data-sizes="(max-width: 663px) 100vw, 663px" src="data:image/svg+xml;base64,PHN2ZyB3aWR0aD0iMSIgaGVpZ2h0PSIxIiB4bWxucz0iaHR0cDovL3d3dy53My5vcmcvMjAwMC9zdmciPjwvc3ZnPg==" style="--smush-placeholder-width: 663px; --smush-placeholder-aspect-ratio: 663/663;" /></figure>

Sant Cebrià de Vallalta
