{"id":2316,"date":"2024-01-23T15:52:43","date_gmt":"2024-01-23T13:52:43","guid":{"rendered":"https:\/\/www.ramatsdefoc.org\/?post_type=fitxa_cataleg&#038;p=2316"},"modified":"2024-07-11T16:37:16","modified_gmt":"2024-07-11T14:37:16","slug":"ivan-tripiana","status":"publish","type":"fitxa_cataleg","link":"https:\/\/www.ramatsdefoc.org\/es\/fitxa_cataleg\/ivan-tripiana\/","title":{"rendered":"Ivan Tripiana"},"content":{"rendered":"\n<p>El proyecto \u00abSom quatre cabres\u00bb nace de la pasi\u00f3n por los animales, el medio natural, del hecho de pensar que somos parte de la naturaleza, y de creer en la idea de que la ganader\u00eda extensiva es una herramienta imprescindible para la gesti\u00f3n del territorio de una forma sostenible.<\/p>\n\n\n\n<p>Ivan y Laura, una pareja sin experiencia previa en el sector, se adentraron en el mundo pastoril en abril de 2023. Cuidan un reba\u00f1o de 170 cabras blanca de Rasquera y se dedican a la venta de cabrito y al pasto, como gesti\u00f3n para la prevenci\u00f3n de incendios forestales.<\/p>\n\n\n\n<figure class=\"wp-block-image size-full\"><img decoding=\"async\" width=\"800\" height=\"533\" data-src=\"https:\/\/www.ramatsdefoc.org\/wp-content\/uploads\/2024\/01\/som-4-cabres2.jpeg\" alt=\"\" class=\"wp-image-2306 lazyload\" data-srcset=\"https:\/\/www.ramatsdefoc.org\/wp-content\/uploads\/2024\/01\/som-4-cabres2.jpeg 800w, https:\/\/www.ramatsdefoc.org\/wp-content\/uploads\/2024\/01\/som-4-cabres2-300x200.jpeg 300w, https:\/\/www.ramatsdefoc.org\/wp-content\/uploads\/2024\/01\/som-4-cabres2-768x512.jpeg 768w\" data-sizes=\"(max-width: 800px) 100vw, 800px\" src=\"data:image\/svg+xml;base64,PHN2ZyB3aWR0aD0iMSIgaGVpZ2h0PSIxIiB4bWxucz0iaHR0cDovL3d3dy53My5vcmcvMjAwMC9zdmciPjwvc3ZnPg==\" style=\"--smush-placeholder-width: 800px; --smush-placeholder-aspect-ratio: 800\/533;\" \/><\/figure>\n","protected":false},"featured_media":2317,"template":"","activitat":[177],"producte":[185],"class_list":["post-2316","fitxa_cataleg","type-fitxa_cataleg","status-publish","has-post-thumbnail","hentry","activitat-ganadero-a","producte-cabrito","resize-featured-image"],"acf":{"localitat":"Sant Celoni","comarca":"Vall\u00e8s Oriental","certificacio_ecologica":"no","telefon":"","email":"","pagina_web":"","ramat":"170 cabres blanca de Rasquera ","venta_directa":"","relacio_proveidors":null,"tipus_establiment":["ramader"],"productes":["cabrit"]},"_links":{"self":[{"href":"https:\/\/www.ramatsdefoc.org\/es\/wp-json\/wp\/v2\/fitxa_cataleg\/2316","targetHints":{"allow":["GET"]}}],"collection":[{"href":"https:\/\/www.ramatsdefoc.org\/es\/wp-json\/wp\/v2\/fitxa_cataleg"}],"about":[{"href":"https:\/\/www.ramatsdefoc.org\/es\/wp-json\/wp\/v2\/types\/fitxa_cataleg"}],"wp:featuredmedia":[{"embeddable":true,"href":"https:\/\/www.ramatsdefoc.org\/es\/wp-json\/wp\/v2\/media\/2317"}],"wp:attachment":[{"href":"https:\/\/www.ramatsdefoc.org\/es\/wp-json\/wp\/v2\/media?parent=2316"}],"wp:term":[{"taxonomy":"activitat","embeddable":true,"href":"https:\/\/www.ramatsdefoc.org\/es\/wp-json\/wp\/v2\/activitat?post=2316"},{"taxonomy":"producte","embeddable":true,"href":"https:\/\/www.ramatsdefoc.org\/es\/wp-json\/wp\/v2\/producte?post=2316"}],"curies":[{"name":"wp","href":"https:\/\/api.w.org\/{rel}","templated":true}]}}

<p>El proyecto «Som quatre cabres» nace de la pasión por los animales, el medio natural, del hecho de pensar que somos parte de la naturaleza, y de creer en la idea de que la ganadería extensiva es una herramienta imprescindible para la gestión del territorio de una forma sostenible.</p>



<p>Ivan y Laura, una pareja sin experiencia previa en el sector, se adentraron en el mundo pastoril en abril de 2023. Cuidan un rebaño de 170 cabras blanca de Rasquera y se dedican a la venta de cabrito y al pasto, como gestión para la prevención de incendios forestales.</p>



<figure class="wp-block-image size-full"><img decoding="async" width="800" height="533" data-src="https://www.ramatsdefoc.org/wp-content/uploads/2024/01/som-4-cabres2.jpeg" alt="" class="wp-image-2306 lazyload" data-srcset="https://www.ramatsdefoc.org/wp-content/uploads/2024/01/som-4-cabres2.jpeg 800w, https://www.ramatsdefoc.org/wp-content/uploads/2024/01/som-4-cabres2-300x200.jpeg 300w, https://www.ramatsdefoc.org/wp-content/uploads/2024/01/som-4-cabres2-768x512.jpeg 768w" data-sizes="(max-width: 800px) 100vw, 800px" src="data:image/svg+xml;base64,PHN2ZyB3aWR0aD0iMSIgaGVpZ2h0PSIxIiB4bWxucz0iaHR0cDovL3d3dy53My5vcmcvMjAwMC9zdmciPjwvc3ZnPg==" style="--smush-placeholder-width: 800px; --smush-placeholder-aspect-ratio: 800/533;" /></figure>

Vallès Oriental
