{"id":2248,"date":"2023-12-12T13:54:39","date_gmt":"2023-12-12T11:54:39","guid":{"rendered":"https:\/\/www.ramatsdefoc.org\/?post_type=fitxa_cataleg&#038;p=2248"},"modified":"2024-07-11T16:39:00","modified_gmt":"2024-07-11T14:39:00","slug":"angel-marc-es","status":"publish","type":"fitxa_cataleg","link":"https:\/\/www.ramatsdefoc.org\/es\/fitxa_cataleg\/angel-marc-es\/","title":{"rendered":"\u00c0ngel Marc Villazala"},"content":{"rendered":"\n<p>En los Aubracs del Sorreig, \u00c0ngel Marc gestiona un reba\u00f1o de 64 vacas aubrac puras. Sus vacas producen en ciclo cerrado, controlando desde la cr\u00eda, el engorde, el sacrificio del ganado y la comercializaci\u00f3n del producto. El producto final, carne de ternera ecol\u00f3gica, se distribuye en lotes a cooperativas y asociaciones de consumidores finales del Llu\u00e7an\u00e8s. Concienciados con la gesti\u00f3n del territorio, valoran a\u00f1adir una pareja de burros para mejorar la gesti\u00f3n del combustible.<\/p>\n\n\n\n<figure class=\"wp-block-image size-large\"><img decoding=\"async\" width=\"1024\" height=\"683\" data-src=\"https:\/\/www.ramatsdefoc.org\/wp-content\/uploads\/2023\/12\/Vaques-Angel-Marc-1024x683.jpeg\" alt=\"\" class=\"wp-image-2238 lazyload\" data-srcset=\"https:\/\/www.ramatsdefoc.org\/wp-content\/uploads\/2023\/12\/Vaques-Angel-Marc-1024x683.jpeg 1024w, https:\/\/www.ramatsdefoc.org\/wp-content\/uploads\/2023\/12\/Vaques-Angel-Marc-300x200.jpeg 300w, https:\/\/www.ramatsdefoc.org\/wp-content\/uploads\/2023\/12\/Vaques-Angel-Marc-768x512.jpeg 768w, https:\/\/www.ramatsdefoc.org\/wp-content\/uploads\/2023\/12\/Vaques-Angel-Marc-1110x740.jpeg 1110w, https:\/\/www.ramatsdefoc.org\/wp-content\/uploads\/2023\/12\/Vaques-Angel-Marc.jpeg 1368w\" data-sizes=\"(max-width: 1024px) 100vw, 1024px\" src=\"data:image\/svg+xml;base64,PHN2ZyB3aWR0aD0iMSIgaGVpZ2h0PSIxIiB4bWxucz0iaHR0cDovL3d3dy53My5vcmcvMjAwMC9zdmciPjwvc3ZnPg==\" style=\"--smush-placeholder-width: 1024px; --smush-placeholder-aspect-ratio: 1024\/683;\" \/><\/figure>\n","protected":false},"featured_media":2241,"template":"","activitat":[177],"producte":[187],"class_list":["post-2248","fitxa_cataleg","type-fitxa_cataleg","status-publish","has-post-thumbnail","hentry","activitat-ganadero-a","producte-ternera","resize-featured-image"],"acf":{"localitat":"Sobremunt ","comarca":"Llu\u00e7an\u00e8s","certificacio_ecologica":"si","telefon":"","email":"info@aubracsdelsorreigs.cat","pagina_web":"https:\/\/aubracsdelsorreigs.cat\/","ramat":"64 aubracs purs","venta_directa":"","relacio_proveidors":null,"tipus_establiment":["ramader"],"productes":["vedella"]},"_links":{"self":[{"href":"https:\/\/www.ramatsdefoc.org\/es\/wp-json\/wp\/v2\/fitxa_cataleg\/2248","targetHints":{"allow":["GET"]}}],"collection":[{"href":"https:\/\/www.ramatsdefoc.org\/es\/wp-json\/wp\/v2\/fitxa_cataleg"}],"about":[{"href":"https:\/\/www.ramatsdefoc.org\/es\/wp-json\/wp\/v2\/types\/fitxa_cataleg"}],"wp:featuredmedia":[{"embeddable":true,"href":"https:\/\/www.ramatsdefoc.org\/es\/wp-json\/wp\/v2\/media\/2241"}],"wp:attachment":[{"href":"https:\/\/www.ramatsdefoc.org\/es\/wp-json\/wp\/v2\/media?parent=2248"}],"wp:term":[{"taxonomy":"activitat","embeddable":true,"href":"https:\/\/www.ramatsdefoc.org\/es\/wp-json\/wp\/v2\/activitat?post=2248"},{"taxonomy":"producte","embeddable":true,"href":"https:\/\/www.ramatsdefoc.org\/es\/wp-json\/wp\/v2\/producte?post=2248"}],"curies":[{"name":"wp","href":"https:\/\/api.w.org\/{rel}","templated":true}]}}

Àngel Marc Villazala

<p>En los Aubracs del Sorreig, Àngel Marc gestiona un rebaño de 64 vacas aubrac puras. Sus vacas producen en ciclo cerrado, controlando desde la cría, el engorde, el sacrificio del ganado y la comercialización del producto. El producto final, carne de ternera ecológica, se distribuye en lotes a cooperativas y asociaciones de consumidores finales del Lluçanès. Concienciados con la gestión del territorio, valoran añadir una pareja de burros para mejorar la gestión del combustible.</p>



<figure class="wp-block-image size-large"><img decoding="async" width="1024" height="683" data-src="https://www.ramatsdefoc.org/wp-content/uploads/2023/12/Vaques-Angel-Marc-1024x683.jpeg" alt="" class="wp-image-2238 lazyload" data-srcset="https://www.ramatsdefoc.org/wp-content/uploads/2023/12/Vaques-Angel-Marc-1024x683.jpeg 1024w, https://www.ramatsdefoc.org/wp-content/uploads/2023/12/Vaques-Angel-Marc-300x200.jpeg 300w, https://www.ramatsdefoc.org/wp-content/uploads/2023/12/Vaques-Angel-Marc-768x512.jpeg 768w, https://www.ramatsdefoc.org/wp-content/uploads/2023/12/Vaques-Angel-Marc-1110x740.jpeg 1110w, https://www.ramatsdefoc.org/wp-content/uploads/2023/12/Vaques-Angel-Marc.jpeg 1368w" data-sizes="(max-width: 1024px) 100vw, 1024px" src="data:image/svg+xml;base64,PHN2ZyB3aWR0aD0iMSIgaGVpZ2h0PSIxIiB4bWxucz0iaHR0cDovL3d3dy53My5vcmcvMjAwMC9zdmciPjwvc3ZnPg==" style="--smush-placeholder-width: 1024px; --smush-placeholder-aspect-ratio: 1024/683;" /></figure>

Lluçanès
