{"id":2213,"date":"2023-11-02T17:17:20","date_gmt":"2023-11-02T15:17:20","guid":{"rendered":"https:\/\/www.ramatsdefoc.org\/?post_type=fitxa_cataleg&#038;p=2213"},"modified":"2024-07-11T16:39:00","modified_gmt":"2024-07-11T14:39:00","slug":"la-cabreria","status":"publish","type":"fitxa_cataleg","link":"https:\/\/www.ramatsdefoc.org\/es\/fitxa_cataleg\/la-cabreria\/","title":{"rendered":"Marc Vives y Carla Novella"},"content":{"rendered":"\n<p>Marc Vives y Carla Novella est\u00e1n al frente del proyecto de \u00abLa Cabreria\u00bb, un peque\u00f1o proyecto de ganader\u00eda ecol\u00f3gica ligado a la tierra, de cabras de pasto, donde elaboran quesos s\u00f3lo con leche propia del reba\u00f1o.<\/p>\n","protected":false},"featured_media":5289,"template":"","activitat":[177],"producte":[165],"class_list":["post-2213","fitxa_cataleg","type-fitxa_cataleg","status-publish","has-post-thumbnail","hentry","activitat-ganadero-a","producte-quesos-de-cabra","resize-featured-image"],"acf":{"localitat":"Santa Maria d'Ol\u00f3","comarca":"Moian\u00e8s","certificacio_ecologica":"si","telefon":"649789193","email":"Instagram: @la_cabreria_formatgeria","pagina_web":"","ramat":"200 cabres murciano-granadines","venta_directa":"","relacio_proveidors":null,"tipus_establiment":["ramader"],"productes":["formatge_cabra"]},"_links":{"self":[{"href":"https:\/\/www.ramatsdefoc.org\/es\/wp-json\/wp\/v2\/fitxa_cataleg\/2213","targetHints":{"allow":["GET"]}}],"collection":[{"href":"https:\/\/www.ramatsdefoc.org\/es\/wp-json\/wp\/v2\/fitxa_cataleg"}],"about":[{"href":"https:\/\/www.ramatsdefoc.org\/es\/wp-json\/wp\/v2\/types\/fitxa_cataleg"}],"wp:featuredmedia":[{"embeddable":true,"href":"https:\/\/www.ramatsdefoc.org\/es\/wp-json\/wp\/v2\/media\/5289"}],"wp:attachment":[{"href":"https:\/\/www.ramatsdefoc.org\/es\/wp-json\/wp\/v2\/media?parent=2213"}],"wp:term":[{"taxonomy":"activitat","embeddable":true,"href":"https:\/\/www.ramatsdefoc.org\/es\/wp-json\/wp\/v2\/activitat?post=2213"},{"taxonomy":"producte","embeddable":true,"href":"https:\/\/www.ramatsdefoc.org\/es\/wp-json\/wp\/v2\/producte?post=2213"}],"curies":[{"name":"wp","href":"https:\/\/api.w.org\/{rel}","templated":true}]}}

<p>Marc Vives y Carla Novella están al frente del proyecto de «La Cabreria», un pequeño proyecto de ganadería ecológica ligado a la tierra, de cabras de pasto, donde elaboran quesos sólo con leche propia del rebaño.</p>

Santa Maria d'Oló

Moianès
