{"id":1970,"date":"2023-02-14T11:55:04","date_gmt":"2023-02-14T09:55:04","guid":{"rendered":"https:\/\/www.ramatsdefoc.org\/?post_type=fitxa_cataleg&#038;p=1970"},"modified":"2024-05-15T16:22:06","modified_gmt":"2024-05-15T14:22:06","slug":"lagrobotiga-de-besalu","status":"publish","type":"fitxa_cataleg","link":"https:\/\/www.ramatsdefoc.org\/es\/fitxa_cataleg\/lagrobotiga-de-besalu\/","title":{"rendered":"L&#8217;Agrobotiga de Besal\u00fa"},"content":{"rendered":"\n<p>Aquesta agrobotiga \u00e9s el punt de distribuci\u00f3 directe de productes de l&#8217;activitat ramadera. Productes ecol\u00f2gics i de proximitat. Els clients s&#8217;hi poden adre\u00e7ar per demanar m\u00e9s informaci\u00f3 o encarregar el producte. Venta per enc\u00e0rrec.<\/p>\n\n\n\n<p><\/p>\n","protected":false},"featured_media":1971,"template":"","activitat":[174],"producte":[163],"class_list":["post-1970","fitxa_cataleg","type-fitxa_cataleg","status-publish","has-post-thumbnail","hentry","activitat-agrobotiga","producte-vedella","resize-featured-image"],"acf":{"localitat":"Carretera d'Olot n\u00fam. 7, 17850 (Besal\u00fa)","comarca":"Garrotxa","certificacio_ecologica":"si","telefon":"972 59 18 79","email":"info@agrobotigabesalu.com","pagina_web":"https:\/\/agrobotigabesalu.com\/","ramat":"","venta_directa":"","relacio_proveidors":null,"tipus_establiment":["agrobotiga"],"productes":["vedella"]},"_links":{"self":[{"href":"https:\/\/www.ramatsdefoc.org\/es\/wp-json\/wp\/v2\/fitxa_cataleg\/1970","targetHints":{"allow":["GET"]}}],"collection":[{"href":"https:\/\/www.ramatsdefoc.org\/es\/wp-json\/wp\/v2\/fitxa_cataleg"}],"about":[{"href":"https:\/\/www.ramatsdefoc.org\/es\/wp-json\/wp\/v2\/types\/fitxa_cataleg"}],"wp:featuredmedia":[{"embeddable":true,"href":"https:\/\/www.ramatsdefoc.org\/es\/wp-json\/wp\/v2\/media\/1971"}],"wp:attachment":[{"href":"https:\/\/www.ramatsdefoc.org\/es\/wp-json\/wp\/v2\/media?parent=1970"}],"wp:term":[{"taxonomy":"activitat","embeddable":true,"href":"https:\/\/www.ramatsdefoc.org\/es\/wp-json\/wp\/v2\/activitat?post=1970"},{"taxonomy":"producte","embeddable":true,"href":"https:\/\/www.ramatsdefoc.org\/es\/wp-json\/wp\/v2\/producte?post=1970"}],"curies":[{"name":"wp","href":"https:\/\/api.w.org\/{rel}","templated":true}]}}

L&#8217;Agrobotiga de Besalú

<p>Aquesta agrobotiga és el punt de distribució directe de productes de l&#8217;activitat ramadera. Productes ecològics i de proximitat. Els clients s&#8217;hi poden adreçar per demanar més informació o encarregar el producte. Venta per encàrrec.</p>



<p></p>

Carretera d'Olot núm. 7, 17850 (Besalú)
