{"id":1944,"date":"2022-12-01T13:51:38","date_gmt":"2022-12-01T11:51:38","guid":{"rendered":"https:\/\/www.ramatsdefoc.org\/?post_type=fitxa_cataleg&#038;p=1944"},"modified":"2024-07-11T16:39:02","modified_gmt":"2024-07-11T14:39:02","slug":"david-arenas","status":"publish","type":"fitxa_cataleg","link":"https:\/\/www.ramatsdefoc.org\/es\/fitxa_cataleg\/david-arenas\/","title":{"rendered":"David Arenas"},"content":{"rendered":"\n<p>David, junto con Ver\u00f3nica, gestiona un reba\u00f1o de 600 cabezas dividido en dos explotaciones diferentes. Su zona de pasto queda repartida entre Alcover, Mont-ral, Farena, Cogullons, Rojals y Montblanc, en funci\u00f3n de la disponibilidad y calidad de los pastos. A medida que se van desplazando por el territorio van avanzando los vallados (pletas) y los puntos de abastecimiento de agua. Ven \u00abRamats de Foc\u00bb como una herramienta de apoyo que les puede permitir el acompa\u00f1amiento en los tr\u00e1mites administrativos, y en el replanteo del modelo de venta, encaminado a la valorizaci\u00f3n del producto y los servicios asociados en circuito corto.<\/p>\n\n\n\n<figure class=\"wp-block-gallery has-nested-images columns-default is-cropped wp-block-gallery-1 is-layout-flex wp-block-gallery-is-layout-flex\">\n<figure class=\"wp-block-image size-large\"><img decoding=\"async\" width=\"1024\" height=\"683\" data-id=\"1901\" data-src=\"https:\/\/www.ramatsdefoc.org\/wp-content\/uploads\/2022\/12\/DAVID_RAMATSDEFOC_3_websize-1024x683.jpg\" alt=\"\" class=\"wp-image-1901 lazyload\" data-srcset=\"https:\/\/www.ramatsdefoc.org\/wp-content\/uploads\/2022\/12\/DAVID_RAMATSDEFOC_3_websize-1024x683.jpg 1024w, https:\/\/www.ramatsdefoc.org\/wp-content\/uploads\/2022\/12\/DAVID_RAMATSDEFOC_3_websize-300x200.jpg 300w, https:\/\/www.ramatsdefoc.org\/wp-content\/uploads\/2022\/12\/DAVID_RAMATSDEFOC_3_websize-768x512.jpg 768w, https:\/\/www.ramatsdefoc.org\/wp-content\/uploads\/2022\/12\/DAVID_RAMATSDEFOC_3_websize-1536x1024.jpg 1536w, https:\/\/www.ramatsdefoc.org\/wp-content\/uploads\/2022\/12\/DAVID_RAMATSDEFOC_3_websize-1110x740.jpg 1110w, https:\/\/www.ramatsdefoc.org\/wp-content\/uploads\/2022\/12\/DAVID_RAMATSDEFOC_3_websize.jpg 1600w\" data-sizes=\"(max-width: 1024px) 100vw, 1024px\" src=\"data:image\/svg+xml;base64,PHN2ZyB3aWR0aD0iMSIgaGVpZ2h0PSIxIiB4bWxucz0iaHR0cDovL3d3dy53My5vcmcvMjAwMC9zdmciPjwvc3ZnPg==\" style=\"--smush-placeholder-width: 1024px; --smush-placeholder-aspect-ratio: 1024\/683;\" \/><\/figure>\n<\/figure>\n","protected":false},"featured_media":1810,"template":"","activitat":[177],"producte":[185,183],"class_list":["post-1944","fitxa_cataleg","type-fitxa_cataleg","status-publish","has-post-thumbnail","hentry","activitat-ganadero-a","producte-cabrito","producte-cordero","resize-featured-image"],"acf":{"localitat":"Alcover","comarca":"Alt Camp","certificacio_ecologica":"no","telefon":"","email":"","pagina_web":"","ramat":"600 ovelles de ra\u00e7a aranesa i 40 cabres ","venta_directa":"","relacio_proveidors":null,"tipus_establiment":["ramader"],"productes":["xai","cabrit"]},"_links":{"self":[{"href":"https:\/\/www.ramatsdefoc.org\/es\/wp-json\/wp\/v2\/fitxa_cataleg\/1944","targetHints":{"allow":["GET"]}}],"collection":[{"href":"https:\/\/www.ramatsdefoc.org\/es\/wp-json\/wp\/v2\/fitxa_cataleg"}],"about":[{"href":"https:\/\/www.ramatsdefoc.org\/es\/wp-json\/wp\/v2\/types\/fitxa_cataleg"}],"wp:featuredmedia":[{"embeddable":true,"href":"https:\/\/www.ramatsdefoc.org\/es\/wp-json\/wp\/v2\/media\/1810"}],"wp:attachment":[{"href":"https:\/\/www.ramatsdefoc.org\/es\/wp-json\/wp\/v2\/media?parent=1944"}],"wp:term":[{"taxonomy":"activitat","embeddable":true,"href":"https:\/\/www.ramatsdefoc.org\/es\/wp-json\/wp\/v2\/activitat?post=1944"},{"taxonomy":"producte","embeddable":true,"href":"https:\/\/www.ramatsdefoc.org\/es\/wp-json\/wp\/v2\/producte?post=1944"}],"curies":[{"name":"wp","href":"https:\/\/api.w.org\/{rel}","templated":true}]}}

<p>David, junto con Verónica, gestiona un rebaño de 600 cabezas dividido en dos explotaciones diferentes. Su zona de pasto queda repartida entre Alcover, Mont-ral, Farena, Cogullons, Rojals y Montblanc, en función de la disponibilidad y calidad de los pastos. A medida que se van desplazando por el territorio van avanzando los vallados (pletas) y los puntos de abastecimiento de agua. Ven «Ramats de Foc» como una herramienta de apoyo que les puede permitir el acompañamiento en los trámites administrativos, y en el replanteo del modelo de venta, encaminado a la valorización del producto y los servicios asociados en circuito corto.</p>



<figure class="wp-block-gallery has-nested-images columns-default is-cropped wp-block-gallery-1 is-layout-flex wp-block-gallery-is-layout-flex">
<figure class="wp-block-image size-large"><img decoding="async" width="1024" height="683" data-id="1901" data-src="https://www.ramatsdefoc.org/wp-content/uploads/2022/12/DAVID_RAMATSDEFOC_3_websize-1024x683.jpg" alt="" class="wp-image-1901 lazyload" data-srcset="https://www.ramatsdefoc.org/wp-content/uploads/2022/12/DAVID_RAMATSDEFOC_3_websize-1024x683.jpg 1024w, https://www.ramatsdefoc.org/wp-content/uploads/2022/12/DAVID_RAMATSDEFOC_3_websize-300x200.jpg 300w, https://www.ramatsdefoc.org/wp-content/uploads/2022/12/DAVID_RAMATSDEFOC_3_websize-768x512.jpg 768w, https://www.ramatsdefoc.org/wp-content/uploads/2022/12/DAVID_RAMATSDEFOC_3_websize-1536x1024.jpg 1536w, https://www.ramatsdefoc.org/wp-content/uploads/2022/12/DAVID_RAMATSDEFOC_3_websize-1110x740.jpg 1110w, https://www.ramatsdefoc.org/wp-content/uploads/2022/12/DAVID_RAMATSDEFOC_3_websize.jpg 1600w" data-sizes="(max-width: 1024px) 100vw, 1024px" src="data:image/svg+xml;base64,PHN2ZyB3aWR0aD0iMSIgaGVpZ2h0PSIxIiB4bWxucz0iaHR0cDovL3d3dy53My5vcmcvMjAwMC9zdmciPjwvc3ZnPg==" style="--smush-placeholder-width: 1024px; --smush-placeholder-aspect-ratio: 1024/683;" /></figure>
</figure>

600 ovelles de raça aranesa i 40 cabres
