{"id":1918,"date":"2022-12-01T13:56:27","date_gmt":"2022-12-01T11:56:27","guid":{"rendered":"https:\/\/www.ramatsdefoc.org\/?post_type=fitxa_cataleg&#038;p=1918"},"modified":"2024-07-11T16:39:02","modified_gmt":"2024-07-11T14:39:02","slug":"isidro-martorell","status":"publish","type":"fitxa_cataleg","link":"https:\/\/www.ramatsdefoc.org\/es\/fitxa_cataleg\/isidro-martorell\/","title":{"rendered":"Isidro Martorell"},"content":{"rendered":"\n<p>Isidro, con la ayuda ocasional de su hermano, gestiona un reba\u00f1o de 500 cabezas en el t\u00e9rmino municipal de Febr\u00f3, Prades y Capafonts. Es pastor desde ni\u00f1o, pero tambi\u00e9n colabora y es miembro activo en diferentes iniciativas locales de gesti\u00f3n del paisaje y prevenci\u00f3n de incendios forestales, como la ADF Muntanyes de Prades. <\/p>\n\n\n\n<p>Vecino de La Febr\u00f3, reivindica el acceso a servicios b\u00e1sicos en los municipios rurales, algunos de ellos tan b\u00e1sicos en otras partes del territorio catal\u00e1n, como una red de cobertura digna que les permita comunicarse y trabajar en l\u00ednea sin cortes en el suministro. Trabaja en red con otros pastores locales para vender su producto y garantizar el suministro a los establecimientos asociados de la zona. Ve en Ramats de Foc una oportunidad m\u00e1s para comunicarse y dignificar el servicio que prestan a la sociedad.<\/p>\n\n\n\n<figure class=\"wp-block-gallery has-nested-images columns-default is-cropped wp-block-gallery-1 is-layout-flex wp-block-gallery-is-layout-flex\">\n<figure class=\"wp-block-image size-large\"><img decoding=\"async\" width=\"1024\" height=\"683\" data-id=\"1890\" data-src=\"https:\/\/www.ramatsdefoc.org\/wp-content\/uploads\/2022\/12\/ISIDROMARTORELL_RAMATSDEFOC_5_websize-1024x683.jpg\" alt=\"\" class=\"wp-image-1890 lazyload\" data-srcset=\"https:\/\/www.ramatsdefoc.org\/wp-content\/uploads\/2022\/12\/ISIDROMARTORELL_RAMATSDEFOC_5_websize-1024x683.jpg 1024w, https:\/\/www.ramatsdefoc.org\/wp-content\/uploads\/2022\/12\/ISIDROMARTORELL_RAMATSDEFOC_5_websize-300x200.jpg 300w, https:\/\/www.ramatsdefoc.org\/wp-content\/uploads\/2022\/12\/ISIDROMARTORELL_RAMATSDEFOC_5_websize-768x512.jpg 768w, https:\/\/www.ramatsdefoc.org\/wp-content\/uploads\/2022\/12\/ISIDROMARTORELL_RAMATSDEFOC_5_websize-1536x1024.jpg 1536w, https:\/\/www.ramatsdefoc.org\/wp-content\/uploads\/2022\/12\/ISIDROMARTORELL_RAMATSDEFOC_5_websize-1110x740.jpg 1110w, https:\/\/www.ramatsdefoc.org\/wp-content\/uploads\/2022\/12\/ISIDROMARTORELL_RAMATSDEFOC_5_websize.jpg 1600w\" data-sizes=\"(max-width: 1024px) 100vw, 1024px\" src=\"data:image\/svg+xml;base64,PHN2ZyB3aWR0aD0iMSIgaGVpZ2h0PSIxIiB4bWxucz0iaHR0cDovL3d3dy53My5vcmcvMjAwMC9zdmciPjwvc3ZnPg==\" style=\"--smush-placeholder-width: 1024px; --smush-placeholder-aspect-ratio: 1024\/683;\" \/><\/figure>\n<\/figure>\n\n\n\n<figure class=\"wp-block-gallery has-nested-images columns-default is-cropped wp-block-gallery-2 is-layout-flex wp-block-gallery-is-layout-flex\">\n<figure class=\"wp-block-image size-large\"><img decoding=\"async\" width=\"1024\" height=\"683\" data-id=\"1891\" data-src=\"https:\/\/www.ramatsdefoc.org\/wp-content\/uploads\/2022\/12\/ISIDROMARTORELL_RAMATSDEFOC_9_websize-1024x683.jpg\" alt=\"\" class=\"wp-image-1891 lazyload\" data-srcset=\"https:\/\/www.ramatsdefoc.org\/wp-content\/uploads\/2022\/12\/ISIDROMARTORELL_RAMATSDEFOC_9_websize-1024x683.jpg 1024w, https:\/\/www.ramatsdefoc.org\/wp-content\/uploads\/2022\/12\/ISIDROMARTORELL_RAMATSDEFOC_9_websize-300x200.jpg 300w, https:\/\/www.ramatsdefoc.org\/wp-content\/uploads\/2022\/12\/ISIDROMARTORELL_RAMATSDEFOC_9_websize-768x512.jpg 768w, https:\/\/www.ramatsdefoc.org\/wp-content\/uploads\/2022\/12\/ISIDROMARTORELL_RAMATSDEFOC_9_websize-1536x1024.jpg 1536w, https:\/\/www.ramatsdefoc.org\/wp-content\/uploads\/2022\/12\/ISIDROMARTORELL_RAMATSDEFOC_9_websize-1110x740.jpg 1110w, https:\/\/www.ramatsdefoc.org\/wp-content\/uploads\/2022\/12\/ISIDROMARTORELL_RAMATSDEFOC_9_websize.jpg 1600w\" data-sizes=\"(max-width: 1024px) 100vw, 1024px\" src=\"data:image\/svg+xml;base64,PHN2ZyB3aWR0aD0iMSIgaGVpZ2h0PSIxIiB4bWxucz0iaHR0cDovL3d3dy53My5vcmcvMjAwMC9zdmciPjwvc3ZnPg==\" style=\"--smush-placeholder-width: 1024px; --smush-placeholder-aspect-ratio: 1024\/683;\" \/><\/figure>\n<\/figure>\n","protected":false},"featured_media":1935,"template":"","activitat":[177],"producte":[185,183],"class_list":["post-1918","fitxa_cataleg","type-fitxa_cataleg","status-publish","has-post-thumbnail","hentry","activitat-ganadero-a","producte-cabrito","producte-cordero","resize-featured-image"],"acf":{"localitat":"Prades","comarca":"Baix Camp","certificacio_ecologica":"no","telefon":"","email":"","pagina_web":"","ramat":"420 ovelles i 80 cabres de diferents races","venta_directa":"","relacio_proveidors":null,"tipus_establiment":["ramader"],"productes":["xai","cabrit"]},"_links":{"self":[{"href":"https:\/\/www.ramatsdefoc.org\/es\/wp-json\/wp\/v2\/fitxa_cataleg\/1918","targetHints":{"allow":["GET"]}}],"collection":[{"href":"https:\/\/www.ramatsdefoc.org\/es\/wp-json\/wp\/v2\/fitxa_cataleg"}],"about":[{"href":"https:\/\/www.ramatsdefoc.org\/es\/wp-json\/wp\/v2\/types\/fitxa_cataleg"}],"wp:featuredmedia":[{"embeddable":true,"href":"https:\/\/www.ramatsdefoc.org\/es\/wp-json\/wp\/v2\/media\/1935"}],"wp:attachment":[{"href":"https:\/\/www.ramatsdefoc.org\/es\/wp-json\/wp\/v2\/media?parent=1918"}],"wp:term":[{"taxonomy":"activitat","embeddable":true,"href":"https:\/\/www.ramatsdefoc.org\/es\/wp-json\/wp\/v2\/activitat?post=1918"},{"taxonomy":"producte","embeddable":true,"href":"https:\/\/www.ramatsdefoc.org\/es\/wp-json\/wp\/v2\/producte?post=1918"}],"curies":[{"name":"wp","href":"https:\/\/api.w.org\/{rel}","templated":true}]}}

<p>Isidro, con la ayuda ocasional de su hermano, gestiona un rebaño de 500 cabezas en el término municipal de Febró, Prades y Capafonts. Es pastor desde niño, pero también colabora y es miembro activo en diferentes iniciativas locales de gestión del paisaje y prevención de incendios forestales, como la ADF Muntanyes de Prades. </p>



<p>Vecino de La Febró, reivindica el acceso a servicios básicos en los municipios rurales, algunos de ellos tan básicos en otras partes del territorio catalán, como una red de cobertura digna que les permita comunicarse y trabajar en línea sin cortes en el suministro. Trabaja en red con otros pastores locales para vender su producto y garantizar el suministro a los establecimientos asociados de la zona. Ve en Ramats de Foc una oportunidad más para comunicarse y dignificar el servicio que prestan a la sociedad.</p>



<figure class="wp-block-gallery has-nested-images columns-default is-cropped wp-block-gallery-1 is-layout-flex wp-block-gallery-is-layout-flex">
<figure class="wp-block-image size-large"><img decoding="async" width="1024" height="683" data-id="1890" data-src="https://www.ramatsdefoc.org/wp-content/uploads/2022/12/ISIDROMARTORELL_RAMATSDEFOC_5_websize-1024x683.jpg" alt="" class="wp-image-1890 lazyload" data-srcset="https://www.ramatsdefoc.org/wp-content/uploads/2022/12/ISIDROMARTORELL_RAMATSDEFOC_5_websize-1024x683.jpg 1024w, https://www.ramatsdefoc.org/wp-content/uploads/2022/12/ISIDROMARTORELL_RAMATSDEFOC_5_websize-300x200.jpg 300w, https://www.ramatsdefoc.org/wp-content/uploads/2022/12/ISIDROMARTORELL_RAMATSDEFOC_5_websize-768x512.jpg 768w, https://www.ramatsdefoc.org/wp-content/uploads/2022/12/ISIDROMARTORELL_RAMATSDEFOC_5_websize-1536x1024.jpg 1536w, https://www.ramatsdefoc.org/wp-content/uploads/2022/12/ISIDROMARTORELL_RAMATSDEFOC_5_websize-1110x740.jpg 1110w, https://www.ramatsdefoc.org/wp-content/uploads/2022/12/ISIDROMARTORELL_RAMATSDEFOC_5_websize.jpg 1600w" data-sizes="(max-width: 1024px) 100vw, 1024px" src="data:image/svg+xml;base64,PHN2ZyB3aWR0aD0iMSIgaGVpZ2h0PSIxIiB4bWxucz0iaHR0cDovL3d3dy53My5vcmcvMjAwMC9zdmciPjwvc3ZnPg==" style="--smush-placeholder-width: 1024px; --smush-placeholder-aspect-ratio: 1024/683;" /></figure>
</figure>



<figure class="wp-block-gallery has-nested-images columns-default is-cropped wp-block-gallery-2 is-layout-flex wp-block-gallery-is-layout-flex">
<figure class="wp-block-image size-large"><img decoding="async" width="1024" height="683" data-id="1891" data-src="https://www.ramatsdefoc.org/wp-content/uploads/2022/12/ISIDROMARTORELL_RAMATSDEFOC_9_websize-1024x683.jpg" alt="" class="wp-image-1891 lazyload" data-srcset="https://www.ramatsdefoc.org/wp-content/uploads/2022/12/ISIDROMARTORELL_RAMATSDEFOC_9_websize-1024x683.jpg 1024w, https://www.ramatsdefoc.org/wp-content/uploads/2022/12/ISIDROMARTORELL_RAMATSDEFOC_9_websize-300x200.jpg 300w, https://www.ramatsdefoc.org/wp-content/uploads/2022/12/ISIDROMARTORELL_RAMATSDEFOC_9_websize-768x512.jpg 768w, https://www.ramatsdefoc.org/wp-content/uploads/2022/12/ISIDROMARTORELL_RAMATSDEFOC_9_websize-1536x1024.jpg 1536w, https://www.ramatsdefoc.org/wp-content/uploads/2022/12/ISIDROMARTORELL_RAMATSDEFOC_9_websize-1110x740.jpg 1110w, https://www.ramatsdefoc.org/wp-content/uploads/2022/12/ISIDROMARTORELL_RAMATSDEFOC_9_websize.jpg 1600w" data-sizes="(max-width: 1024px) 100vw, 1024px" src="data:image/svg+xml;base64,PHN2ZyB3aWR0aD0iMSIgaGVpZ2h0PSIxIiB4bWxucz0iaHR0cDovL3d3dy53My5vcmcvMjAwMC9zdmciPjwvc3ZnPg==" style="--smush-placeholder-width: 1024px; --smush-placeholder-aspect-ratio: 1024/683;" /></figure>
</figure>
