{"id":1911,"date":"2022-12-01T13:59:30","date_gmt":"2022-12-01T11:59:30","guid":{"rendered":"https:\/\/www.ramatsdefoc.org\/?post_type=fitxa_cataleg&#038;p=1911"},"modified":"2024-07-12T10:57:14","modified_gmt":"2024-07-12T08:57:14","slug":"eliseu-prieto","status":"publish","type":"fitxa_cataleg","link":"https:\/\/www.ramatsdefoc.org\/es\/fitxa_cataleg\/eliseu-prieto\/","title":{"rendered":"Eliseu Prieto"},"content":{"rendered":"\n<p>A Eliseu, la tradici\u00f3n ganadera le viene de familia. Su padre estuvo a cargo de un reba\u00f1o de m\u00e1s de 800 cabezas, y ambos han realizado transhumancia al norte de Catalu\u00f1a. Junto con su familia, tambi\u00e9n regenta una carnicer\u00eda local donde se aprovecha la producci\u00f3n c\u00e1rnica de la granja.<\/p>\n\n\n\n<p>Eliseu es vecino de la zona y conoce bien los problemas asociados a los incendios forestales. Desde hace algunos a\u00f1os trabaja, bajo la protecci\u00f3n del Parc Natural del Montsant, en algunas zonas estrat\u00e9gicas para la gesti\u00f3n del riesgo de incendios. Para \u00e9l, Ramats de Foc representa una oportunidad para poner en valor el producto final y el reconocimiento del servicio que presta al conjunto de la sociedad.<\/p>\n\n\n\n<figure class=\"wp-block-gallery has-nested-images columns-default is-cropped wp-block-gallery-1 is-layout-flex wp-block-gallery-is-layout-flex\">\n<figure class=\"wp-block-image size-large\"><img decoding=\"async\" width=\"1024\" height=\"683\" data-id=\"1897\" data-src=\"https:\/\/www.ramatsdefoc.org\/wp-content\/uploads\/2022\/12\/ELISEU_RAMATSDEFOC_8_websize-1024x683.jpg\" alt=\"\" class=\"wp-image-1897 lazyload\" data-srcset=\"https:\/\/www.ramatsdefoc.org\/wp-content\/uploads\/2022\/12\/ELISEU_RAMATSDEFOC_8_websize-1024x683.jpg 1024w, https:\/\/www.ramatsdefoc.org\/wp-content\/uploads\/2022\/12\/ELISEU_RAMATSDEFOC_8_websize-300x200.jpg 300w, https:\/\/www.ramatsdefoc.org\/wp-content\/uploads\/2022\/12\/ELISEU_RAMATSDEFOC_8_websize-768x512.jpg 768w, https:\/\/www.ramatsdefoc.org\/wp-content\/uploads\/2022\/12\/ELISEU_RAMATSDEFOC_8_websize-1536x1024.jpg 1536w, https:\/\/www.ramatsdefoc.org\/wp-content\/uploads\/2022\/12\/ELISEU_RAMATSDEFOC_8_websize-1110x740.jpg 1110w, https:\/\/www.ramatsdefoc.org\/wp-content\/uploads\/2022\/12\/ELISEU_RAMATSDEFOC_8_websize.jpg 1600w\" data-sizes=\"(max-width: 1024px) 100vw, 1024px\" src=\"data:image\/svg+xml;base64,PHN2ZyB3aWR0aD0iMSIgaGVpZ2h0PSIxIiB4bWxucz0iaHR0cDovL3d3dy53My5vcmcvMjAwMC9zdmciPjwvc3ZnPg==\" style=\"--smush-placeholder-width: 1024px; --smush-placeholder-aspect-ratio: 1024\/683;\" \/><\/figure>\n<\/figure>\n\n\n\n<figure class=\"wp-block-gallery has-nested-images columns-default is-cropped wp-block-gallery-2 is-layout-flex wp-block-gallery-is-layout-flex\"><\/figure>\n","protected":false},"featured_media":1822,"template":"","activitat":[177],"producte":[185,183],"class_list":["post-1911","fitxa_cataleg","type-fitxa_cataleg","status-publish","has-post-thumbnail","hentry","activitat-ganadero-a","producte-cabrito","producte-cordero","resize-featured-image"],"acf":{"localitat":"Ulldemolins","comarca":"Priorat","certificacio_ecologica":"no","telefon":"","email":"","pagina_web":"","ramat":"180 ovelles de ra\u00e7a ripollesa i 30 cabres blanques de Rasquera","venta_directa":"","relacio_proveidors":null,"tipus_establiment":["ramader"],"productes":["xai","cabrit"]},"_links":{"self":[{"href":"https:\/\/www.ramatsdefoc.org\/es\/wp-json\/wp\/v2\/fitxa_cataleg\/1911","targetHints":{"allow":["GET"]}}],"collection":[{"href":"https:\/\/www.ramatsdefoc.org\/es\/wp-json\/wp\/v2\/fitxa_cataleg"}],"about":[{"href":"https:\/\/www.ramatsdefoc.org\/es\/wp-json\/wp\/v2\/types\/fitxa_cataleg"}],"wp:featuredmedia":[{"embeddable":true,"href":"https:\/\/www.ramatsdefoc.org\/es\/wp-json\/wp\/v2\/media\/1822"}],"wp:attachment":[{"href":"https:\/\/www.ramatsdefoc.org\/es\/wp-json\/wp\/v2\/media?parent=1911"}],"wp:term":[{"taxonomy":"activitat","embeddable":true,"href":"https:\/\/www.ramatsdefoc.org\/es\/wp-json\/wp\/v2\/activitat?post=1911"},{"taxonomy":"producte","embeddable":true,"href":"https:\/\/www.ramatsdefoc.org\/es\/wp-json\/wp\/v2\/producte?post=1911"}],"curies":[{"name":"wp","href":"https:\/\/api.w.org\/{rel}","templated":true}]}}

<p>A Eliseu, la tradición ganadera le viene de familia. Su padre estuvo a cargo de un rebaño de más de 800 cabezas, y ambos han realizado transhumancia al norte de Cataluña. Junto con su familia, también regenta una carnicería local donde se aprovecha la producción cárnica de la granja.</p>



<p>Eliseu es vecino de la zona y conoce bien los problemas asociados a los incendios forestales. Desde hace algunos años trabaja, bajo la protección del Parc Natural del Montsant, en algunas zonas estratégicas para la gestión del riesgo de incendios. Para él, Ramats de Foc representa una oportunidad para poner en valor el producto final y el reconocimiento del servicio que presta al conjunto de la sociedad.</p>



<figure class="wp-block-gallery has-nested-images columns-default is-cropped wp-block-gallery-1 is-layout-flex wp-block-gallery-is-layout-flex">
<figure class="wp-block-image size-large"><img decoding="async" width="1024" height="683" data-id="1897" data-src="https://www.ramatsdefoc.org/wp-content/uploads/2022/12/ELISEU_RAMATSDEFOC_8_websize-1024x683.jpg" alt="" class="wp-image-1897 lazyload" data-srcset="https://www.ramatsdefoc.org/wp-content/uploads/2022/12/ELISEU_RAMATSDEFOC_8_websize-1024x683.jpg 1024w, https://www.ramatsdefoc.org/wp-content/uploads/2022/12/ELISEU_RAMATSDEFOC_8_websize-300x200.jpg 300w, https://www.ramatsdefoc.org/wp-content/uploads/2022/12/ELISEU_RAMATSDEFOC_8_websize-768x512.jpg 768w, https://www.ramatsdefoc.org/wp-content/uploads/2022/12/ELISEU_RAMATSDEFOC_8_websize-1536x1024.jpg 1536w, https://www.ramatsdefoc.org/wp-content/uploads/2022/12/ELISEU_RAMATSDEFOC_8_websize-1110x740.jpg 1110w, https://www.ramatsdefoc.org/wp-content/uploads/2022/12/ELISEU_RAMATSDEFOC_8_websize.jpg 1600w" data-sizes="(max-width: 1024px) 100vw, 1024px" src="data:image/svg+xml;base64,PHN2ZyB3aWR0aD0iMSIgaGVpZ2h0PSIxIiB4bWxucz0iaHR0cDovL3d3dy53My5vcmcvMjAwMC9zdmciPjwvc3ZnPg==" style="--smush-placeholder-width: 1024px; --smush-placeholder-aspect-ratio: 1024/683;" /></figure>
</figure>



<figure class="wp-block-gallery has-nested-images columns-default is-cropped wp-block-gallery-2 is-layout-flex wp-block-gallery-is-layout-flex"></figure>

180 ovelles de raça ripollesa i 30 cabres blanques de Rasquera
