{"id":1627,"date":"2022-11-04T10:19:18","date_gmt":"2022-11-04T08:19:18","guid":{"rendered":"https:\/\/www.ramatsdefoc.org\/?post_type=fitxa_cataleg&#038;p=1627"},"modified":"2024-07-11T16:39:03","modified_gmt":"2024-07-11T14:39:03","slug":"isaac-muntas","status":"publish","type":"fitxa_cataleg","link":"https:\/\/www.ramatsdefoc.org\/es\/fitxa_cataleg\/isaac-muntas\/","title":{"rendered":"Isaac Muntas"},"content":{"rendered":"\n<p>Isaac es el pastor m\u00e1s joven de las Monta\u00f1as de Prades, de Vilaplana. Es pastor trashumante. <br><br>Si bien tiene cierta influencia ganadera en la familia, es gracias a su motivaci\u00f3n, inter\u00e9s y vocaci\u00f3n que se plantea ampliar el reba\u00f1o hasta m\u00e1s del doble actual, por lo que la tasa de reposici\u00f3n actual es bastante elevada. Ve en <em>Ramats de Foc<\/em> la oportunidad para redirigir su tipo de plan comercial y enfocarlo a la venta directa en circuito corto. Tambi\u00e9n valora el reconocimiento de su labor y el asesoramiento recibido por parte del equipo.<\/p>\n\n\n\n<figure class=\"wp-block-gallery has-nested-images columns-default is-cropped wp-block-gallery-1 is-layout-flex wp-block-gallery-is-layout-flex\">\n<figure class=\"wp-block-image size-large\"><img decoding=\"async\" width=\"1024\" height=\"683\" data-id=\"1846\" data-src=\"https:\/\/www.ramatsdefoc.org\/wp-content\/uploads\/2022\/12\/ISAAC_RAMATSDEFOC_23_websize-1024x683.jpg\" alt=\"\" class=\"wp-image-1846 lazyload\" data-srcset=\"https:\/\/www.ramatsdefoc.org\/wp-content\/uploads\/2022\/12\/ISAAC_RAMATSDEFOC_23_websize-1024x683.jpg 1024w, https:\/\/www.ramatsdefoc.org\/wp-content\/uploads\/2022\/12\/ISAAC_RAMATSDEFOC_23_websize-300x200.jpg 300w, https:\/\/www.ramatsdefoc.org\/wp-content\/uploads\/2022\/12\/ISAAC_RAMATSDEFOC_23_websize-768x512.jpg 768w, https:\/\/www.ramatsdefoc.org\/wp-content\/uploads\/2022\/12\/ISAAC_RAMATSDEFOC_23_websize-1536x1024.jpg 1536w, https:\/\/www.ramatsdefoc.org\/wp-content\/uploads\/2022\/12\/ISAAC_RAMATSDEFOC_23_websize-1110x740.jpg 1110w, https:\/\/www.ramatsdefoc.org\/wp-content\/uploads\/2022\/12\/ISAAC_RAMATSDEFOC_23_websize.jpg 1600w\" data-sizes=\"(max-width: 1024px) 100vw, 1024px\" src=\"data:image\/svg+xml;base64,PHN2ZyB3aWR0aD0iMSIgaGVpZ2h0PSIxIiB4bWxucz0iaHR0cDovL3d3dy53My5vcmcvMjAwMC9zdmciPjwvc3ZnPg==\" style=\"--smush-placeholder-width: 1024px; --smush-placeholder-aspect-ratio: 1024\/683;\" \/><\/figure>\n<\/figure>\n\n\n\n<figure class=\"wp-block-gallery has-nested-images columns-default is-cropped wp-block-gallery-2 is-layout-flex wp-block-gallery-is-layout-flex\">\n<figure class=\"wp-block-image size-large\"><img decoding=\"async\" width=\"1024\" height=\"683\" data-id=\"1842\" data-src=\"https:\/\/www.ramatsdefoc.org\/wp-content\/uploads\/2022\/12\/ISAAC_RAMATSDEFOC_20_websize-1024x683.jpg\" alt=\"\" class=\"wp-image-1842 lazyload\" data-srcset=\"https:\/\/www.ramatsdefoc.org\/wp-content\/uploads\/2022\/12\/ISAAC_RAMATSDEFOC_20_websize-1024x683.jpg 1024w, https:\/\/www.ramatsdefoc.org\/wp-content\/uploads\/2022\/12\/ISAAC_RAMATSDEFOC_20_websize-300x200.jpg 300w, https:\/\/www.ramatsdefoc.org\/wp-content\/uploads\/2022\/12\/ISAAC_RAMATSDEFOC_20_websize-768x512.jpg 768w, https:\/\/www.ramatsdefoc.org\/wp-content\/uploads\/2022\/12\/ISAAC_RAMATSDEFOC_20_websize-1536x1024.jpg 1536w, https:\/\/www.ramatsdefoc.org\/wp-content\/uploads\/2022\/12\/ISAAC_RAMATSDEFOC_20_websize-1110x740.jpg 1110w, https:\/\/www.ramatsdefoc.org\/wp-content\/uploads\/2022\/12\/ISAAC_RAMATSDEFOC_20_websize.jpg 1600w\" data-sizes=\"(max-width: 1024px) 100vw, 1024px\" src=\"data:image\/svg+xml;base64,PHN2ZyB3aWR0aD0iMSIgaGVpZ2h0PSIxIiB4bWxucz0iaHR0cDovL3d3dy53My5vcmcvMjAwMC9zdmciPjwvc3ZnPg==\" style=\"--smush-placeholder-width: 1024px; --smush-placeholder-aspect-ratio: 1024\/683;\" \/><\/figure>\n<\/figure>\n","protected":false},"featured_media":1597,"template":"","activitat":[177],"producte":[185],"class_list":["post-1627","fitxa_cataleg","type-fitxa_cataleg","status-publish","has-post-thumbnail","hentry","activitat-ganadero-a","producte-cabrito","resize-featured-image"],"acf":{"localitat":"Vilaplana","comarca":"Baix Camp","certificacio_ecologica":"si","telefon":"","email":"","pagina_web":"https:\/\/ramaderialanostraserra.com\/","ramat":"200 cabres de ra\u00e7a blanca de rasquera","venta_directa":"","relacio_proveidors":null,"tipus_establiment":["ramader"],"productes":["cabrit"]},"_links":{"self":[{"href":"https:\/\/www.ramatsdefoc.org\/es\/wp-json\/wp\/v2\/fitxa_cataleg\/1627","targetHints":{"allow":["GET"]}}],"collection":[{"href":"https:\/\/www.ramatsdefoc.org\/es\/wp-json\/wp\/v2\/fitxa_cataleg"}],"about":[{"href":"https:\/\/www.ramatsdefoc.org\/es\/wp-json\/wp\/v2\/types\/fitxa_cataleg"}],"wp:featuredmedia":[{"embeddable":true,"href":"https:\/\/www.ramatsdefoc.org\/es\/wp-json\/wp\/v2\/media\/1597"}],"wp:attachment":[{"href":"https:\/\/www.ramatsdefoc.org\/es\/wp-json\/wp\/v2\/media?parent=1627"}],"wp:term":[{"taxonomy":"activitat","embeddable":true,"href":"https:\/\/www.ramatsdefoc.org\/es\/wp-json\/wp\/v2\/activitat?post=1627"},{"taxonomy":"producte","embeddable":true,"href":"https:\/\/www.ramatsdefoc.org\/es\/wp-json\/wp\/v2\/producte?post=1627"}],"curies":[{"name":"wp","href":"https:\/\/api.w.org\/{rel}","templated":true}]}}

<p>Isaac es el pastor más joven de las Montañas de Prades, de Vilaplana. Es pastor trashumante. <br><br>Si bien tiene cierta influencia ganadera en la familia, es gracias a su motivación, interés y vocación que se plantea ampliar el rebaño hasta más del doble actual, por lo que la tasa de reposición actual es bastante elevada. Ve en <em>Ramats de Foc</em> la oportunidad para redirigir su tipo de plan comercial y enfocarlo a la venta directa en circuito corto. También valora el reconocimiento de su labor y el asesoramiento recibido por parte del equipo.</p>



<figure class="wp-block-gallery has-nested-images columns-default is-cropped wp-block-gallery-1 is-layout-flex wp-block-gallery-is-layout-flex">
<figure class="wp-block-image size-large"><img decoding="async" width="1024" height="683" data-id="1846" data-src="https://www.ramatsdefoc.org/wp-content/uploads/2022/12/ISAAC_RAMATSDEFOC_23_websize-1024x683.jpg" alt="" class="wp-image-1846 lazyload" data-srcset="https://www.ramatsdefoc.org/wp-content/uploads/2022/12/ISAAC_RAMATSDEFOC_23_websize-1024x683.jpg 1024w, https://www.ramatsdefoc.org/wp-content/uploads/2022/12/ISAAC_RAMATSDEFOC_23_websize-300x200.jpg 300w, https://www.ramatsdefoc.org/wp-content/uploads/2022/12/ISAAC_RAMATSDEFOC_23_websize-768x512.jpg 768w, https://www.ramatsdefoc.org/wp-content/uploads/2022/12/ISAAC_RAMATSDEFOC_23_websize-1536x1024.jpg 1536w, https://www.ramatsdefoc.org/wp-content/uploads/2022/12/ISAAC_RAMATSDEFOC_23_websize-1110x740.jpg 1110w, https://www.ramatsdefoc.org/wp-content/uploads/2022/12/ISAAC_RAMATSDEFOC_23_websize.jpg 1600w" data-sizes="(max-width: 1024px) 100vw, 1024px" src="data:image/svg+xml;base64,PHN2ZyB3aWR0aD0iMSIgaGVpZ2h0PSIxIiB4bWxucz0iaHR0cDovL3d3dy53My5vcmcvMjAwMC9zdmciPjwvc3ZnPg==" style="--smush-placeholder-width: 1024px; --smush-placeholder-aspect-ratio: 1024/683;" /></figure>
</figure>



<figure class="wp-block-gallery has-nested-images columns-default is-cropped wp-block-gallery-2 is-layout-flex wp-block-gallery-is-layout-flex">
<figure class="wp-block-image size-large"><img decoding="async" width="1024" height="683" data-id="1842" data-src="https://www.ramatsdefoc.org/wp-content/uploads/2022/12/ISAAC_RAMATSDEFOC_20_websize-1024x683.jpg" alt="" class="wp-image-1842 lazyload" data-srcset="https://www.ramatsdefoc.org/wp-content/uploads/2022/12/ISAAC_RAMATSDEFOC_20_websize-1024x683.jpg 1024w, https://www.ramatsdefoc.org/wp-content/uploads/2022/12/ISAAC_RAMATSDEFOC_20_websize-300x200.jpg 300w, https://www.ramatsdefoc.org/wp-content/uploads/2022/12/ISAAC_RAMATSDEFOC_20_websize-768x512.jpg 768w, https://www.ramatsdefoc.org/wp-content/uploads/2022/12/ISAAC_RAMATSDEFOC_20_websize-1536x1024.jpg 1536w, https://www.ramatsdefoc.org/wp-content/uploads/2022/12/ISAAC_RAMATSDEFOC_20_websize-1110x740.jpg 1110w, https://www.ramatsdefoc.org/wp-content/uploads/2022/12/ISAAC_RAMATSDEFOC_20_websize.jpg 1600w" data-sizes="(max-width: 1024px) 100vw, 1024px" src="data:image/svg+xml;base64,PHN2ZyB3aWR0aD0iMSIgaGVpZ2h0PSIxIiB4bWxucz0iaHR0cDovL3d3dy53My5vcmcvMjAwMC9zdmciPjwvc3ZnPg==" style="--smush-placeholder-width: 1024px; --smush-placeholder-aspect-ratio: 1024/683;" /></figure>
</figure>

200 cabres de raça blanca de rasquera
