{"id":1598,"date":"2022-11-04T10:25:17","date_gmt":"2022-11-04T08:25:17","guid":{"rendered":"https:\/\/www.ramatsdefoc.org\/?post_type=fitxa_cataleg&#038;p=1598"},"modified":"2024-05-15T16:32:00","modified_gmt":"2024-05-15T14:32:00","slug":"anna-i-pere","status":"publish","type":"fitxa_cataleg","link":"https:\/\/www.ramatsdefoc.org\/es\/fitxa_cataleg\/anna-i-pere\/","title":{"rendered":"Anna i Pere"},"content":{"rendered":"\n<p>L\u2019Anna i el Pere s\u00f3n dos socis que fa aproximadament vuit anys van decidir apostar pel sector ramader i unir forces per crear la seva pr\u00f2pia explotaci\u00f3. Amb molta vocaci\u00f3, motivaci\u00f3 i formaci\u00f3, han aconseguit dur l\u2019explotaci\u00f3 endavant i tenir la seva pr\u00f2pia marca (La Segalla) sota la qual venen els productes que elaboren. S\u00f3n conscients del valor afegit que suposa pasturar en \u00e0rees estrat\u00e8giques de cara a la prevenci\u00f3 d\u2019incendis i de la gesti\u00f3 de l\u2019emerg\u00e8ncia. &nbsp;<\/p>\n\n\n\n<figure class=\"wp-block-gallery has-nested-images columns-default is-cropped wp-block-gallery-1 is-layout-flex wp-block-gallery-is-layout-flex\">\n<figure class=\"wp-block-image size-large\"><img decoding=\"async\" width=\"1024\" height=\"683\" data-id=\"1856\" data-src=\"https:\/\/www.ramatsdefoc.org\/wp-content\/uploads\/2022\/12\/ANNAPERE_RAMATSDEFOC_14_websize-1024x683.jpg\" alt=\"\" class=\"wp-image-1856 lazyload\" data-srcset=\"https:\/\/www.ramatsdefoc.org\/wp-content\/uploads\/2022\/12\/ANNAPERE_RAMATSDEFOC_14_websize-1024x683.jpg 1024w, https:\/\/www.ramatsdefoc.org\/wp-content\/uploads\/2022\/12\/ANNAPERE_RAMATSDEFOC_14_websize-300x200.jpg 300w, https:\/\/www.ramatsdefoc.org\/wp-content\/uploads\/2022\/12\/ANNAPERE_RAMATSDEFOC_14_websize-768x512.jpg 768w, https:\/\/www.ramatsdefoc.org\/wp-content\/uploads\/2022\/12\/ANNAPERE_RAMATSDEFOC_14_websize-1536x1024.jpg 1536w, https:\/\/www.ramatsdefoc.org\/wp-content\/uploads\/2022\/12\/ANNAPERE_RAMATSDEFOC_14_websize-1110x740.jpg 1110w, https:\/\/www.ramatsdefoc.org\/wp-content\/uploads\/2022\/12\/ANNAPERE_RAMATSDEFOC_14_websize.jpg 1600w\" data-sizes=\"(max-width: 1024px) 100vw, 1024px\" src=\"data:image\/svg+xml;base64,PHN2ZyB3aWR0aD0iMSIgaGVpZ2h0PSIxIiB4bWxucz0iaHR0cDovL3d3dy53My5vcmcvMjAwMC9zdmciPjwvc3ZnPg==\" style=\"--smush-placeholder-width: 1024px; --smush-placeholder-aspect-ratio: 1024\/683;\" \/><\/figure>\n<\/figure>\n\n\n\n<figure class=\"wp-block-gallery has-nested-images columns-default is-cropped wp-block-gallery-2 is-layout-flex wp-block-gallery-is-layout-flex\">\n<figure class=\"wp-block-image size-large\"><img decoding=\"async\" width=\"1024\" height=\"683\" data-id=\"1853\" data-src=\"https:\/\/www.ramatsdefoc.org\/wp-content\/uploads\/2022\/12\/ANNAPERE_RAMATSDEFOC_21_websize-1024x683.jpg\" alt=\"\" class=\"wp-image-1853 lazyload\" data-srcset=\"https:\/\/www.ramatsdefoc.org\/wp-content\/uploads\/2022\/12\/ANNAPERE_RAMATSDEFOC_21_websize-1024x683.jpg 1024w, https:\/\/www.ramatsdefoc.org\/wp-content\/uploads\/2022\/12\/ANNAPERE_RAMATSDEFOC_21_websize-300x200.jpg 300w, https:\/\/www.ramatsdefoc.org\/wp-content\/uploads\/2022\/12\/ANNAPERE_RAMATSDEFOC_21_websize-768x512.jpg 768w, https:\/\/www.ramatsdefoc.org\/wp-content\/uploads\/2022\/12\/ANNAPERE_RAMATSDEFOC_21_websize-1536x1024.jpg 1536w, https:\/\/www.ramatsdefoc.org\/wp-content\/uploads\/2022\/12\/ANNAPERE_RAMATSDEFOC_21_websize-1110x740.jpg 1110w, https:\/\/www.ramatsdefoc.org\/wp-content\/uploads\/2022\/12\/ANNAPERE_RAMATSDEFOC_21_websize.jpg 1600w\" data-sizes=\"(max-width: 1024px) 100vw, 1024px\" src=\"data:image\/svg+xml;base64,PHN2ZyB3aWR0aD0iMSIgaGVpZ2h0PSIxIiB4bWxucz0iaHR0cDovL3d3dy53My5vcmcvMjAwMC9zdmciPjwvc3ZnPg==\" style=\"--smush-placeholder-width: 1024px; --smush-placeholder-aspect-ratio: 1024\/683;\" \/><\/figure>\n<\/figure>\n","protected":false},"featured_media":1599,"template":"","activitat":[171],"producte":[192,196],"class_list":["post-1598","fitxa_cataleg","type-fitxa_cataleg","status-publish","has-post-thumbnail","hentry","activitat-ramader-a","producte-formatges-de-cabra","producte-iogurt-de-cabra","resize-featured-image"],"acf":{"localitat":"Albiol","comarca":"Baix Camp","certificacio_ecologica":"si","telefon":"","email":"","pagina_web":"https:\/\/www.lasegalla.cat\/","ramat":"120 cabres payoyes","venta_directa":"","relacio_proveidors":null,"tipus_establiment":["ramader"],"productes":["formatge_cabra","iogurt_cabra"]},"_links":{"self":[{"href":"https:\/\/www.ramatsdefoc.org\/es\/wp-json\/wp\/v2\/fitxa_cataleg\/1598","targetHints":{"allow":["GET"]}}],"collection":[{"href":"https:\/\/www.ramatsdefoc.org\/es\/wp-json\/wp\/v2\/fitxa_cataleg"}],"about":[{"href":"https:\/\/www.ramatsdefoc.org\/es\/wp-json\/wp\/v2\/types\/fitxa_cataleg"}],"wp:featuredmedia":[{"embeddable":true,"href":"https:\/\/www.ramatsdefoc.org\/es\/wp-json\/wp\/v2\/media\/1599"}],"wp:attachment":[{"href":"https:\/\/www.ramatsdefoc.org\/es\/wp-json\/wp\/v2\/media?parent=1598"}],"wp:term":[{"taxonomy":"activitat","embeddable":true,"href":"https:\/\/www.ramatsdefoc.org\/es\/wp-json\/wp\/v2\/activitat?post=1598"},{"taxonomy":"producte","embeddable":true,"href":"https:\/\/www.ramatsdefoc.org\/es\/wp-json\/wp\/v2\/producte?post=1598"}],"curies":[{"name":"wp","href":"https:\/\/api.w.org\/{rel}","templated":true}]}}

<p>L’Anna i el Pere són dos socis que fa aproximadament vuit anys van decidir apostar pel sector ramader i unir forces per crear la seva pròpia explotació. Amb molta vocació, motivació i formació, han aconseguit dur l’explotació endavant i tenir la seva pròpia marca (La Segalla) sota la qual venen els productes que elaboren. Són conscients del valor afegit que suposa pasturar en àrees estratègiques de cara a la prevenció d’incendis i de la gestió de l’emergència. &nbsp;</p>



<figure class="wp-block-gallery has-nested-images columns-default is-cropped wp-block-gallery-1 is-layout-flex wp-block-gallery-is-layout-flex">
<figure class="wp-block-image size-large"><img decoding="async" width="1024" height="683" data-id="1856" data-src="https://www.ramatsdefoc.org/wp-content/uploads/2022/12/ANNAPERE_RAMATSDEFOC_14_websize-1024x683.jpg" alt="" class="wp-image-1856 lazyload" data-srcset="https://www.ramatsdefoc.org/wp-content/uploads/2022/12/ANNAPERE_RAMATSDEFOC_14_websize-1024x683.jpg 1024w, https://www.ramatsdefoc.org/wp-content/uploads/2022/12/ANNAPERE_RAMATSDEFOC_14_websize-300x200.jpg 300w, https://www.ramatsdefoc.org/wp-content/uploads/2022/12/ANNAPERE_RAMATSDEFOC_14_websize-768x512.jpg 768w, https://www.ramatsdefoc.org/wp-content/uploads/2022/12/ANNAPERE_RAMATSDEFOC_14_websize-1536x1024.jpg 1536w, https://www.ramatsdefoc.org/wp-content/uploads/2022/12/ANNAPERE_RAMATSDEFOC_14_websize-1110x740.jpg 1110w, https://www.ramatsdefoc.org/wp-content/uploads/2022/12/ANNAPERE_RAMATSDEFOC_14_websize.jpg 1600w" data-sizes="(max-width: 1024px) 100vw, 1024px" src="data:image/svg+xml;base64,PHN2ZyB3aWR0aD0iMSIgaGVpZ2h0PSIxIiB4bWxucz0iaHR0cDovL3d3dy53My5vcmcvMjAwMC9zdmciPjwvc3ZnPg==" style="--smush-placeholder-width: 1024px; --smush-placeholder-aspect-ratio: 1024/683;" /></figure>
</figure>



<figure class="wp-block-gallery has-nested-images columns-default is-cropped wp-block-gallery-2 is-layout-flex wp-block-gallery-is-layout-flex">
<figure class="wp-block-image size-large"><img decoding="async" width="1024" height="683" data-id="1853" data-src="https://www.ramatsdefoc.org/wp-content/uploads/2022/12/ANNAPERE_RAMATSDEFOC_21_websize-1024x683.jpg" alt="" class="wp-image-1853 lazyload" data-srcset="https://www.ramatsdefoc.org/wp-content/uploads/2022/12/ANNAPERE_RAMATSDEFOC_21_websize-1024x683.jpg 1024w, https://www.ramatsdefoc.org/wp-content/uploads/2022/12/ANNAPERE_RAMATSDEFOC_21_websize-300x200.jpg 300w, https://www.ramatsdefoc.org/wp-content/uploads/2022/12/ANNAPERE_RAMATSDEFOC_21_websize-768x512.jpg 768w, https://www.ramatsdefoc.org/wp-content/uploads/2022/12/ANNAPERE_RAMATSDEFOC_21_websize-1536x1024.jpg 1536w, https://www.ramatsdefoc.org/wp-content/uploads/2022/12/ANNAPERE_RAMATSDEFOC_21_websize-1110x740.jpg 1110w, https://www.ramatsdefoc.org/wp-content/uploads/2022/12/ANNAPERE_RAMATSDEFOC_21_websize.jpg 1600w" data-sizes="(max-width: 1024px) 100vw, 1024px" src="data:image/svg+xml;base64,PHN2ZyB3aWR0aD0iMSIgaGVpZ2h0PSIxIiB4bWxucz0iaHR0cDovL3d3dy53My5vcmcvMjAwMC9zdmciPjwvc3ZnPg==" style="--smush-placeholder-width: 1024px; --smush-placeholder-aspect-ratio: 1024/683;" /></figure>
</figure>
