{"id":1568,"date":"2022-09-15T12:14:37","date_gmt":"2022-09-15T10:14:37","guid":{"rendered":"https:\/\/www.ramatsdefoc.org\/?post_type=fitxa_cataleg&#038;p=1568"},"modified":"2025-09-02T09:44:29","modified_gmt":"2025-09-02T07:44:29","slug":"enric","status":"publish","type":"fitxa_cataleg","link":"https:\/\/www.ramatsdefoc.org\/es\/fitxa_cataleg\/enric\/","title":{"rendered":"Enric Francesch de La Quintana"},"content":{"rendered":"\n<p>Enric gestiona una peque\u00f1a manada de 60 animales de la raza aut\u00f3ctona de oveja&nbsp;ripollesa. A la finca p\u00fablica de Mas Quintana (Alta Garrotxa), usa la sectorizaci\u00f3n y rotaci\u00f3n de las zonas de pasto para conseguir el consumo intensivo pero sostenible de la hierba y los arbustos. Con esta tarea garantiza la conservaci\u00f3n de espacios abiertos que pueden servir de zona segura para las operaciones de extinci\u00f3n en caso de incendio, y tambi\u00e9n reduce el combustible vegetal de los bosques adyacentes.<\/p>\n","protected":false},"featured_media":1112,"template":"","activitat":[177],"producte":[183],"class_list":["post-1568","fitxa_cataleg","type-fitxa_cataleg","status-publish","has-post-thumbnail","hentry","activitat-ganadero-a","producte-cordero","resize-featured-image"],"acf":{"localitat":"Mas Quintana","comarca":"Garrotxa","certificacio_ecologica":"si","telefon":"+34 616 31 57 42","email":"Enricfrancesch@gmail.com","pagina_web":"","ramat":"Reba\u00f1o de 60 animales de la raza aut\u00f3ctona de oveja ripollesa.","venta_directa":"si","relacio_proveidors":"","tipus_establiment":["ramader"],"productes":["xai"]},"_links":{"self":[{"href":"https:\/\/www.ramatsdefoc.org\/es\/wp-json\/wp\/v2\/fitxa_cataleg\/1568","targetHints":{"allow":["GET"]}}],"collection":[{"href":"https:\/\/www.ramatsdefoc.org\/es\/wp-json\/wp\/v2\/fitxa_cataleg"}],"about":[{"href":"https:\/\/www.ramatsdefoc.org\/es\/wp-json\/wp\/v2\/types\/fitxa_cataleg"}],"wp:featuredmedia":[{"embeddable":true,"href":"https:\/\/www.ramatsdefoc.org\/es\/wp-json\/wp\/v2\/media\/1112"}],"wp:attachment":[{"href":"https:\/\/www.ramatsdefoc.org\/es\/wp-json\/wp\/v2\/media?parent=1568"}],"wp:term":[{"taxonomy":"activitat","embeddable":true,"href":"https:\/\/www.ramatsdefoc.org\/es\/wp-json\/wp\/v2\/activitat?post=1568"},{"taxonomy":"producte","embeddable":true,"href":"https:\/\/www.ramatsdefoc.org\/es\/wp-json\/wp\/v2\/producte?post=1568"}],"curies":[{"name":"wp","href":"https:\/\/api.w.org\/{rel}","templated":true}]}}

<p>Enric gestiona una pequeña manada de 60 animales de la raza autóctona de oveja&nbsp;ripollesa. A la finca pública de Mas Quintana (Alta Garrotxa), usa la sectorización y rotación de las zonas de pasto para conseguir el consumo intensivo pero sostenible de la hierba y los arbustos. Con esta tarea garantiza la conservación de espacios abiertos que pueden servir de zona segura para las operaciones de extinción en caso de incendio, y también reduce el combustible vegetal de los bosques adyacentes.</p>

Rebaño de 60 animales de la raza autóctona de oveja ripollesa.
