{"id":1536,"date":"2022-09-15T10:57:58","date_gmt":"2022-09-15T08:57:58","guid":{"rendered":"https:\/\/www.ramatsdefoc.org\/?post_type=fitxa_cataleg&#038;p=1536"},"modified":"2024-07-11T16:39:03","modified_gmt":"2024-07-11T14:39:03","slug":"marti-pujolar","status":"publish","type":"fitxa_cataleg","link":"https:\/\/www.ramatsdefoc.org\/es\/fitxa_cataleg\/marti-pujolar\/","title":{"rendered":"Mart\u00ed Pujolar"},"content":{"rendered":"\n<p>Mart\u00ed\u00a0Pujolar\u00a0tiene un reba\u00f1o de 28 vacas reproductoras de la raza salers que pacen los bosques de encinar y pino del\u00a0Seguer\u00f3, en Beuda. Mart\u00ed se basa en una gesti\u00f3n regenerativa de los pastos, minimizando el trabajo mec\u00e1nico en los campos y permitiendo que en los bosques el propio pasto del ganado ayude a hacer crecer un sotobosque herb\u00e1ceo y\u00a0palatable\u00a0en sustituci\u00f3n de la gran masa arbustiva con altos vol\u00famenes de combustible, reduciendo as\u00ed las posibilidades de propagaci\u00f3n del fuego en una zona estrat\u00e9gica.<\/p>\n","protected":false},"featured_media":1537,"template":"","activitat":[177],"producte":[],"class_list":["post-1536","fitxa_cataleg","type-fitxa_cataleg","status-publish","has-post-thumbnail","hentry","activitat-ganadero-a","resize-featured-image"],"acf":{"localitat":"Beuda","comarca":"Garrotxa","certificacio_ecologica":"si","telefon":"","email":"martipujolar@hotmail.com","pagina_web":"","ramat":"28 vaques reproductores de la ra\u00e7a salers","venta_directa":"","relacio_proveidors":null,"tipus_establiment":["ramader"],"productes":[]},"_links":{"self":[{"href":"https:\/\/www.ramatsdefoc.org\/es\/wp-json\/wp\/v2\/fitxa_cataleg\/1536","targetHints":{"allow":["GET"]}}],"collection":[{"href":"https:\/\/www.ramatsdefoc.org\/es\/wp-json\/wp\/v2\/fitxa_cataleg"}],"about":[{"href":"https:\/\/www.ramatsdefoc.org\/es\/wp-json\/wp\/v2\/types\/fitxa_cataleg"}],"wp:featuredmedia":[{"embeddable":true,"href":"https:\/\/www.ramatsdefoc.org\/es\/wp-json\/wp\/v2\/media\/1537"}],"wp:attachment":[{"href":"https:\/\/www.ramatsdefoc.org\/es\/wp-json\/wp\/v2\/media?parent=1536"}],"wp:term":[{"taxonomy":"activitat","embeddable":true,"href":"https:\/\/www.ramatsdefoc.org\/es\/wp-json\/wp\/v2\/activitat?post=1536"},{"taxonomy":"producte","embeddable":true,"href":"https:\/\/www.ramatsdefoc.org\/es\/wp-json\/wp\/v2\/producte?post=1536"}],"curies":[{"name":"wp","href":"https:\/\/api.w.org\/{rel}","templated":true}]}}

Martí Pujolar

<p>Martí Pujolar tiene un rebaño de 28 vacas reproductoras de la raza salers que pacen los bosques de encinar y pino del Segueró, en Beuda. Martí se basa en una gestión regenerativa de los pastos, minimizando el trabajo mecánico en los campos y permitiendo que en los bosques el propio pasto del ganado ayude a hacer crecer un sotobosque herbáceo y palatable en sustitución de la gran masa arbustiva con altos volúmenes de combustible, reduciendo así las posibilidades de propagación del fuego en una zona estratégica.</p>

28 vaques reproductores de la raça salers
