{"id":1527,"date":"2022-09-15T10:47:53","date_gmt":"2022-09-15T08:47:53","guid":{"rendered":"https:\/\/www.ramatsdefoc.org\/?post_type=fitxa_cataleg&#038;p=1527"},"modified":"2024-07-11T16:39:04","modified_gmt":"2024-07-11T14:39:04","slug":"david-juan","status":"publish","type":"fitxa_cataleg","link":"https:\/\/www.ramatsdefoc.org\/es\/fitxa_cataleg\/david-juan\/","title":{"rendered":"David Juan"},"content":{"rendered":"\n<p>David Juan tiene un reba\u00f1o de 300 ovejas y 60 cabras, que pacen diariamente por las zonas forestales alrededor del pueblo de Biure, en el Alt Empord\u00e0, en una zona con elevado riesgo de incendios. La presencia de su ganado sirve por el mantenimiento de sectores estrat\u00e9gicos para la gesti\u00f3n de los incendios, tanto al per\u00edmetro del pueblo como alrededor de los grandes cauces de comunicaci\u00f3n pr\u00f3ximos, mediante el control de combustible vegetal.<\/p>\n","protected":false},"featured_media":1524,"template":"","activitat":[177],"producte":[183],"class_list":["post-1527","fitxa_cataleg","type-fitxa_cataleg","status-publish","has-post-thumbnail","hentry","activitat-ganadero-a","producte-cordero","resize-featured-image"],"acf":{"localitat":"Biure","comarca":"Alt Empord\u00e0","certificacio_ecologica":"no","telefon":"\u200e+34 629 70 84 39","email":"","pagina_web":"","ramat":"300 ovelles i 60 cabres","venta_directa":"","relacio_proveidors":null,"tipus_establiment":["ramader"],"productes":["xai"]},"_links":{"self":[{"href":"https:\/\/www.ramatsdefoc.org\/es\/wp-json\/wp\/v2\/fitxa_cataleg\/1527","targetHints":{"allow":["GET"]}}],"collection":[{"href":"https:\/\/www.ramatsdefoc.org\/es\/wp-json\/wp\/v2\/fitxa_cataleg"}],"about":[{"href":"https:\/\/www.ramatsdefoc.org\/es\/wp-json\/wp\/v2\/types\/fitxa_cataleg"}],"wp:featuredmedia":[{"embeddable":true,"href":"https:\/\/www.ramatsdefoc.org\/es\/wp-json\/wp\/v2\/media\/1524"}],"wp:attachment":[{"href":"https:\/\/www.ramatsdefoc.org\/es\/wp-json\/wp\/v2\/media?parent=1527"}],"wp:term":[{"taxonomy":"activitat","embeddable":true,"href":"https:\/\/www.ramatsdefoc.org\/es\/wp-json\/wp\/v2\/activitat?post=1527"},{"taxonomy":"producte","embeddable":true,"href":"https:\/\/www.ramatsdefoc.org\/es\/wp-json\/wp\/v2\/producte?post=1527"}],"curies":[{"name":"wp","href":"https:\/\/api.w.org\/{rel}","templated":true}]}}

<p>David Juan tiene un rebaño de 300 ovejas y 60 cabras, que pacen diariamente por las zonas forestales alrededor del pueblo de Biure, en el Alt Empordà, en una zona con elevado riesgo de incendios. La presencia de su ganado sirve por el mantenimiento de sectores estratégicos para la gestión de los incendios, tanto al perímetro del pueblo como alrededor de los grandes cauces de comunicación próximos, mediante el control de combustible vegetal.</p>

Alt Empordà
