{"id":1418,"date":"2022-09-12T16:08:17","date_gmt":"2022-09-12T14:08:17","guid":{"rendered":"https:\/\/www.ramatsdefoc.org\/?post_type=fitxa_cataleg&#038;p=1418"},"modified":"2024-07-11T16:39:04","modified_gmt":"2024-07-11T14:39:04","slug":"victor","status":"publish","type":"fitxa_cataleg","link":"https:\/\/www.ramatsdefoc.org\/es\/fitxa_cataleg\/victor\/","title":{"rendered":"V\u00edctor Rojas"},"content":{"rendered":"\n<p>V\u00edctor Rojas de la explotaci\u00f3n&nbsp;Ark\u00e0dia&nbsp;pasta un reba\u00f1o de 220 ovejas de raza&nbsp;ripollesa&nbsp;a lo largo de diferentes lugares de la geograf\u00eda catalana. Es un pastor que mantiene la herencia cultural de hacer la trashumancia. Mientras que en \u00e9pocas fr\u00edas las ovejas se est\u00e1n a La Vinyeta, finca vin\u00edcola que ayuda a mantener; cuando llega la primavera el reba\u00f1o se desplaza en el Parque Natural del Cap de Creus, donde la alimentaci\u00f3n a partir de plantas y arbustos ayuda a disminuir la carga de combustible en&nbsp;oliveras, vi\u00f1as y p\u00e1ramos en los entornos de Cadaqu\u00e9s, en un sector con un elevado riesgo de incendios forestales y en el momento estrat\u00e9gico antes de los calores de verano. En verano, el reba\u00f1o sube hasta los Pirineos, donde recupera fuerzas.<\/p>\n","protected":false},"featured_media":1377,"template":"","activitat":[177],"producte":[],"class_list":["post-1418","fitxa_cataleg","type-fitxa_cataleg","status-publish","has-post-thumbnail","hentry","activitat-ganadero-a","resize-featured-image"],"acf":{"localitat":"Cap de Creus","comarca":"Alt Empord\u00e0","certificacio_ecologica":"si","telefon":"696328775","email":"","pagina_web":"","ramat":"220 ovelles de ra\u00e7a ripollesa","venta_directa":"","relacio_proveidors":null,"tipus_establiment":["ramader"],"productes":[]},"_links":{"self":[{"href":"https:\/\/www.ramatsdefoc.org\/es\/wp-json\/wp\/v2\/fitxa_cataleg\/1418","targetHints":{"allow":["GET"]}}],"collection":[{"href":"https:\/\/www.ramatsdefoc.org\/es\/wp-json\/wp\/v2\/fitxa_cataleg"}],"about":[{"href":"https:\/\/www.ramatsdefoc.org\/es\/wp-json\/wp\/v2\/types\/fitxa_cataleg"}],"wp:featuredmedia":[{"embeddable":true,"href":"https:\/\/www.ramatsdefoc.org\/es\/wp-json\/wp\/v2\/media\/1377"}],"wp:attachment":[{"href":"https:\/\/www.ramatsdefoc.org\/es\/wp-json\/wp\/v2\/media?parent=1418"}],"wp:term":[{"taxonomy":"activitat","embeddable":true,"href":"https:\/\/www.ramatsdefoc.org\/es\/wp-json\/wp\/v2\/activitat?post=1418"},{"taxonomy":"producte","embeddable":true,"href":"https:\/\/www.ramatsdefoc.org\/es\/wp-json\/wp\/v2\/producte?post=1418"}],"curies":[{"name":"wp","href":"https:\/\/api.w.org\/{rel}","templated":true}]}}

Víctor Rojas

<p>Víctor Rojas de la explotación&nbsp;Arkàdia&nbsp;pasta un rebaño de 220 ovejas de raza&nbsp;ripollesa&nbsp;a lo largo de diferentes lugares de la geografía catalana. Es un pastor que mantiene la herencia cultural de hacer la trashumancia. Mientras que en épocas frías las ovejas se están a La Vinyeta, finca vinícola que ayuda a mantener; cuando llega la primavera el rebaño se desplaza en el Parque Natural del Cap de Creus, donde la alimentación a partir de plantas y arbustos ayuda a disminuir la carga de combustible en&nbsp;oliveras, viñas y páramos en los entornos de Cadaqués, en un sector con un elevado riesgo de incendios forestales y en el momento estratégico antes de los calores de verano. En verano, el rebaño sube hasta los Pirineos, donde recupera fuerzas.</p>

Alt Empordà

220 ovelles de raça ripollesa
