{"id":1292,"date":"2022-08-03T11:33:58","date_gmt":"2022-08-03T09:33:58","guid":{"rendered":"https:\/\/www.ramatsdefoc.org\/?post_type=fitxa_cataleg&#038;p=1292"},"modified":"2025-05-23T13:36:50","modified_gmt":"2025-05-23T11:36:50","slug":"marta","status":"publish","type":"fitxa_cataleg","link":"https:\/\/www.ramatsdefoc.org\/es\/fitxa_cataleg\/marta\/","title":{"rendered":"Marta Carola de Finca Baussitges"},"content":{"rendered":"\n<p>Marta cuida de un reba\u00f1o de m\u00e1s de 300 vacas de la raza aut\u00f3ctona catalana de la&nbsp;albera&nbsp;que pacen en libertad por la monta\u00f1a mediterr\u00e1nea de la finca de&nbsp;Baussitges, en el Paraje Natural del&nbsp;Albera. El reba\u00f1o es el \u00faltimo que quedaba de esta raza en peligro de extinci\u00f3n, que empieza recuperarse&nbsp;gracias a la Asociaci\u00f3n&nbsp;Baussitges&nbsp;de Amigos de la Vaca de la&nbsp;Albera, impulsada por Marta. Se trata de una raza \u00e1gil y adaptada al entorno, que pace bosques estrat\u00e9gicos en una zona con alto riesgo de incendios.<\/p>\n","protected":false},"featured_media":785,"template":"","activitat":[177],"producte":[187],"class_list":["post-1292","fitxa_cataleg","type-fitxa_cataleg","status-publish","has-post-thumbnail","hentry","activitat-ganadero-a","producte-ternera","resize-featured-image"],"acf":{"localitat":"Espolla","comarca":"Alt Empord\u00e0","certificacio_ecologica":"si","telefon":"679 16 60 45","email":"lesalbereseco@gmail.com","pagina_web":"https:\/\/www.baussitges.com\/es\/index.html","ramat":"300 vaques de la ra\u00e7a aut\u00f2ctona catalana de l\u2019albera","venta_directa":"","relacio_proveidors":null,"tipus_establiment":["ramader"],"productes":[]},"_links":{"self":[{"href":"https:\/\/www.ramatsdefoc.org\/es\/wp-json\/wp\/v2\/fitxa_cataleg\/1292","targetHints":{"allow":["GET"]}}],"collection":[{"href":"https:\/\/www.ramatsdefoc.org\/es\/wp-json\/wp\/v2\/fitxa_cataleg"}],"about":[{"href":"https:\/\/www.ramatsdefoc.org\/es\/wp-json\/wp\/v2\/types\/fitxa_cataleg"}],"wp:featuredmedia":[{"embeddable":true,"href":"https:\/\/www.ramatsdefoc.org\/es\/wp-json\/wp\/v2\/media\/785"}],"wp:attachment":[{"href":"https:\/\/www.ramatsdefoc.org\/es\/wp-json\/wp\/v2\/media?parent=1292"}],"wp:term":[{"taxonomy":"activitat","embeddable":true,"href":"https:\/\/www.ramatsdefoc.org\/es\/wp-json\/wp\/v2\/activitat?post=1292"},{"taxonomy":"producte","embeddable":true,"href":"https:\/\/www.ramatsdefoc.org\/es\/wp-json\/wp\/v2\/producte?post=1292"}],"curies":[{"name":"wp","href":"https:\/\/api.w.org\/{rel}","templated":true}]}}

<p>Marta cuida de un rebaño de más de 300 vacas de la raza autóctona catalana de la&nbsp;albera&nbsp;que pacen en libertad por la montaña mediterránea de la finca de&nbsp;Baussitges, en el Paraje Natural del&nbsp;Albera. El rebaño es el último que quedaba de esta raza en peligro de extinción, que empieza recuperarse&nbsp;gracias a la Asociación&nbsp;Baussitges&nbsp;de Amigos de la Vaca de la&nbsp;Albera, impulsada por Marta. Se trata de una raza ágil y adaptada al entorno, que pace bosques estratégicos en una zona con alto riesgo de incendios.</p>

Alt Empordà

300 vaques de la raça autòctona catalana de l’albera
