{"id":1286,"date":"2022-08-03T10:28:06","date_gmt":"2022-08-03T08:28:06","guid":{"rendered":"https:\/\/www.ramatsdefoc.org\/?post_type=fitxa_cataleg&#038;p=1286"},"modified":"2024-07-11T16:39:06","modified_gmt":"2024-07-11T14:39:06","slug":"miguel-angel-y-juan-antonio","status":"publish","type":"fitxa_cataleg","link":"https:\/\/www.ramatsdefoc.org\/es\/fitxa_cataleg\/miguel-angel-y-juan-antonio\/","title":{"rendered":"Miguel \u00c1ngel y Juan Antonio"},"content":{"rendered":"\n<p>Miguel \u00c1ngel contin\u00faa con la actividad ganadera de la familia con la explotaci\u00f3n de 600 cabras de raza florecida y malague\u00f1a. Su padre, en Juan Antonio, llevas las 1.100 ovejas&nbsp;segure\u00f1as&nbsp;y&nbsp;rolla&nbsp;del&nbsp;rossell\u00f3. Los dos reba\u00f1os pastan desde hace generaciones por los bosques de pinar y chaparral de la zona de&nbsp;Sobrestany&nbsp;y por la monta\u00f1a p\u00fablica en los alrededores del&nbsp;Montgr\u00ed, las dos con un especial riesgo de incendio.<\/p>\n","protected":false},"featured_media":772,"template":"","activitat":[177],"producte":[],"class_list":["post-1286","fitxa_cataleg","type-fitxa_cataleg","status-publish","has-post-thumbnail","hentry","activitat-ganadero-a","resize-featured-image"],"acf":{"localitat":"Ull\u00e0 ","comarca":"Baix Empord\u00e0","certificacio_ecologica":"no","telefon":"689 36 42 93","email":"","pagina_web":"","ramat":"600 cabres de ra\u00e7a florida i malaguenya i 1.100 ovelles segurenyes i rolla del rossell\u00f3","venta_directa":"","relacio_proveidors":null,"tipus_establiment":["ramader"],"productes":[]},"_links":{"self":[{"href":"https:\/\/www.ramatsdefoc.org\/es\/wp-json\/wp\/v2\/fitxa_cataleg\/1286","targetHints":{"allow":["GET"]}}],"collection":[{"href":"https:\/\/www.ramatsdefoc.org\/es\/wp-json\/wp\/v2\/fitxa_cataleg"}],"about":[{"href":"https:\/\/www.ramatsdefoc.org\/es\/wp-json\/wp\/v2\/types\/fitxa_cataleg"}],"wp:featuredmedia":[{"embeddable":true,"href":"https:\/\/www.ramatsdefoc.org\/es\/wp-json\/wp\/v2\/media\/772"}],"wp:attachment":[{"href":"https:\/\/www.ramatsdefoc.org\/es\/wp-json\/wp\/v2\/media?parent=1286"}],"wp:term":[{"taxonomy":"activitat","embeddable":true,"href":"https:\/\/www.ramatsdefoc.org\/es\/wp-json\/wp\/v2\/activitat?post=1286"},{"taxonomy":"producte","embeddable":true,"href":"https:\/\/www.ramatsdefoc.org\/es\/wp-json\/wp\/v2\/producte?post=1286"}],"curies":[{"name":"wp","href":"https:\/\/api.w.org\/{rel}","templated":true}]}}

Miguel Ángel y Juan Antonio

<p>Miguel Ángel continúa con la actividad ganadera de la familia con la explotación de 600 cabras de raza florecida y malagueña. Su padre, en Juan Antonio, llevas las 1.100 ovejas&nbsp;segureñas&nbsp;y&nbsp;rolla&nbsp;del&nbsp;rosselló. Los dos rebaños pastan desde hace generaciones por los bosques de pinar y chaparral de la zona de&nbsp;Sobrestany&nbsp;y por la montaña pública en los alrededores del&nbsp;Montgrí, las dos con un especial riesgo de incendio.</p>

Ullà

Baix Empordà

600 cabres de raça florida i malaguenya i 1.100 ovelles segurenyes i rolla del rosselló
