{"id":1241,"date":"2022-07-19T16:52:33","date_gmt":"2022-07-19T14:52:33","guid":{"rendered":"https:\/\/www.ramatsdefoc.org\/?post_type=fitxa_cataleg&#038;p=1241"},"modified":"2025-07-03T11:31:59","modified_gmt":"2025-07-03T09:31:59","slug":"marc","status":"publish","type":"fitxa_cataleg","link":"https:\/\/www.ramatsdefoc.org\/es\/fitxa_cataleg\/marc\/","title":{"rendered":"Marc Castillo"},"content":{"rendered":"\n<p>Marc tiene un reba\u00f1o de ovejas ripollesas y algunas cabras que ya eran de su padre. El reba\u00f1o pasta diferentes zonas forestales en los alrededores de Mai\u00e0 de Montcal y Beuda, mayoritariamente bosques de encina y de pino. Uno de estos bosques es lo del Cerro de Can Encina y alrededores, bosque de pino carrasco con lentisco y zarzaparrillas de Espa\u00f1a, zona de especial importancia para la gesti\u00f3n del riesgo de incendios forestales. Tambi\u00e9n hace el mantenimiento de una parte de la franja de seguridad de Beuda. <\/p>\n","protected":false},"featured_media":760,"template":"","activitat":[177],"producte":[183],"class_list":["post-1241","fitxa_cataleg","type-fitxa_cataleg","status-publish","has-post-thumbnail","hentry","activitat-ganadero-a","producte-cordero","resize-featured-image"],"acf":{"localitat":"Mai\u00e0 de Montcal","comarca":"Garrotxa","certificacio_ecologica":"si","telefon":"697 66 32 47","email":"","pagina_web":"","ramat":"Ramat d\u2019ovelles Ripolleses","venta_directa":"si","relacio_proveidors":[4598,1394],"tipus_establiment":["ramader"],"productes":[]},"_links":{"self":[{"href":"https:\/\/www.ramatsdefoc.org\/es\/wp-json\/wp\/v2\/fitxa_cataleg\/1241","targetHints":{"allow":["GET"]}}],"collection":[{"href":"https:\/\/www.ramatsdefoc.org\/es\/wp-json\/wp\/v2\/fitxa_cataleg"}],"about":[{"href":"https:\/\/www.ramatsdefoc.org\/es\/wp-json\/wp\/v2\/types\/fitxa_cataleg"}],"acf:post":[{"embeddable":true,"href":"https:\/\/www.ramatsdefoc.org\/es\/wp-json\/wp\/v2\/fitxa_cataleg\/4598"}],"wp:featuredmedia":[{"embeddable":true,"href":"https:\/\/www.ramatsdefoc.org\/es\/wp-json\/wp\/v2\/media\/760"}],"wp:attachment":[{"href":"https:\/\/www.ramatsdefoc.org\/es\/wp-json\/wp\/v2\/media?parent=1241"}],"wp:term":[{"taxonomy":"activitat","embeddable":true,"href":"https:\/\/www.ramatsdefoc.org\/es\/wp-json\/wp\/v2\/activitat?post=1241"},{"taxonomy":"producte","embeddable":true,"href":"https:\/\/www.ramatsdefoc.org\/es\/wp-json\/wp\/v2\/producte?post=1241"}],"curies":[{"name":"wp","href":"https:\/\/api.w.org\/{rel}","templated":true}]}}

<p>Marc tiene un rebaño de ovejas ripollesas y algunas cabras que ya eran de su padre. El rebaño pasta diferentes zonas forestales en los alrededores de Maià de Montcal y Beuda, mayoritariamente bosques de encina y de pino. Uno de estos bosques es lo del Cerro de Can Encina y alrededores, bosque de pino carrasco con lentisco y zarzaparrillas de España, zona de especial importancia para la gestión del riesgo de incendios forestales. También hace el mantenimiento de una parte de la franja de seguridad de Beuda. </p>

Maià de Montcal
