{"id":1228,"date":"2022-07-19T15:13:44","date_gmt":"2022-07-19T13:13:44","guid":{"rendered":"https:\/\/www.ramatsdefoc.org\/?post_type=fitxa_cataleg&#038;p=1228"},"modified":"2025-05-23T13:12:15","modified_gmt":"2025-05-23T11:12:15","slug":"manel","status":"publish","type":"fitxa_cataleg","link":"https:\/\/www.ramatsdefoc.org\/es\/fitxa_cataleg\/manel\/","title":{"rendered":"Manel Marc\u00e8 de Peralada &#8211; Mas Marc\u00e8"},"content":{"rendered":"\n<p>Peralada Mas&nbsp;Marc\u00e8&nbsp;est\u00e1 formado por una familia que hace m\u00e1s de 6 generaciones que se dedica a la ganader\u00eda, y que se ha especializado en la elaboraci\u00f3n de l\u00e1cticos ecol\u00f3gicos de oveja y de vaca, a la vez que tambi\u00e9n comercializan el cordero&nbsp;llet\u00f3. Disponen de tres reba\u00f1os de ovejas de raza&nbsp;ripollesa&nbsp;y raza&nbsp;lacona, uno de los cuales pasta en zonas de un alto riesgo de incendios durante todo el a\u00f1o, situadas en los municipios de Sant Climent Sescebes y Espolla (Alt Empord\u00e0).<\/p>\n","protected":false},"featured_media":745,"template":"","activitat":[177],"producte":[183,189,193],"class_list":["post-1228","fitxa_cataleg","type-fitxa_cataleg","status-publish","has-post-thumbnail","hentry","activitat-ganadero-a","producte-cordero","producte-quesos-de-oveja","producte-yogur-de-oveja","resize-featured-image"],"acf":{"localitat":"Siurana d'Empord\u00e0","comarca":"Alt Empord\u00e0","certificacio_ecologica":"si","telefon":"609 03 70 32","email":"masmarce@masmarce.com","pagina_web":"http:\/\/www.masmarce.com\/","ramat":"Tres ramats d\u2019ovelles de ra\u00e7a ripollesa i ra\u00e7a lacona.","venta_directa":"","relacio_proveidors":null,"tipus_establiment":["ramader"],"productes":[]},"_links":{"self":[{"href":"https:\/\/www.ramatsdefoc.org\/es\/wp-json\/wp\/v2\/fitxa_cataleg\/1228","targetHints":{"allow":["GET"]}}],"collection":[{"href":"https:\/\/www.ramatsdefoc.org\/es\/wp-json\/wp\/v2\/fitxa_cataleg"}],"about":[{"href":"https:\/\/www.ramatsdefoc.org\/es\/wp-json\/wp\/v2\/types\/fitxa_cataleg"}],"wp:featuredmedia":[{"embeddable":true,"href":"https:\/\/www.ramatsdefoc.org\/es\/wp-json\/wp\/v2\/media\/745"}],"wp:attachment":[{"href":"https:\/\/www.ramatsdefoc.org\/es\/wp-json\/wp\/v2\/media?parent=1228"}],"wp:term":[{"taxonomy":"activitat","embeddable":true,"href":"https:\/\/www.ramatsdefoc.org\/es\/wp-json\/wp\/v2\/activitat?post=1228"},{"taxonomy":"producte","embeddable":true,"href":"https:\/\/www.ramatsdefoc.org\/es\/wp-json\/wp\/v2\/producte?post=1228"}],"curies":[{"name":"wp","href":"https:\/\/api.w.org\/{rel}","templated":true}]}}

Manel Marcè de Peralada &#8211; Mas Marcè

<p>Peralada Mas&nbsp;Marcè&nbsp;está formado por una familia que hace más de 6 generaciones que se dedica a la ganadería, y que se ha especializado en la elaboración de lácticos ecológicos de oveja y de vaca, a la vez que también comercializan el cordero&nbsp;lletó. Disponen de tres rebaños de ovejas de raza&nbsp;ripollesa&nbsp;y raza&nbsp;lacona, uno de los cuales pasta en zonas de un alto riesgo de incendios durante todo el año, situadas en los municipios de Sant Climent Sescebes y Espolla (Alt Empordà).</p>

Siurana d'Empordà

Alt Empordà

Tres ramats d’ovelles de raça ripollesa i raça lacona.
