{"id":1194,"date":"2022-07-15T12:47:48","date_gmt":"2022-07-15T10:47:48","guid":{"rendered":"https:\/\/www.ramatsdefoc.org\/?post_type=fitxa_cataleg&#038;p=1194"},"modified":"2024-07-11T16:39:08","modified_gmt":"2024-07-11T14:39:08","slug":"eugeni","status":"publish","type":"fitxa_cataleg","link":"https:\/\/www.ramatsdefoc.org\/es\/fitxa_cataleg\/eugeni\/","title":{"rendered":"Eugeni Sala"},"content":{"rendered":"\n<p>Situado en Verges, en el coraz\u00f3n del Baix Empord\u00e0, Eugeni&nbsp;Darnaculleta&nbsp;pasta una manada de medio millar de ovejas aut\u00f3ctonas que pastan habitualmente por la sombra de un sotobosque ralo y delimitan el per\u00edmetro de este bosque, de forma que se convierten en una medida de autoprotecci\u00f3n para una zona habitada y de cortijos aislados.<\/p>\n","protected":false},"featured_media":1193,"template":"","activitat":[177],"producte":[183],"class_list":["post-1194","fitxa_cataleg","type-fitxa_cataleg","status-publish","has-post-thumbnail","hentry","activitat-ganadero-a","producte-cordero","resize-featured-image"],"acf":{"localitat":"Verges","comarca":"Baix Empord\u00e0","certificacio_ecologica":"no","telefon":"645 92 41 64","email":"","pagina_web":"","ramat":"Ramat de mig miler d\u2019ovelles aut\u00f2ctones","venta_directa":"","relacio_proveidors":null,"tipus_establiment":["ramader"],"productes":["xai"]},"_links":{"self":[{"href":"https:\/\/www.ramatsdefoc.org\/es\/wp-json\/wp\/v2\/fitxa_cataleg\/1194","targetHints":{"allow":["GET"]}}],"collection":[{"href":"https:\/\/www.ramatsdefoc.org\/es\/wp-json\/wp\/v2\/fitxa_cataleg"}],"about":[{"href":"https:\/\/www.ramatsdefoc.org\/es\/wp-json\/wp\/v2\/types\/fitxa_cataleg"}],"wp:featuredmedia":[{"embeddable":true,"href":"https:\/\/www.ramatsdefoc.org\/es\/wp-json\/wp\/v2\/media\/1193"}],"wp:attachment":[{"href":"https:\/\/www.ramatsdefoc.org\/es\/wp-json\/wp\/v2\/media?parent=1194"}],"wp:term":[{"taxonomy":"activitat","embeddable":true,"href":"https:\/\/www.ramatsdefoc.org\/es\/wp-json\/wp\/v2\/activitat?post=1194"},{"taxonomy":"producte","embeddable":true,"href":"https:\/\/www.ramatsdefoc.org\/es\/wp-json\/wp\/v2\/producte?post=1194"}],"curies":[{"name":"wp","href":"https:\/\/api.w.org\/{rel}","templated":true}]}}

<p>Situado en Verges, en el corazón del Baix Empordà, Eugeni&nbsp;Darnaculleta&nbsp;pasta una manada de medio millar de ovejas autóctonas que pastan habitualmente por la sombra de un sotobosque ralo y delimitan el perímetro de este bosque, de forma que se convierten en una medida de autoprotección para una zona habitada y de cortijos aislados.</p>

Baix Empordà

Ramat de mig miler d’ovelles autòctones
