{"id":1175,"date":"2022-07-15T10:46:34","date_gmt":"2022-07-15T08:46:34","guid":{"rendered":"https:\/\/www.ramatsdefoc.org\/?post_type=fitxa_cataleg&#038;p=1175"},"modified":"2025-05-23T13:29:27","modified_gmt":"2025-05-23T11:29:27","slug":"lluis","status":"publish","type":"fitxa_cataleg","link":"https:\/\/www.ramatsdefoc.org\/es\/fitxa_cataleg\/lluis\/","title":{"rendered":"Llu\u00eds de la C\u00e0mara de Mu(DA)"},"content":{"rendered":"\n<p>La manada Mu(DA)\u00a0vive en libertad en el bosque y a los prados de Agullana y Darnius. La cr\u00eda se desarrolla respetando el comportamiento de los rumiantes, evitando el estr\u00e9s, sin necesidad de utilizar antibi\u00f3ticos de forma generalizada y aliment\u00e1ndose de los pastos y con forraje ecol\u00f3gico. La ganader\u00eda extensiva de Mu(DA) contribuye a reducir la carga de combustible de los bosques y a mantener los prados, facilitando as\u00ed la prevenci\u00f3n y la extinci\u00f3n de incendios todo el a\u00f1o<\/p>\n\n\n\n<p><\/p>\n","protected":false},"featured_media":1174,"template":"","activitat":[177],"producte":[187],"class_list":["post-1175","fitxa_cataleg","type-fitxa_cataleg","status-publish","has-post-thumbnail","hentry","activitat-ganadero-a","producte-ternera","resize-featured-image"],"acf":{"localitat":"Agullana","comarca":"Alt Empord\u00e0","certificacio_ecologica":"si","telefon":"647 20 91 35","email":" lluis@muda.cat","pagina_web":"http:\/\/www.muda.cat\/","ramat":"","venta_directa":"","relacio_proveidors":null,"tipus_establiment":["ramader"],"productes":["vedella"]},"_links":{"self":[{"href":"https:\/\/www.ramatsdefoc.org\/es\/wp-json\/wp\/v2\/fitxa_cataleg\/1175","targetHints":{"allow":["GET"]}}],"collection":[{"href":"https:\/\/www.ramatsdefoc.org\/es\/wp-json\/wp\/v2\/fitxa_cataleg"}],"about":[{"href":"https:\/\/www.ramatsdefoc.org\/es\/wp-json\/wp\/v2\/types\/fitxa_cataleg"}],"wp:featuredmedia":[{"embeddable":true,"href":"https:\/\/www.ramatsdefoc.org\/es\/wp-json\/wp\/v2\/media\/1174"}],"wp:attachment":[{"href":"https:\/\/www.ramatsdefoc.org\/es\/wp-json\/wp\/v2\/media?parent=1175"}],"wp:term":[{"taxonomy":"activitat","embeddable":true,"href":"https:\/\/www.ramatsdefoc.org\/es\/wp-json\/wp\/v2\/activitat?post=1175"},{"taxonomy":"producte","embeddable":true,"href":"https:\/\/www.ramatsdefoc.org\/es\/wp-json\/wp\/v2\/producte?post=1175"}],"curies":[{"name":"wp","href":"https:\/\/api.w.org\/{rel}","templated":true}]}}

Lluís de la Càmara de Mu(DA)

<p>La manada Mu(DA) vive en libertad en el bosque y a los prados de Agullana y Darnius. La cría se desarrolla respetando el comportamiento de los rumiantes, evitando el estrés, sin necesidad de utilizar antibióticos de forma generalizada y alimentándose de los pastos y con forraje ecológico. La ganadería extensiva de Mu(DA) contribuye a reducir la carga de combustible de los bosques y a mantener los prados, facilitando así la prevención y la extinción de incendios todo el año</p>



<p></p>

Alt Empordà
