{"id":1169,"date":"2022-06-29T19:37:10","date_gmt":"2022-06-29T17:37:10","guid":{"rendered":"https:\/\/www.ramatsdefoc.org\/?post_type=fitxa_cataleg&#038;p=1169"},"modified":"2025-05-23T13:52:52","modified_gmt":"2025-05-23T11:52:52","slug":"david-coll","status":"publish","type":"fitxa_cataleg","link":"https:\/\/www.ramatsdefoc.org\/es\/fitxa_cataleg\/david-coll\/","title":{"rendered":"David Coll"},"content":{"rendered":"\n<p>David Coll gestiona de manera ecol\u00f3gica, junto a su hijo Lluc, una manada de ovejas de leche de la raza\u00a0lacaune\u00a0que pacen prados y alcornocales del Macizo de las Salinas, en Agullana. Despu\u00e9s de que un incendio quemara gran parte de los bosques del t\u00e9rmino, comenz\u00f3\u00a0a introducir la ganader\u00eda extensiva como una manera m\u00e1s de gestionar el bosque y ahora sus ovejas pastan diariamente, y favoreciendo as\u00ed la gesti\u00f3n del territorio.<\/p>\n\n\n\n<p><\/p>\n","protected":false},"featured_media":4102,"template":"","activitat":[177],"producte":[183],"class_list":["post-1169","fitxa_cataleg","type-fitxa_cataleg","status-publish","has-post-thumbnail","hentry","activitat-ganadero-a","producte-cordero","resize-featured-image"],"acf":{"localitat":"Agullana","comarca":"Alt Empord\u00e0","certificacio_ecologica":"si","telefon":"626 97 01 88 \/ 607 20 78 96","email":"organicum.cat@gmail.com","pagina_web":"","ramat":"Ovelles ra\u00e7a lacaune","venta_directa":"","relacio_proveidors":null,"tipus_establiment":["ramader"],"productes":[]},"_links":{"self":[{"href":"https:\/\/www.ramatsdefoc.org\/es\/wp-json\/wp\/v2\/fitxa_cataleg\/1169","targetHints":{"allow":["GET"]}}],"collection":[{"href":"https:\/\/www.ramatsdefoc.org\/es\/wp-json\/wp\/v2\/fitxa_cataleg"}],"about":[{"href":"https:\/\/www.ramatsdefoc.org\/es\/wp-json\/wp\/v2\/types\/fitxa_cataleg"}],"wp:featuredmedia":[{"embeddable":true,"href":"https:\/\/www.ramatsdefoc.org\/es\/wp-json\/wp\/v2\/media\/4102"}],"wp:attachment":[{"href":"https:\/\/www.ramatsdefoc.org\/es\/wp-json\/wp\/v2\/media?parent=1169"}],"wp:term":[{"taxonomy":"activitat","embeddable":true,"href":"https:\/\/www.ramatsdefoc.org\/es\/wp-json\/wp\/v2\/activitat?post=1169"},{"taxonomy":"producte","embeddable":true,"href":"https:\/\/www.ramatsdefoc.org\/es\/wp-json\/wp\/v2\/producte?post=1169"}],"curies":[{"name":"wp","href":"https:\/\/api.w.org\/{rel}","templated":true}]}}

<p>David Coll gestiona de manera ecológica, junto a su hijo Lluc, una manada de ovejas de leche de la raza lacaune que pacen prados y alcornocales del Macizo de las Salinas, en Agullana. Después de que un incendio quemara gran parte de los bosques del término, comenzó a introducir la ganadería extensiva como una manera más de gestionar el bosque y ahora sus ovejas pastan diariamente, y favoreciendo así la gestión del territorio.</p>



<p></p>

Alt Empordà

Ovelles raça lacaune
