{"version":"1.0","provider_name":"Ramats de foc","provider_url":"https:\/\/www.ramatsdefoc.org\/es\/","author_name":"Ariadna","author_url":"https:\/\/www.ramatsdefoc.org\/es\/author\/ariadna\/","title":"Continuamos trabajando en Prades - Ramats de foc","type":"rich","width":600,"height":338,"html":"<blockquote class=\"wp-embedded-content\" data-secret=\"18b4L2kh7T\"><a href=\"https:\/\/www.ramatsdefoc.org\/es\/continuamos-trabajando-en-prades\/\">Continuamos trabajando en Prades<\/a><\/blockquote><iframe sandbox=\"allow-scripts\" security=\"restricted\" src=\"https:\/\/www.ramatsdefoc.org\/es\/continuamos-trabajando-en-prades\/embed\/#?secret=18b4L2kh7T\" width=\"600\" height=\"338\" title=\"\u00abContinuamos trabajando en Prades\u00bb \u2014 Ramats de foc\" data-secret=\"18b4L2kh7T\" frameborder=\"0\" marginwidth=\"0\" marginheight=\"0\" scrolling=\"no\" class=\"wp-embedded-content\"><\/iframe><script>\n\/*! This file is auto-generated *\/\n!function(d,l){\"use strict\";l.querySelector&&d.addEventListener&&\"undefined\"!=typeof URL&&(d.wp=d.wp||{},d.wp.receiveEmbedMessage||(d.wp.receiveEmbedMessage=function(e){var t=e.data;if((t||t.secret||t.message||t.value)&&!\/[^a-zA-Z0-9]\/.test(t.secret)){for(var s,r,n,a=l.querySelectorAll('iframe[data-secret=\"'+t.secret+'\"]'),o=l.querySelectorAll('blockquote[data-secret=\"'+t.secret+'\"]'),c=new RegExp(\"^https?:$\",\"i\"),i=0;i<o.length;i++)o[i].style.display=\"none\";for(i=0;i<a.length;i++)s=a[i],e.source===s.contentWindow&&(s.removeAttribute(\"style\"),\"height\"===t.message?(1e3<(r=parseInt(t.value,10))?r=1e3:~~r<200&&(r=200),s.height=r):\"link\"===t.message&&(r=new URL(s.getAttribute(\"src\")),n=new URL(t.value),c.test(n.protocol))&&n.host===r.host&&l.activeElement===s&&(d.top.location.href=t.value))}},d.addEventListener(\"message\",d.wp.receiveEmbedMessage,!1),l.addEventListener(\"DOMContentLoaded\",function(){for(var e,t,s=l.querySelectorAll(\"iframe.wp-embedded-content\"),r=0;r<s.length;r++)(t=(e=s[r]).getAttribute(\"data-secret\"))||(t=Math.random().toString(36).substring(2,12),e.src+=\"#?secret=\"+t,e.setAttribute(\"data-secret\",t)),e.contentWindow.postMessage({message:\"ready\",secret:t},\"*\")},!1)))}(window,document);\n<\/script>\n","thumbnail_url":"https:\/\/www.ramatsdefoc.org\/wp-content\/uploads\/2024\/12\/Prades.jpg","thumbnail_width":1600,"thumbnail_height":1200,"description":"Estos d\u00edas estamos hablando con ganaderos y ganaderas de Prades para unificar la silvopastura en las zonas de actuaci\u00f3n del proyecto Rumiar para conseguir mejorar la prevenci\u00f3n del riesgo de incendios forestales en las monta\u00f1as ... Llegir m\u00e9s"}

Estos días estamos hablando con ganaderos y ganaderas de Prades para unificar la silvopastura en las zonas de actuación del proyecto Rumiar para conseguir mejorar la prevención del riesgo de incendios forestales en las montañas ... Llegir més
