{"id":4562,"date":"2025-05-23T14:06:03","date_gmt":"2025-05-23T12:06:03","guid":{"rendered":"https:\/\/www.ramatsdefoc.org\/?post_type=fitxa_cataleg&#038;p=4562"},"modified":"2025-05-23T14:06:05","modified_gmt":"2025-05-23T12:06:05","slug":"les-cols","status":"publish","type":"fitxa_cataleg","link":"https:\/\/www.ramatsdefoc.org\/en\/fitxa_cataleg\/les-cols\/","title":{"rendered":"Les Cols"},"content":{"rendered":"\n<p>El restaurant Les Cols d&#8217;Olot col\u00b7labora amb el ramader Manel Marc\u00e8 de Mas Marc\u00e8 utilitzant els seus productes en l&#8217;elaboraci\u00f3 d&#8217;alguns dels plats. Manel est\u00e0 especialitzat en carn de xai llet\u00f3 i l\u00e0ctics ecol\u00f2gics d\u2019ovella ripollesa, elaborats de manera artesanal i amb un fort comprom\u00eds amb la sostenibilitat i la tradici\u00f3 del territori.<\/p>\n","protected":false},"featured_media":4563,"template":"","activitat":[173],"producte":[161],"class_list":["post-4562","fitxa_cataleg","type-fitxa_cataleg","status-publish","has-post-thumbnail","hentry","activitat-restauracio","producte-xai","resize-featured-image"],"acf":{"localitat":"Olot","comarca":"Garrotxa","certificacio_ecologica":"si","telefon":"+34 972 269 209","email":"LESCOLS@LESCOLS.COM","pagina_web":"https:\/\/www.lescols.com\/restaurant\/","ramat":"","venta_directa":"","relacio_proveidors":null,"tipus_establiment":["restauracio"],"productes":["xai"]},"_links":{"self":[{"href":"https:\/\/www.ramatsdefoc.org\/en\/wp-json\/wp\/v2\/fitxa_cataleg\/4562","targetHints":{"allow":["GET"]}}],"collection":[{"href":"https:\/\/www.ramatsdefoc.org\/en\/wp-json\/wp\/v2\/fitxa_cataleg"}],"about":[{"href":"https:\/\/www.ramatsdefoc.org\/en\/wp-json\/wp\/v2\/types\/fitxa_cataleg"}],"wp:featuredmedia":[{"embeddable":true,"href":"https:\/\/www.ramatsdefoc.org\/en\/wp-json\/wp\/v2\/media\/4563"}],"wp:attachment":[{"href":"https:\/\/www.ramatsdefoc.org\/en\/wp-json\/wp\/v2\/media?parent=4562"}],"wp:term":[{"taxonomy":"activitat","embeddable":true,"href":"https:\/\/www.ramatsdefoc.org\/en\/wp-json\/wp\/v2\/activitat?post=4562"},{"taxonomy":"producte","embeddable":true,"href":"https:\/\/www.ramatsdefoc.org\/en\/wp-json\/wp\/v2\/producte?post=4562"}],"curies":[{"name":"wp","href":"https:\/\/api.w.org\/{rel}","templated":true}]}}

<p>El restaurant Les Cols d&#8217;Olot col·labora amb el ramader Manel Marcè de Mas Marcè utilitzant els seus productes en l&#8217;elaboració d&#8217;alguns dels plats. Manel està especialitzat en carn de xai lletó i làctics ecològics d’ovella ripollesa, elaborats de manera artesanal i amb un fort compromís amb la sostenibilitat i la tradició del territori.</p>
